Rapporti Climatici in stile NOAA
Selezionare un Anno o un Mese
2024: Gen Feb Mar Apr Mag Giu Lug Ago Set Ott Nov Dic
2023: Gen Feb Mar Apr Mag Giu Lug Ago Set Ott Nov Dic
2022: Gen Feb Mar Apr Mag Giu Lug Ago Set Ott Nov Dic
2021: Gen Feb Mar Apr Mag Giu Lug Ago Set Ott Nov Dic
2020: Gen Feb Mar Apr Mag Giu Lug Ago Set Ott Nov Dic
2019: Gen Feb Mar Apr Mag Giu Lug Ago Set Ott Nov Dic
2018: Gen Feb Mar Apr Mag Giu Lug Ago Set Ott Nov Dic
2017: Gen Feb Mar Apr Mag Giu Lug Ago Set Ott Nov Dic
2016: Gen Feb Mar Apr Mag Giu Lug Ago Set Ott Nov Dic
2015: Gen Feb Mar Apr Mag Giu Lug Ago Set Ott Nov Dic
2014: Gen Feb Mar Apr Mag Giu Lug Ago Set Ott Nov Dic
2013: Gen Feb Mar Apr Mag Giu Lug Ago Set Ott Nov Dic
2012: Gen Feb Mar Apr Mag Giu Lug Ago Set Ott Nov Dic
2011: Gen Feb Mar Apr Mag Giu Lug Ago Set Ott Nov Dic
2010: Gen Feb Mar Apr Mag Giu Lug Ago Set Ott Nov Dic
2009: Gen Feb Mar Apr Mag Giu Lug Ago Set Ott Nov Dic
2008: Gen Feb Mar Apr Mag Giu Lug Ago Set Ott Nov Dic
2007: Gen Feb Mar Apr Mag Giu Lug Ago Set Ott Nov Dic
2006: Gen Feb Mar Apr Mag Giu Lug Ago Set Ott Nov Dic
2024: Gen Feb Mar Apr Mag Giu Lug Ago Set Ott Nov Dic
2023: Gen Feb Mar Apr Mag Giu Lug Ago Set Ott Nov Dic
2022: Gen Feb Mar Apr Mag Giu Lug Ago Set Ott Nov Dic
2021: Gen Feb Mar Apr Mag Giu Lug Ago Set Ott Nov Dic
2020: Gen Feb Mar Apr Mag Giu Lug Ago Set Ott Nov Dic
2019: Gen Feb Mar Apr Mag Giu Lug Ago Set Ott Nov Dic
2018: Gen Feb Mar Apr Mag Giu Lug Ago Set Ott Nov Dic
2017: Gen Feb Mar Apr Mag Giu Lug Ago Set Ott Nov Dic
2016: Gen Feb Mar Apr Mag Giu Lug Ago Set Ott Nov Dic
2015: Gen Feb Mar Apr Mag Giu Lug Ago Set Ott Nov Dic
2014: Gen Feb Mar Apr Mag Giu Lug Ago Set Ott Nov Dic
2013: Gen Feb Mar Apr Mag Giu Lug Ago Set Ott Nov Dic
2012: Gen Feb Mar Apr Mag Giu Lug Ago Set Ott Nov Dic
2011: Gen Feb Mar Apr Mag Giu Lug Ago Set Ott Nov Dic
2010: Gen Feb Mar Apr Mag Giu Lug Ago Set Ott Nov Dic
2009: Gen Feb Mar Apr Mag Giu Lug Ago Set Ott Nov Dic
2008: Gen Feb Mar Apr Mag Giu Lug Ago Set Ott Nov Dic
2007: Gen Feb Mar Apr Mag Giu Lug Ago Set Ott Nov Dic
2006: Gen Feb Mar Apr Mag Giu Lug Ago Set Ott Nov Dic
Archivio 2022 Luglio
Monthly Climatological Summary for lug 2022 Name: San Fruttuoso City: Genova State: Italy Elevation: 70 m Lat: N 44° 24' 32" Lon: E 008° 57' 37" Temperature (°C), Rain (mm), Wind Speed (km/h) Heat Cool Avg Mean Deg Deg Wind Dom Day Temp High Time Low Time Days Days Rain Speed High Time Dir ---------------------------------------------------------------------------------- 01 23.5 26.7 13:10 19.2 05:04 0.0 5.2 0.0 8.5 31.0 13:29 SSW 02 24.5 28.1 15:47 19.9 05:22 0.0 6.2 0.0 7.2 21.0 10:14 W 03 25.9 30.4 16:51 21.1 05:39 0.0 7.6 0.0 6.2 19.0 11:50 WSW 04 25.7 29.1 12:23 22.6 05:01 0.0 7.4 2.0 6.6 50.0 17:05 W 05 25.8 28.6 16:53 22.2 01:46 0.0 7.5 0.0 6.3 27.0 11:54 SSW 06 27.2 32.4 13:41 22.6 04:49 0.0 8.9 0.0 7.3 27.0 11:02 WNW 07 27.4 30.3 14:15 24.1 04:39 0.0 9.1 0.0 6.6 24.0 14:47 S 08 27.0 31.9 12:50 23.4 06:04 0.0 8.7 0.0 8.3 34.0 11:08 NNE 09 24.9 27.1 13:42 21.6 05:11 0.0 6.6 0.0 8.6 27.0 11:04 SW 10 24.7 27.4 13:54 21.3 05:10 0.0 6.4 0.0 7.7 24.0 12:54 SW 11 24.7 27.6 15:39 20.9 05:00 0.0 6.4 0.0 7.4 24.0 12:06 SW 12 25.4 27.4 11:58 22.7 04:03 0.0 7.1 0.0 7.2 26.0 12:06 SW 13 27.1 29.5 12:54 23.3 02:18 0.0 8.8 0.0 7.2 23.0 13:51 SW 14 26.5 28.8 11:10 23.7 05:54 0.0 8.2 0.0 7.2 23.0 13:03 WSW 15 25.6 28.3 13:53 21.9 05:26 0.0 7.3 0.0 8.8 29.0 15:54 S 16 26.1 28.4 13:54 23.2 05:11 0.0 7.8 0.0 6.8 24.0 13:54 SSW 17 27.9 30.9 13:37 23.3 04:31 0.0 9.6 0.0 6.8 23.0 11:13 SW 18 30.4 34.1 14:55 26.2 04:09 0.0 12.1 0.0 6.2 29.0 16:02 ESE 19 30.6 33.6 12:25 27.3 06:06 0.0 12.3 0.0 6.2 26.0 11:37 WSW 20 30.3 32.7 12:44 26.8 05:41 0.0 12.0 0.0 6.5 21.0 12:11 SW 21 27.7 29.6 11:27 24.7 05:44 0.0 9.4 0.0 8.1 27.0 12:27 S 22 27.2 29.7 14:05 24.3 05:39 0.0 8.9 0.0 6.9 23.0 13:00 SW 23 27.5 29.8 16:28 24.9 03:28 0.0 9.2 0.0 10.0 34.0 15:19 SE 24 27.2 29.4 13:54 25.2 08:48 0.0 8.9 5.8 4.6 21.0 13:35 SSE 25 27.4 29.4 12:57 25.4 03:38 0.0 9.1 0.0 7.1 24.0 12:14 SSW 26 27.7 29.6 14:51 25.6 06:01 0.0 9.4 0.0 8.6 35.0 10:29 SE 27 27.2 31.3 11:51 22.4 05:09 0.0 8.9 2.3 7.6 48.0 05:07 ESE 28 26.6 29.7 11:50 23.4 04:12 0.0 8.3 0.0 6.6 23.0 12:36 WSW 29 25.5 28.7 11:56 22.8 21:53 0.0 7.2 2.3 7.2 31.0 12:19 NNE 30 27.3 33.6 16:51 22.4 05:57 0.0 9.0 0.0 7.3 35.0 14:31 N 31 27.5 29.7 08:58 23.7 06:16 0.0 9.2 0.0 6.8 24.0 01:35 SSW ---------------------------------------------------------------------------------- 26.8 34.1 18 19.2 1 0.0 262.7 12.4 7.2 50.0 4 SSW Max >= 27.0 30 Max <= 5.0 0 Min <= 20.0 2 Min <= 0.0 0 Max Rain: 5.8 on day 24 Days of Rain: 4 (>= 0.2 mm) 4 (>= 2.0 mm) 0 (>= 20.0 mm) Heat Base: 18.3 Cool Base: 18.3 Method: Integration