Rapporti Climatici in stile NOAA
Selezionare un Anno o un Mese
2024: Gen Feb Mar Apr Mag Giu Lug Ago Set Ott Nov Dic
2023: Gen Feb Mar Apr Mag Giu Lug Ago Set Ott Nov Dic
2022: Gen Feb Mar Apr Mag Giu Lug Ago Set Ott Nov Dic
2021: Gen Feb Mar Apr Mag Giu Lug Ago Set Ott Nov Dic
2020: Gen Feb Mar Apr Mag Giu Lug Ago Set Ott Nov Dic
2019: Gen Feb Mar Apr Mag Giu Lug Ago Set Ott Nov Dic
2018: Gen Feb Mar Apr Mag Giu Lug Ago Set Ott Nov Dic
2017: Gen Feb Mar Apr Mag Giu Lug Ago Set Ott Nov Dic
2016: Gen Feb Mar Apr Mag Giu Lug Ago Set Ott Nov Dic
2015: Gen Feb Mar Apr Mag Giu Lug Ago Set Ott Nov Dic
2014: Gen Feb Mar Apr Mag Giu Lug Ago Set Ott Nov Dic
2013: Gen Feb Mar Apr Mag Giu Lug Ago Set Ott Nov Dic
2012: Gen Feb Mar Apr Mag Giu Lug Ago Set Ott Nov Dic
2011: Gen Feb Mar Apr Mag Giu Lug Ago Set Ott Nov Dic
2010: Gen Feb Mar Apr Mag Giu Lug Ago Set Ott Nov Dic
2009: Gen Feb Mar Apr Mag Giu Lug Ago Set Ott Nov Dic
2008: Gen Feb Mar Apr Mag Giu Lug Ago Set Ott Nov Dic
2007: Gen Feb Mar Apr Mag Giu Lug Ago Set Ott Nov Dic
2006: Gen Feb Mar Apr Mag Giu Lug Ago Set Ott Nov Dic
2024: Gen Feb Mar Apr Mag Giu Lug Ago Set Ott Nov Dic
2023: Gen Feb Mar Apr Mag Giu Lug Ago Set Ott Nov Dic
2022: Gen Feb Mar Apr Mag Giu Lug Ago Set Ott Nov Dic
2021: Gen Feb Mar Apr Mag Giu Lug Ago Set Ott Nov Dic
2020: Gen Feb Mar Apr Mag Giu Lug Ago Set Ott Nov Dic
2019: Gen Feb Mar Apr Mag Giu Lug Ago Set Ott Nov Dic
2018: Gen Feb Mar Apr Mag Giu Lug Ago Set Ott Nov Dic
2017: Gen Feb Mar Apr Mag Giu Lug Ago Set Ott Nov Dic
2016: Gen Feb Mar Apr Mag Giu Lug Ago Set Ott Nov Dic
2015: Gen Feb Mar Apr Mag Giu Lug Ago Set Ott Nov Dic
2014: Gen Feb Mar Apr Mag Giu Lug Ago Set Ott Nov Dic
2013: Gen Feb Mar Apr Mag Giu Lug Ago Set Ott Nov Dic
2012: Gen Feb Mar Apr Mag Giu Lug Ago Set Ott Nov Dic
2011: Gen Feb Mar Apr Mag Giu Lug Ago Set Ott Nov Dic
2010: Gen Feb Mar Apr Mag Giu Lug Ago Set Ott Nov Dic
2009: Gen Feb Mar Apr Mag Giu Lug Ago Set Ott Nov Dic
2008: Gen Feb Mar Apr Mag Giu Lug Ago Set Ott Nov Dic
2007: Gen Feb Mar Apr Mag Giu Lug Ago Set Ott Nov Dic
2006: Gen Feb Mar Apr Mag Giu Lug Ago Set Ott Nov Dic
Archivio 2022 Aprile
Monthly Climatological Summary for apr 2022 Name: San Fruttuoso City: Genova State: Italy Elevation: 70 m Lat: N 44° 24' 32" Lon: E 008° 57' 37" Temperature (°C), Rain (mm), Wind Speed (km/h) Heat Cool Avg Mean Deg Deg Wind Dom Day Temp High Time Low Time Days Days Rain Speed High Time Dir ---------------------------------------------------------------------------------- 01 11.5 14.1 12:26 8.7 23:17 6.8 0.0 7.1 12.3 55.0 18:07 SE 02 7.7 10.3 10:22 4.9 05:11 10.6 0.0 5.1 5.2 39.0 11:50 E 03 9.3 12.1 11:57 6.4 06:23 9.0 0.0 0.0 6.4 24.0 10:40 SSE 04 9.4 12.8 15:34 5.5 06:19 8.9 0.0 1.5 7.1 24.0 11:46 WSW 05 10.1 13.6 14:39 5.9 05:23 8.2 0.0 0.0 8.5 26.0 13:53 W 06 10.6 14.6 15:18 6.6 05:37 7.7 0.0 0.0 7.6 21.0 13:59 W 07 12.3 14.6 12:59 9.2 06:13 6.0 0.0 0.0 8.2 34.0 16:33 SE 08 14.6 17.4 13:07 11.5 04:25 3.7 0.0 0.0 12.6 50.0 11:35 ESE 09 14.8 18.8 15:54 9.6 23:53 3.5 0.0 0.0 10.0 60.0 21:58 NW 10 11.8 16.1 10:56 7.1 06:35 6.5 0.0 0.0 7.4 35.0 12:23 SW 11 11.1 14.4 14:13 6.7 06:14 7.2 0.0 0.0 9.2 31.0 12:41 W 12 11.9 15.0 16:13 7.8 06:00 6.4 0.0 0.0 7.7 23.0 12:12 WNW 13 16.1 20.7 16:06 9.9 05:36 2.8 0.6 0.0 6.0 31.0 23:50 NNW 14 18.7 23.5 13:33 13.9 06:09 1.0 1.4 0.0 8.4 39.0 11:11 N 15 18.9 21.6 08:55 16.2 23:38 0.3 1.0 0.0 6.2 24.0 00:27 E 16 19.5 23.4 15:08 14.7 01:57 0.4 1.6 0.0 6.4 34.0 07:11 NE 17 16.4 20.4 15:03 12.6 23:58 2.0 0.2 0.0 9.2 50.0 10:31 NNW 18 13.3 16.1 10:20 9.4 05:14 5.0 0.0 0.0 7.9 27.0 14:18 WSW 19 12.8 15.7 13:44 9.2 04:33 5.5 0.0 0.0 9.6 35.0 14:26 SE 20 14.8 16.4 16:42 13.2 05:29 3.5 0.0 0.0 5.2 24.0 21:34 S 21 13.3 15.3 14:43 11.4 23:46 5.0 0.0 15.2 7.9 37.0 23:30 N 22 13.2 16.9 15:14 10.8 04:53 5.1 0.0 0.5 9.1 40.0 01:00 NNW 23 13.9 15.3 12:35 11.9 23:58 4.4 0.0 13.5 15.5 60.0 23:46 SE 24 11.5 13.4 13:20 8.6 03:07 6.8 0.0 30.2 7.4 42.0 00:01 SE 25 14.2 16.4 09:48 11.2 00:00 4.1 0.0 0.0 9.1 34.0 10:01 SE 26 14.1 15.5 16:00 12.4 23:56 4.2 0.0 2.8 8.0 32.0 12:19 ESE 27 14.4 18.0 15:51 10.0 05:45 3.9 0.0 0.0 6.7 18.0 10:35 WNW 28 17.2 23.7 15:39 12.8 06:06 1.9 0.8 0.0 6.8 32.0 15:16 WNW 29 17.8 22.8 12:31 13.2 03:34 1.6 1.1 0.0 7.7 34.0 12:11 N 30 16.0 19.8 11:42 11.2 05:54 2.5 0.2 0.0 7.6 23.0 15:53 WNW ---------------------------------------------------------------------------------- 13.7 23.7 28 4.9 2 144.5 6.9 75.9 8.2 60.0 9 SW Max >= 27.0 0 Max <= 5.0 0 Min <= 20.0 30 Min <= 0.0 0 Max Rain: 30.2 on day 24 Days of Rain: 8 (>= 0.2 mm) 6 (>= 2.0 mm) 1 (>= 20.0 mm) Heat Base: 18.3 Cool Base: 18.3 Method: Integration