Rapporti Climatici in stile NOAA
Selezionare un Anno o un Mese
2024: Gen Feb Mar Apr Mag Giu Lug Ago Set Ott Nov Dic
2023: Gen Feb Mar Apr Mag Giu Lug Ago Set Ott Nov Dic
2022: Gen Feb Mar Apr Mag Giu Lug Ago Set Ott Nov Dic
2021: Gen Feb Mar Apr Mag Giu Lug Ago Set Ott Nov Dic
2020: Gen Feb Mar Apr Mag Giu Lug Ago Set Ott Nov Dic
2019: Gen Feb Mar Apr Mag Giu Lug Ago Set Ott Nov Dic
2018: Gen Feb Mar Apr Mag Giu Lug Ago Set Ott Nov Dic
2017: Gen Feb Mar Apr Mag Giu Lug Ago Set Ott Nov Dic
2016: Gen Feb Mar Apr Mag Giu Lug Ago Set Ott Nov Dic
2015: Gen Feb Mar Apr Mag Giu Lug Ago Set Ott Nov Dic
2014: Gen Feb Mar Apr Mag Giu Lug Ago Set Ott Nov Dic
2013: Gen Feb Mar Apr Mag Giu Lug Ago Set Ott Nov Dic
2012: Gen Feb Mar Apr Mag Giu Lug Ago Set Ott Nov Dic
2011: Gen Feb Mar Apr Mag Giu Lug Ago Set Ott Nov Dic
2010: Gen Feb Mar Apr Mag Giu Lug Ago Set Ott Nov Dic
2009: Gen Feb Mar Apr Mag Giu Lug Ago Set Ott Nov Dic
2008: Gen Feb Mar Apr Mag Giu Lug Ago Set Ott Nov Dic
2007: Gen Feb Mar Apr Mag Giu Lug Ago Set Ott Nov Dic
2006: Gen Feb Mar Apr Mag Giu Lug Ago Set Ott Nov Dic
2024: Gen Feb Mar Apr Mag Giu Lug Ago Set Ott Nov Dic
2023: Gen Feb Mar Apr Mag Giu Lug Ago Set Ott Nov Dic
2022: Gen Feb Mar Apr Mag Giu Lug Ago Set Ott Nov Dic
2021: Gen Feb Mar Apr Mag Giu Lug Ago Set Ott Nov Dic
2020: Gen Feb Mar Apr Mag Giu Lug Ago Set Ott Nov Dic
2019: Gen Feb Mar Apr Mag Giu Lug Ago Set Ott Nov Dic
2018: Gen Feb Mar Apr Mag Giu Lug Ago Set Ott Nov Dic
2017: Gen Feb Mar Apr Mag Giu Lug Ago Set Ott Nov Dic
2016: Gen Feb Mar Apr Mag Giu Lug Ago Set Ott Nov Dic
2015: Gen Feb Mar Apr Mag Giu Lug Ago Set Ott Nov Dic
2014: Gen Feb Mar Apr Mag Giu Lug Ago Set Ott Nov Dic
2013: Gen Feb Mar Apr Mag Giu Lug Ago Set Ott Nov Dic
2012: Gen Feb Mar Apr Mag Giu Lug Ago Set Ott Nov Dic
2011: Gen Feb Mar Apr Mag Giu Lug Ago Set Ott Nov Dic
2010: Gen Feb Mar Apr Mag Giu Lug Ago Set Ott Nov Dic
2009: Gen Feb Mar Apr Mag Giu Lug Ago Set Ott Nov Dic
2008: Gen Feb Mar Apr Mag Giu Lug Ago Set Ott Nov Dic
2007: Gen Feb Mar Apr Mag Giu Lug Ago Set Ott Nov Dic
2006: Gen Feb Mar Apr Mag Giu Lug Ago Set Ott Nov Dic
Archivio 2022 Marzo
Monthly Climatological Summary for mar 2022 Name: San Fruttuoso City: Genova State: Italy Elevation: 70 m Lat: N 44° 24' 32" Lon: E 008° 57' 37" Temperature (°C), Rain (mm), Wind Speed (km/h) Heat Cool Avg Mean Deg Deg Wind Dom Day Temp High Time Low Time Days Days Rain Speed High Time Dir ---------------------------------------------------------------------------------- 01 8.3 12.1 17:18 5.2 23:55 10.0 0.0 0.0 8.1 37.0 10:56 NNW 02 8.1 11.2 14:23 3.8 02:43 10.2 0.0 0.0 5.6 21.0 06:32 NW 03 10.1 12.3 15:01 7.6 06:59 8.2 0.0 0.0 6.7 21.0 13:46 SSE 04 10.9 13.2 14:29 9.0 07:36 7.4 0.0 0.0 5.8 31.0 15:19 SSE 05 9.7 12.4 13:44 7.2 23:46 8.6 0.0 0.0 7.2 35.0 14:48 NNW 06 7.7 11.0 15:47 4.4 06:41 10.6 0.0 0.0 7.5 35.0 14:00 NNW 07 8.2 13.3 16:18 3.7 04:12 10.1 0.0 0.0 6.9 26.0 17:50 NW 08 7.5 11.6 11:59 4.7 04:46 10.8 0.0 0.0 8.6 31.0 15:33 NNW 09 7.8 11.2 15:40 4.0 05:51 10.5 0.0 0.0 7.2 24.0 03:19 WNW 10 9.4 13.3 15:41 6.1 00:06 11.5 0.0 0.0 7.8 27.0 14:40 SE 11 10.4 13.3 11:36 7.2 03:46 9.5 0.0 0.0 ---- 31.0 14:29 W 12 8.6 11.1 16:44 7.2 23:51 9.2 0.0 0.0 9.3 39.0 15:46 N 13 8.9 12.6 14:30 5.7 06:01 9.3 0.0 0.0 7.2 31.0 01:27 N 14 8.2 10.6 20:15 6.0 06:19 10.1 0.0 3.0 8.8 39.0 01:32 N 15 12.0 14.5 11:07 9.9 00:30 6.3 0.0 0.0 5.4 29.0 01:11 NE 16 13.2 14.3 12:33 11.8 06:15 5.1 0.0 0.0 6.0 34.0 13:08 SE 17 13.5 15.6 13:35 12.3 23:51 4.8 0.0 0.0 8.1 40.0 16:22 NNW 18 14.1 18.2 14:58 11.9 02:10 4.2 0.0 0.0 7.8 35.0 06:06 N 19 13.5 17.1 14:48 10.6 07:03 4.8 0.0 0.0 8.4 50.0 12:15 NNW 20 11.6 16.3 16:32 7.0 06:58 6.7 0.0 0.0 8.3 32.0 11:46 NNW 21 11.7 14.9 16:52 8.5 05:52 6.6 0.0 0.0 7.4 32.0 17:29 NW 22 11.8 16.8 13:26 8.5 05:37 6.5 0.0 0.0 8.6 34.0 00:37 NNE 23 14.6 19.2 15:57 9.7 05:45 3.8 0.1 0.0 8.7 32.0 17:14 N 24 13.9 17.3 15:25 8.8 07:18 4.4 0.0 0.0 6.1 26.0 02:01 NE 25 12.3 16.5 15:33 7.3 06:52 6.0 0.0 0.0 6.7 18.0 12:30 WNW 26 14.5 18.7 19:52 8.4 06:21 3.8 0.0 0.0 6.0 18.0 07:25 NNW 27 17.2 19.9 13:32 12.2 02:44 1.5 0.4 0.0 7.9 32.0 15:20 N 28 17.4 21.1 13:57 11.9 23:57 1.7 0.8 0.0 6.7 23.0 00:23 N 29 12.7 15.1 12:28 9.6 06:40 5.6 0.0 0.0 8.7 31.0 12:00 SSE 30 12.1 13.2 10:03 11.3 00:29 6.2 0.0 10.2 4.7 26.0 18:45 NNW 31 12.9 17.3 15:10 10.4 06:26 5.4 0.0 7.1 7.5 35.0 15:27 NW ---------------------------------------------------------------------------------- 11.4 21.1 28 3.7 7 219.4 1.3 20.3 7.3 50.0 19 NNW Max >= 27.0 0 Max <= 5.0 0 Min <= 20.0 31 Min <= 0.0 0 Max Rain: 10.2 on day 30 Days of Rain: 3 (>= 0.2 mm) 3 (>= 2.0 mm) 0 (>= 20.0 mm) Heat Base: 18.3 Cool Base: 18.3 Method: Integration