Rapporti Climatici in stile NOAA
Selezionare un Anno o un Mese
2024: Gen Feb Mar Apr Mag Giu Lug Ago Set Ott Nov Dic
2023: Gen Feb Mar Apr Mag Giu Lug Ago Set Ott Nov Dic
2022: Gen Feb Mar Apr Mag Giu Lug Ago Set Ott Nov Dic
2021: Gen Feb Mar Apr Mag Giu Lug Ago Set Ott Nov Dic
2020: Gen Feb Mar Apr Mag Giu Lug Ago Set Ott Nov Dic
2019: Gen Feb Mar Apr Mag Giu Lug Ago Set Ott Nov Dic
2018: Gen Feb Mar Apr Mag Giu Lug Ago Set Ott Nov Dic
2017: Gen Feb Mar Apr Mag Giu Lug Ago Set Ott Nov Dic
2016: Gen Feb Mar Apr Mag Giu Lug Ago Set Ott Nov Dic
2015: Gen Feb Mar Apr Mag Giu Lug Ago Set Ott Nov Dic
2014: Gen Feb Mar Apr Mag Giu Lug Ago Set Ott Nov Dic
2013: Gen Feb Mar Apr Mag Giu Lug Ago Set Ott Nov Dic
2012: Gen Feb Mar Apr Mag Giu Lug Ago Set Ott Nov Dic
2011: Gen Feb Mar Apr Mag Giu Lug Ago Set Ott Nov Dic
2010: Gen Feb Mar Apr Mag Giu Lug Ago Set Ott Nov Dic
2009: Gen Feb Mar Apr Mag Giu Lug Ago Set Ott Nov Dic
2008: Gen Feb Mar Apr Mag Giu Lug Ago Set Ott Nov Dic
2007: Gen Feb Mar Apr Mag Giu Lug Ago Set Ott Nov Dic
2006: Gen Feb Mar Apr Mag Giu Lug Ago Set Ott Nov Dic
2024: Gen Feb Mar Apr Mag Giu Lug Ago Set Ott Nov Dic
2023: Gen Feb Mar Apr Mag Giu Lug Ago Set Ott Nov Dic
2022: Gen Feb Mar Apr Mag Giu Lug Ago Set Ott Nov Dic
2021: Gen Feb Mar Apr Mag Giu Lug Ago Set Ott Nov Dic
2020: Gen Feb Mar Apr Mag Giu Lug Ago Set Ott Nov Dic
2019: Gen Feb Mar Apr Mag Giu Lug Ago Set Ott Nov Dic
2018: Gen Feb Mar Apr Mag Giu Lug Ago Set Ott Nov Dic
2017: Gen Feb Mar Apr Mag Giu Lug Ago Set Ott Nov Dic
2016: Gen Feb Mar Apr Mag Giu Lug Ago Set Ott Nov Dic
2015: Gen Feb Mar Apr Mag Giu Lug Ago Set Ott Nov Dic
2014: Gen Feb Mar Apr Mag Giu Lug Ago Set Ott Nov Dic
2013: Gen Feb Mar Apr Mag Giu Lug Ago Set Ott Nov Dic
2012: Gen Feb Mar Apr Mag Giu Lug Ago Set Ott Nov Dic
2011: Gen Feb Mar Apr Mag Giu Lug Ago Set Ott Nov Dic
2010: Gen Feb Mar Apr Mag Giu Lug Ago Set Ott Nov Dic
2009: Gen Feb Mar Apr Mag Giu Lug Ago Set Ott Nov Dic
2008: Gen Feb Mar Apr Mag Giu Lug Ago Set Ott Nov Dic
2007: Gen Feb Mar Apr Mag Giu Lug Ago Set Ott Nov Dic
2006: Gen Feb Mar Apr Mag Giu Lug Ago Set Ott Nov Dic
Archivio 2022 Febbraio
Monthly Climatological Summary for feb 2022 Name: San Fruttuoso City: Genova State: Italy Elevation: 70 m Lat: N 44° 24' 32" Lon: E 008° 57' 37" Temperature (°C), Rain (mm), Wind Speed (km/h) Heat Cool Avg Mean Deg Deg Wind Dom Day Temp High Time Low Time Days Days Rain Speed High Time Dir ---------------------------------------------------------------------------------- 01 11.8 15.5 15:57 7.7 23:45 6.5 0.0 0.0 9.1 71.0 04:58 NW 02 10.7 16.4 15:07 5.8 04:50 7.6 0.0 0.0 5.6 19.0 10:11 NW 03 11.3 13.6 14:53 7.3 07:02 7.0 0.0 0.0 6.3 21.0 11:59 SE 04 12.1 13.3 14:04 10.7 08:41 6.2 0.0 3.6 5.9 24.0 14:08 SE 05 11.3 14.3 12:33 8.6 23:32 7.0 0.0 0.0 6.0 19.0 21:42 NW 06 10.3 13.7 13:26 6.7 05:20 8.0 0.0 0.0 10.2 32.0 14:22 SE 07 11.5 16.7 15:28 7.7 22:09 6.8 0.0 0.0 6.3 53.0 12:06 NNW 08 9.8 14.4 12:34 5.2 07:26 8.5 0.0 0.0 8.2 23.0 14:48 NNW 09 12.3 13.7 12:17 8.9 00:00 6.0 0.0 0.0 9.3 31.0 11:51 SE 10 12.5 13.0 11:51 12.2 23:53 5.8 0.0 0.0 15.5 42.0 12:26 SE 11 11.5 12.3 00:00 9.2 21:47 6.8 0.0 0.0 7.2 27.0 07:20 SE 12 10.1 12.5 11:18 7.4 23:57 8.2 0.0 0.0 9.0 40.0 14:29 NNW 13 8.5 12.3 16:56 5.7 06:45 9.8 0.0 0.0 6.8 29.0 01:08 N 14 6.8 8.4 05:08 4.1 21:24 11.5 0.0 17.5 7.6 42.0 20:20 N 15 5.6 9.8 17:37 2.9 04:35 12.7 0.0 9.1 9.4 50.0 02:25 NNW 16 8.4 12.6 11:58 4.5 07:49 9.9 0.0 0.0 7.2 23.0 13:28 NW 17 11.1 14.6 12:05 6.7 02:18 7.2 0.0 0.0 5.5 23.0 13:28 SE 18 11.3 13.3 21:44 8.0 03:50 7.0 0.0 0.5 10.7 37.0 16:18 ESE 19 12.7 13.4 15:52 10.9 23:54 5.6 0.0 3.3 7.6 34.0 00:02 SE 20 12.3 15.2 13:05 9.6 08:24 6.0 0.0 0.0 5.3 18.0 16:09 WNW 21 13.5 16.4 16:40 11.5 23:53 4.8 0.0 0.0 11.3 61.0 17:11 NNW 22 12.9 19.0 14:42 9.4 23:48 5.5 0.0 0.0 9.2 39.0 15:11 NW 23 10.7 14.8 13:14 6.6 06:11 7.6 0.0 0.0 6.3 18.0 06:06 NW 24 10.2 13.1 15:15 7.0 06:16 8.1 0.0 2.0 7.3 27.0 15:23 NNE 25 12.0 14.8 14:05 9.3 06:29 6.3 0.0 0.0 7.7 40.0 23:24 N 26 10.4 14.4 17:14 7.1 22:40 7.9 0.0 0.0 9.5 43.0 10:29 NNW 27 9.3 13.9 16:35 3.9 07:48 9.0 0.0 0.0 6.1 34.0 14:38 NNW 28 9.8 13.3 11:37 7.1 23:13 8.5 0.0 0.0 6.7 23.0 13:28 NW ---------------------------------------------------------------------------------- 10.7 19.0 22 2.9 15 211.8 0.0 36.0 8.0 71.0 1 N Max >= 27.0 0 Max <= 5.0 0 Min <= 20.0 28 Min <= 0.0 0 Max Rain: 17.5 on day 14 Days of Rain: 6 (>= 0.2 mm) 5 (>= 2.0 mm) 0 (>= 20.0 mm) Heat Base: 18.3 Cool Base: 18.3 Method: Integration