Rapporti Climatici in stile NOAA
Selezionare un Anno o un Mese
2024: Gen Feb Mar Apr Mag Giu Lug Ago Set Ott Nov Dic
2023: Gen Feb Mar Apr Mag Giu Lug Ago Set Ott Nov Dic
2022: Gen Feb Mar Apr Mag Giu Lug Ago Set Ott Nov Dic
2021: Gen Feb Mar Apr Mag Giu Lug Ago Set Ott Nov Dic
2020: Gen Feb Mar Apr Mag Giu Lug Ago Set Ott Nov Dic
2019: Gen Feb Mar Apr Mag Giu Lug Ago Set Ott Nov Dic
2018: Gen Feb Mar Apr Mag Giu Lug Ago Set Ott Nov Dic
2017: Gen Feb Mar Apr Mag Giu Lug Ago Set Ott Nov Dic
2016: Gen Feb Mar Apr Mag Giu Lug Ago Set Ott Nov Dic
2015: Gen Feb Mar Apr Mag Giu Lug Ago Set Ott Nov Dic
2014: Gen Feb Mar Apr Mag Giu Lug Ago Set Ott Nov Dic
2013: Gen Feb Mar Apr Mag Giu Lug Ago Set Ott Nov Dic
2012: Gen Feb Mar Apr Mag Giu Lug Ago Set Ott Nov Dic
2011: Gen Feb Mar Apr Mag Giu Lug Ago Set Ott Nov Dic
2010: Gen Feb Mar Apr Mag Giu Lug Ago Set Ott Nov Dic
2009: Gen Feb Mar Apr Mag Giu Lug Ago Set Ott Nov Dic
2008: Gen Feb Mar Apr Mag Giu Lug Ago Set Ott Nov Dic
2007: Gen Feb Mar Apr Mag Giu Lug Ago Set Ott Nov Dic
2006: Gen Feb Mar Apr Mag Giu Lug Ago Set Ott Nov Dic
2024: Gen Feb Mar Apr Mag Giu Lug Ago Set Ott Nov Dic
2023: Gen Feb Mar Apr Mag Giu Lug Ago Set Ott Nov Dic
2022: Gen Feb Mar Apr Mag Giu Lug Ago Set Ott Nov Dic
2021: Gen Feb Mar Apr Mag Giu Lug Ago Set Ott Nov Dic
2020: Gen Feb Mar Apr Mag Giu Lug Ago Set Ott Nov Dic
2019: Gen Feb Mar Apr Mag Giu Lug Ago Set Ott Nov Dic
2018: Gen Feb Mar Apr Mag Giu Lug Ago Set Ott Nov Dic
2017: Gen Feb Mar Apr Mag Giu Lug Ago Set Ott Nov Dic
2016: Gen Feb Mar Apr Mag Giu Lug Ago Set Ott Nov Dic
2015: Gen Feb Mar Apr Mag Giu Lug Ago Set Ott Nov Dic
2014: Gen Feb Mar Apr Mag Giu Lug Ago Set Ott Nov Dic
2013: Gen Feb Mar Apr Mag Giu Lug Ago Set Ott Nov Dic
2012: Gen Feb Mar Apr Mag Giu Lug Ago Set Ott Nov Dic
2011: Gen Feb Mar Apr Mag Giu Lug Ago Set Ott Nov Dic
2010: Gen Feb Mar Apr Mag Giu Lug Ago Set Ott Nov Dic
2009: Gen Feb Mar Apr Mag Giu Lug Ago Set Ott Nov Dic
2008: Gen Feb Mar Apr Mag Giu Lug Ago Set Ott Nov Dic
2007: Gen Feb Mar Apr Mag Giu Lug Ago Set Ott Nov Dic
2006: Gen Feb Mar Apr Mag Giu Lug Ago Set Ott Nov Dic
Archivio 2021 Aprile
Monthly Climatological Summary for apr 2021 Name: San Fruttuoso City: Genova State: Italy Elevation: 70 m Lat: N 44° 24' 32" Lon: E 008° 57' 37" Temperature (°C), Rain (mm), Wind Speed (km/h) Heat Cool Avg Mean Deg Deg Wind Dom Day Temp High Time Low Time Days Days Rain Speed High Time Dir ---------------------------------------------------------------------------------- 01 14.8 17.8 09:42 12.0 05:19 3.5 0.0 0.0 4.9 19.3 10:57 SSE 02 13.7 16.4 14:05 10.6 04:53 4.6 0.0 0.0 7.9 25.7 15:37 SSW 03 14.3 16.7 12:59 10.4 05:34 4.0 0.0 0.3 6.5 23.0 12:00 W 04 14.0 17.7 11:56 10.6 23:54 4.3 0.0 0.0 7.6 35.0 12:08 NNE 05 12.1 15.1 13:17 8.8 06:18 6.2 0.0 0.0 9.3 31.0 13:43 SSE 06 13.7 17.7 15:24 7.8 23:58 4.6 0.0 0.0 7.2 39.0 10:23 NNW 07 8.9 13.1 17:13 5.5 04:05 9.4 0.0 0.0 9.7 51.0 15:56 NNW 08 9.9 13.7 13:38 4.4 05:24 8.4 0.0 0.0 11.4 40.0 15:11 S 09 12.4 14.3 14:01 9.6 23:49 5.9 0.0 0.0 11.5 37.0 13:12 SSE 10 12.1 14.5 15:15 9.8 00:01 6.2 0.0 27.7 6.7 34.0 18:07 E 11 10.6 12.8 17:00 8.3 08:23 7.7 0.0 71.9 8.7 37.0 06:35 N 12 12.0 13.8 16:20 10.7 10:28 6.3 0.0 18.8 4.2 24.0 10:22 NNE 13 12.4 16.7 16:46 8.9 23:59 5.9 0.0 0.0 8.2 37.0 14:00 NW 14 10.1 12.3 16:17 6.6 05:50 8.2 0.0 0.0 7.3 23.0 10:48 WNW 15 10.6 12.9 16:59 8.7 23:58 7.7 0.0 0.0 5.6 27.0 22:39 NNE 16 9.6 12.6 15:28 7.1 07:15 8.7 0.0 1.8 8.6 42.0 12:51 N 17 12.7 18.3 16:53 8.3 03:42 5.6 0.0 0.0 9.3 39.0 15:29 NNW 18 12.2 14.9 12:51 9.4 23:51 6.1 0.0 3.0 5.2 29.0 15:07 NNW 19 12.0 14.9 14:25 8.8 02:10 6.3 0.0 0.0 7.2 23.0 15:20 WNW 20 11.9 15.2 15:31 7.3 05:38 6.4 0.0 0.0 9.4 29.0 14:45 S 21 12.6 15.4 13:14 9.8 04:32 5.7 0.0 0.0 8.3 29.0 13:59 SSE 22 13.1 17.2 17:22 8.7 04:01 5.2 0.0 0.0 6.4 18.0 10:22 WNW 23 15.3 19.3 10:27 10.3 04:20 3.0 0.1 0.0 6.3 21.0 10:56 WNW 24 15.6 19.6 16:24 11.1 05:52 2.8 0.1 0.0 7.8 24.0 14:05 WNW 25 14.9 18.6 14:35 10.7 05:59 3.4 0.0 0.0 6.9 24.0 11:32 S 26 14.9 18.5 14:02 11.9 01:49 3.5 0.0 1.0 6.2 26.0 20:57 NW 27 13.8 15.9 16:50 12.4 03:14 4.5 0.0 2.0 6.9 32.0 12:58 N 28 14.5 17.3 11:50 13.3 05:51 3.8 0.0 0.8 5.3 27.0 06:44 NNE 29 14.3 15.3 11:53 13.5 05:37 4.0 0.0 4.1 8.7 34.0 17:44 SE 30 15.1 16.7 13:34 12.9 23:54 3.2 0.0 3.0 6.7 23.0 07:26 SE ---------------------------------------------------------------------------------- 12.8 19.6 24 4.4 8 165.1 0.2 134.4 7.5 51.0 7 NW Max >= 27.0 0 Max <= 5.0 0 Min <= 20.0 30 Min <= 0.0 0 Max Rain: 71.9 on day 11 Days of Rain: 11 (>= 0.2 mm) 7 (>= 2.0 mm) 2 (>= 20.0 mm) Heat Base: 18.3 Cool Base: 18.3 Method: Integration