Rapporti Climatici in stile NOAA
Selezionare un Anno o un Mese
2024: Gen Feb Mar Apr Mag Giu Lug Ago Set Ott Nov Dic
2023: Gen Feb Mar Apr Mag Giu Lug Ago Set Ott Nov Dic
2022: Gen Feb Mar Apr Mag Giu Lug Ago Set Ott Nov Dic
2021: Gen Feb Mar Apr Mag Giu Lug Ago Set Ott Nov Dic
2020: Gen Feb Mar Apr Mag Giu Lug Ago Set Ott Nov Dic
2019: Gen Feb Mar Apr Mag Giu Lug Ago Set Ott Nov Dic
2018: Gen Feb Mar Apr Mag Giu Lug Ago Set Ott Nov Dic
2017: Gen Feb Mar Apr Mag Giu Lug Ago Set Ott Nov Dic
2016: Gen Feb Mar Apr Mag Giu Lug Ago Set Ott Nov Dic
2015: Gen Feb Mar Apr Mag Giu Lug Ago Set Ott Nov Dic
2014: Gen Feb Mar Apr Mag Giu Lug Ago Set Ott Nov Dic
2013: Gen Feb Mar Apr Mag Giu Lug Ago Set Ott Nov Dic
2012: Gen Feb Mar Apr Mag Giu Lug Ago Set Ott Nov Dic
2011: Gen Feb Mar Apr Mag Giu Lug Ago Set Ott Nov Dic
2010: Gen Feb Mar Apr Mag Giu Lug Ago Set Ott Nov Dic
2009: Gen Feb Mar Apr Mag Giu Lug Ago Set Ott Nov Dic
2008: Gen Feb Mar Apr Mag Giu Lug Ago Set Ott Nov Dic
2007: Gen Feb Mar Apr Mag Giu Lug Ago Set Ott Nov Dic
2006: Gen Feb Mar Apr Mag Giu Lug Ago Set Ott Nov Dic
2024: Gen Feb Mar Apr Mag Giu Lug Ago Set Ott Nov Dic
2023: Gen Feb Mar Apr Mag Giu Lug Ago Set Ott Nov Dic
2022: Gen Feb Mar Apr Mag Giu Lug Ago Set Ott Nov Dic
2021: Gen Feb Mar Apr Mag Giu Lug Ago Set Ott Nov Dic
2020: Gen Feb Mar Apr Mag Giu Lug Ago Set Ott Nov Dic
2019: Gen Feb Mar Apr Mag Giu Lug Ago Set Ott Nov Dic
2018: Gen Feb Mar Apr Mag Giu Lug Ago Set Ott Nov Dic
2017: Gen Feb Mar Apr Mag Giu Lug Ago Set Ott Nov Dic
2016: Gen Feb Mar Apr Mag Giu Lug Ago Set Ott Nov Dic
2015: Gen Feb Mar Apr Mag Giu Lug Ago Set Ott Nov Dic
2014: Gen Feb Mar Apr Mag Giu Lug Ago Set Ott Nov Dic
2013: Gen Feb Mar Apr Mag Giu Lug Ago Set Ott Nov Dic
2012: Gen Feb Mar Apr Mag Giu Lug Ago Set Ott Nov Dic
2011: Gen Feb Mar Apr Mag Giu Lug Ago Set Ott Nov Dic
2010: Gen Feb Mar Apr Mag Giu Lug Ago Set Ott Nov Dic
2009: Gen Feb Mar Apr Mag Giu Lug Ago Set Ott Nov Dic
2008: Gen Feb Mar Apr Mag Giu Lug Ago Set Ott Nov Dic
2007: Gen Feb Mar Apr Mag Giu Lug Ago Set Ott Nov Dic
2006: Gen Feb Mar Apr Mag Giu Lug Ago Set Ott Nov Dic
Archivio 2021 Gennaio
Monthly Climatological Summary for gen 2021 Name: San Fruttuoso City: Genova State: Italy Elevation: 70 m Lat: N 44 24 33 Lon: E 008 57 37 Temperature (°C), Rain (mm), Wind Speed (km/h) Heat Cool Avg Mean Deg Deg Wind Dom Day Temp High Time Low Time Days Days Rain Speed High Time Dir ---------------------------------------------------------------------------------- 01 4.8 8.4 00:33 3.4 23:59 13.5 0.0 15.7 9.3 41.8 15:22 N 02 4.5 5.9 11:58 2.5 01:17 13.8 0.0 31.5 10.4 41.8 00:31 NNE 03 7.4 10.3 13:22 4.9 00:11 10.9 0.0 13.0 4.9 35.4 01:46 NNE 04 6.2 7.1 10:14 5.2 00:00 12.1 0.0 9.4 5.0 29.0 10:16 NNW 05 5.1 6.3 01:00 3.4 23:56 13.2 0.0 4.3 6.1 35.4 08:19 NNE 06 5.4 9.9 13:46 3.3 00:18 12.9 0.0 3.3 5.6 25.7 08:22 N 07 5.4 7.4 14:40 4.2 23:42 12.9 0.0 0.5 7.4 29.0 17:31 N 08 4.7 6.8 14:02 3.7 08:03 13.6 0.0 0.0 8.8 35.4 01:55 N 09 3.5 4.8 14:21 2.2 08:14 14.8 0.0 0.0 10.9 45.1 22:33 N 10 4.5 5.9 14:42 2.8 04:23 13.8 0.0 0.0 10.6 41.8 16:18 NNW 11 3.3 6.8 13:38 1.1 08:09 15.0 0.0 0.0 8.5 38.6 02:29 N 12 5.5 9.9 13:30 2.2 04:22 12.8 0.0 0.0 7.3 37.0 03:47 N 13 7.2 12.1 16:19 3.8 06:35 11.1 0.0 0.0 8.1 19.3 07:17 NW 14 9.0 13.6 13:19 4.9 00:43 9.3 0.0 0.0 7.0 20.9 23:14 NW 15 6.1 8.9 00:00 4.7 08:24 12.2 0.0 0.0 10.3 43.5 04:06 N 16 5.9 9.8 15:16 3.4 07:47 12.4 0.0 0.0 6.5 27.4 09:44 NNW 17 8.1 10.7 14:38 6.2 21:04 10.2 0.0 1.0 5.4 32.2 19:39 N 18 7.3 10.9 14:06 4.1 07:19 11.0 0.0 0.0 7.0 25.7 00:57 NNW 19 8.6 11.2 18:56 4.5 02:04 9.7 0.0 1.5 8.8 32.2 13:42 ESE 20 10.8 11.7 03:35 9.7 00:58 7.5 0.0 3.3 4.8 22.5 02:15 SE 21 8.8 11.7 23:54 6.7 07:55 9.5 0.0 9.4 8.3 35.4 03:22 NNW 22 11.1 12.9 09:04 4.9 23:58 7.2 0.0 71.1 9.9 49.9 01:01 SE 23 8.5 12.7 14:54 4.2 02:25 9.8 0.0 4.1 6.4 41.8 04:42 N 24 8.3 12.0 15:09 4.6 23:28 10.0 0.0 0.0 8.1 35.4 13:10 NNW 25 8.3 11.4 14:40 4.7 00:29 10.0 0.0 0.0 7.1 40.2 13:24 NNW 26 8.4 11.8 14:46 6.1 05:30 9.9 0.0 0.0 7.7 32.2 14:14 NNW 27 7.1 10.8 11:40 3.1 06:42 11.2 0.0 0.0 6.9 20.9 00:29 NNW 28 8.3 10.9 15:13 4.4 05:07 10.0 0.0 0.0 6.4 29.0 13:23 NNE 29 10.9 14.2 16:15 7.6 23:58 7.4 0.0 0.0 3.9 16.1 13:32 WNW 30 10.2 13.4 14:26 6.5 07:53 8.1 0.0 24.6 7.6 41.8 14:09 E 31 8.9 14.9 15:27 6.4 03:34 9.4 0.0 0.0 9.4 45.1 02:57 NNW ---------------------------------------------------------------------------------- 7.2 14.9 31 1.1 11 345.2 0.0 192.7 7.6 49.9 22 N Max >= 27.0 0 Max <= 5.0 1 Min <= 20.0 31 Min <= 0.0 0 Max Rain: 71.1 on day 22 Days of Rain: 14 (>= 0.2 mm) 11 (>= 2.0 mm) 3 (>= 20.0 mm) Heat Base: 18.3 Cool Base: 18.3 Method: Integration