Rapporti Climatici in stile NOAA
Selezionare un Anno o un Mese
2024: Gen Feb Mar Apr Mag Giu Lug Ago Set Ott Nov Dic
2023: Gen Feb Mar Apr Mag Giu Lug Ago Set Ott Nov Dic
2022: Gen Feb Mar Apr Mag Giu Lug Ago Set Ott Nov Dic
2021: Gen Feb Mar Apr Mag Giu Lug Ago Set Ott Nov Dic
2020: Gen Feb Mar Apr Mag Giu Lug Ago Set Ott Nov Dic
2019: Gen Feb Mar Apr Mag Giu Lug Ago Set Ott Nov Dic
2018: Gen Feb Mar Apr Mag Giu Lug Ago Set Ott Nov Dic
2017: Gen Feb Mar Apr Mag Giu Lug Ago Set Ott Nov Dic
2016: Gen Feb Mar Apr Mag Giu Lug Ago Set Ott Nov Dic
2015: Gen Feb Mar Apr Mag Giu Lug Ago Set Ott Nov Dic
2014: Gen Feb Mar Apr Mag Giu Lug Ago Set Ott Nov Dic
2013: Gen Feb Mar Apr Mag Giu Lug Ago Set Ott Nov Dic
2012: Gen Feb Mar Apr Mag Giu Lug Ago Set Ott Nov Dic
2011: Gen Feb Mar Apr Mag Giu Lug Ago Set Ott Nov Dic
2010: Gen Feb Mar Apr Mag Giu Lug Ago Set Ott Nov Dic
2009: Gen Feb Mar Apr Mag Giu Lug Ago Set Ott Nov Dic
2008: Gen Feb Mar Apr Mag Giu Lug Ago Set Ott Nov Dic
2007: Gen Feb Mar Apr Mag Giu Lug Ago Set Ott Nov Dic
2006: Gen Feb Mar Apr Mag Giu Lug Ago Set Ott Nov Dic
2024: Gen Feb Mar Apr Mag Giu Lug Ago Set Ott Nov Dic
2023: Gen Feb Mar Apr Mag Giu Lug Ago Set Ott Nov Dic
2022: Gen Feb Mar Apr Mag Giu Lug Ago Set Ott Nov Dic
2021: Gen Feb Mar Apr Mag Giu Lug Ago Set Ott Nov Dic
2020: Gen Feb Mar Apr Mag Giu Lug Ago Set Ott Nov Dic
2019: Gen Feb Mar Apr Mag Giu Lug Ago Set Ott Nov Dic
2018: Gen Feb Mar Apr Mag Giu Lug Ago Set Ott Nov Dic
2017: Gen Feb Mar Apr Mag Giu Lug Ago Set Ott Nov Dic
2016: Gen Feb Mar Apr Mag Giu Lug Ago Set Ott Nov Dic
2015: Gen Feb Mar Apr Mag Giu Lug Ago Set Ott Nov Dic
2014: Gen Feb Mar Apr Mag Giu Lug Ago Set Ott Nov Dic
2013: Gen Feb Mar Apr Mag Giu Lug Ago Set Ott Nov Dic
2012: Gen Feb Mar Apr Mag Giu Lug Ago Set Ott Nov Dic
2011: Gen Feb Mar Apr Mag Giu Lug Ago Set Ott Nov Dic
2010: Gen Feb Mar Apr Mag Giu Lug Ago Set Ott Nov Dic
2009: Gen Feb Mar Apr Mag Giu Lug Ago Set Ott Nov Dic
2008: Gen Feb Mar Apr Mag Giu Lug Ago Set Ott Nov Dic
2007: Gen Feb Mar Apr Mag Giu Lug Ago Set Ott Nov Dic
2006: Gen Feb Mar Apr Mag Giu Lug Ago Set Ott Nov Dic
Archivio 2020 Dicembre
Monthly Climatological Summary for dic 2020 Name: San Fruttuoso City: Genova State: Italy Elevation: 70 m Lat: N 44 24 33 Lon: E 008 57 37 Temperature (°C), Rain (mm), Wind Speed (km/h) Heat Cool Avg Mean Deg Deg Wind Dom Day Temp High Time Low Time Days Days Rain Speed High Time Dir ---------------------------------------------------------------------------------- 01 7.3 9.3 11:56 3.7 20:35 11.0 0.0 20.1 8.8 40.2 23:05 N 02 5.3 7.4 02:32 3.6 23:19 13.0 0.0 5.3 8.1 43.5 23:59 N 03 8.3 12.3 14:46 3.6 00:00 10.0 0.0 21.8 6.7 38.6 01:08 N 04 8.4 11.8 12:46 3.8 15:29 9.9 0.0 85.3 9.4 54.7 08:54 E 05 7.4 11.5 00:11 4.7 14:54 10.9 0.0 9.7 9.5 51.5 17:51 N 06 8.1 11.5 23:56 6.0 01:30 10.2 0.0 1.3 6.3 29.0 23:50 NNW 07 10.1 11.7 14:08 5.6 23:44 8.2 0.0 7.9 8.7 37.0 00:58 SSE 08 5.1 6.4 23:58 4.1 04:53 13.2 0.0 28.7 11.2 43.5 07:24 N 09 7.2 8.6 19:39 6.1 07:34 11.1 0.0 5.6 9.1 38.6 02:25 N 10 8.3 11.3 13:11 6.9 07:27 10.0 0.0 0.0 6.5 33.8 22:50 N 11 7.4 10.1 15:13 5.0 07:26 10.9 0.0 2.0 6.3 30.6 00:08 N 12 6.5 7.5 13:53 5.3 07:16 11.8 0.0 5.6 9.0 38.6 11:24 N 13 9.7 14.4 12:40 6.9 23:31 8.6 0.0 0.0 6.5 24.1 05:33 N 14 9.7 14.3 13:35 6.4 03:58 8.6 0.0 0.0 6.9 17.7 02:15 NW 15 11.4 14.3 14:50 9.8 03:04 6.9 0.0 0.0 5.1 20.9 04:44 NNW 16 10.2 11.2 01:30 9.2 08:50 8.1 0.0 2.3 6.7 30.6 22:38 N 17 11.9 13.1 12:56 10.4 00:00 6.4 0.0 0.0 5.8 29.0 22:05 NNE 18 10.6 12.3 02:47 9.1 12:13 7.7 0.0 20.8 7.5 27.4 05:55 NNE 19 10.8 11.5 02:24 9.3 23:46 7.5 0.0 15.7 6.6 25.7 00:39 N 20 9.4 10.6 21:53 8.5 07:09 8.9 0.0 34.0 8.7 29.0 00:26 NNE 21 11.2 12.6 13:23 9.4 04:37 7.1 0.0 1.0 5.8 22.5 00:07 NNW 22 12.7 14.1 12:27 10.9 02:37 5.6 0.0 1.3 4.5 24.1 14:18 ESE 23 13.5 14.4 23:20 12.7 15:11 4.8 0.0 5.6 8.5 33.8 21:42 SE 24 13.9 14.5 00:44 12.6 23:58 4.4 0.0 4.8 11.4 43.5 07:50 SE 25 8.0 12.6 00:00 4.8 17:05 10.3 0.0 6.6 8.7 54.7 14:49 N 26 7.7 10.7 14:57 6.0 23:37 10.6 0.0 0.0 8.2 38.6 07:39 NNW 27 7.2 10.6 22:52 4.0 08:13 11.1 0.0 0.5 6.8 33.8 23:21 NNE 28 4.8 10.8 23:19 0.6 07:47 13.5 0.0 23.1 9.2 49.9 03:40 N 29 10.1 11.5 04:12 6.3 23:57 8.2 0.0 0.3 9.7 45.1 04:11 SSE 30 6.7 9.4 14:52 5.2 01:44 11.6 0.0 0.0 6.9 33.8 20:07 NNE 31 7.0 9.9 15:24 3.6 06:39 11.3 0.0 0.8 6.2 29.0 17:17 N ---------------------------------------------------------------------------------- 8.9 14.5 24 0.6 28 291.4 0.0 310.1 7.7 54.7 4 NNE Max >= 27.0 0 Max <= 5.0 0 Min <= 20.0 31 Min <= 0.0 0 Max Rain: 85.3 on day 4 Days of Rain: 24 (>= 0.2 mm) 18 (>= 2.0 mm) 7 (>= 20.0 mm) Heat Base: 18.3 Cool Base: 18.3 Method: Integration