Rapporti Climatici in stile NOAA
Selezionare un Anno o un Mese
2024: Gen Feb Mar Apr Mag Giu Lug Ago Set Ott Nov Dic
2023: Gen Feb Mar Apr Mag Giu Lug Ago Set Ott Nov Dic
2022: Gen Feb Mar Apr Mag Giu Lug Ago Set Ott Nov Dic
2021: Gen Feb Mar Apr Mag Giu Lug Ago Set Ott Nov Dic
2020: Gen Feb Mar Apr Mag Giu Lug Ago Set Ott Nov Dic
2019: Gen Feb Mar Apr Mag Giu Lug Ago Set Ott Nov Dic
2018: Gen Feb Mar Apr Mag Giu Lug Ago Set Ott Nov Dic
2017: Gen Feb Mar Apr Mag Giu Lug Ago Set Ott Nov Dic
2016: Gen Feb Mar Apr Mag Giu Lug Ago Set Ott Nov Dic
2015: Gen Feb Mar Apr Mag Giu Lug Ago Set Ott Nov Dic
2014: Gen Feb Mar Apr Mag Giu Lug Ago Set Ott Nov Dic
2013: Gen Feb Mar Apr Mag Giu Lug Ago Set Ott Nov Dic
2012: Gen Feb Mar Apr Mag Giu Lug Ago Set Ott Nov Dic
2011: Gen Feb Mar Apr Mag Giu Lug Ago Set Ott Nov Dic
2010: Gen Feb Mar Apr Mag Giu Lug Ago Set Ott Nov Dic
2009: Gen Feb Mar Apr Mag Giu Lug Ago Set Ott Nov Dic
2008: Gen Feb Mar Apr Mag Giu Lug Ago Set Ott Nov Dic
2007: Gen Feb Mar Apr Mag Giu Lug Ago Set Ott Nov Dic
2006: Gen Feb Mar Apr Mag Giu Lug Ago Set Ott Nov Dic
2024: Gen Feb Mar Apr Mag Giu Lug Ago Set Ott Nov Dic
2023: Gen Feb Mar Apr Mag Giu Lug Ago Set Ott Nov Dic
2022: Gen Feb Mar Apr Mag Giu Lug Ago Set Ott Nov Dic
2021: Gen Feb Mar Apr Mag Giu Lug Ago Set Ott Nov Dic
2020: Gen Feb Mar Apr Mag Giu Lug Ago Set Ott Nov Dic
2019: Gen Feb Mar Apr Mag Giu Lug Ago Set Ott Nov Dic
2018: Gen Feb Mar Apr Mag Giu Lug Ago Set Ott Nov Dic
2017: Gen Feb Mar Apr Mag Giu Lug Ago Set Ott Nov Dic
2016: Gen Feb Mar Apr Mag Giu Lug Ago Set Ott Nov Dic
2015: Gen Feb Mar Apr Mag Giu Lug Ago Set Ott Nov Dic
2014: Gen Feb Mar Apr Mag Giu Lug Ago Set Ott Nov Dic
2013: Gen Feb Mar Apr Mag Giu Lug Ago Set Ott Nov Dic
2012: Gen Feb Mar Apr Mag Giu Lug Ago Set Ott Nov Dic
2011: Gen Feb Mar Apr Mag Giu Lug Ago Set Ott Nov Dic
2010: Gen Feb Mar Apr Mag Giu Lug Ago Set Ott Nov Dic
2009: Gen Feb Mar Apr Mag Giu Lug Ago Set Ott Nov Dic
2008: Gen Feb Mar Apr Mag Giu Lug Ago Set Ott Nov Dic
2007: Gen Feb Mar Apr Mag Giu Lug Ago Set Ott Nov Dic
2006: Gen Feb Mar Apr Mag Giu Lug Ago Set Ott Nov Dic
Archivio 2020 Ottobre
Monthly Climatological Summary for ott 2020 Name: San Fruttuoso City: Genova State: Italy Elevation: 70 m Lat: N 44 24 33 Lon: E 008 57 37 Temperature (°C), Rain (mm), Wind Speed (km/h) Heat Cool Avg Mean Deg Deg Wind Dom Day Temp High Time Low Time Days Days Rain Speed High Time Dir ---------------------------------------------------------------------------------- 01 18.4 20.3 13:06 16.6 00:00 0.6 0.7 27.4 8.2 41.8 21:30 S 02 20.0 21.6 22:54 16.5 08:02 0.2 1.8 49.0 24.3 77.2 20:25 SE 03 17.7 21.8 00:59 14.1 06:47 1.0 0.4 20.6 19.4 72.4 02:35 SSE 04 17.0 18.7 09:36 14.4 17:32 1.3 0.0 10.4 16.1 53.1 09:42 SSE 05 17.0 18.8 15:47 14.1 07:11 1.3 0.0 1.3 7.4 32.2 10:43 SE 06 17.6 19.1 09:12 14.6 05:18 0.9 0.1 0.0 6.8 37.0 18:42 ESE 07 18.4 23.3 14:37 13.9 07:24 1.3 1.5 0.0 7.5 38.6 11:59 NW 08 16.9 20.6 16:06 13.3 05:00 2.0 0.6 0.0 7.6 19.3 12:28 NW 09 16.4 19.8 12:05 13.1 06:07 2.2 0.3 0.0 8.2 20.9 11:24 NW 10 17.6 20.8 13:12 15.0 06:48 1.2 0.5 20.6 8.2 37.0 14:15 ESE 11 15.9 18.3 12:37 13.8 23:56 2.4 0.0 0.8 7.7 49.9 21:38 N 12 13.6 18.6 16:56 10.4 23:06 4.7 0.0 0.0 6.3 37.0 10:08 NNW 13 14.2 18.0 15:12 10.1 04:31 4.1 0.0 0.0 6.9 24.1 16:12 NNW 14 13.6 17.2 12:55 11.0 06:52 4.7 0.0 19.1 4.8 22.5 22:58 NNW 15 12.5 14.1 16:02 11.4 06:41 5.8 0.0 2.0 8.4 35.4 04:23 NNW 16 13.6 17.2 14:35 10.9 23:51 4.7 0.0 0.0 5.9 30.6 16:34 N 17 13.7 17.8 14:05 9.7 05:02 4.6 0.0 0.0 9.1 24.1 10:51 NNW 18 14.0 17.8 16:45 11.3 06:30 4.3 0.0 0.0 6.9 22.5 13:30 NW 19 14.1 18.2 14:52 10.9 05:25 4.2 0.0 0.0 8.0 20.9 13:52 NW 20 13.8 15.8 13:32 11.4 03:57 4.5 0.0 0.3 6.8 17.7 16:10 NNW 21 15.4 19.3 14:37 12.3 00:18 3.0 0.1 0.0 8.1 32.2 13:54 N 22 17.0 19.0 15:27 14.1 00:55 1.4 0.1 2.8 6.5 29.0 12:40 E 23 18.5 19.0 09:09 17.4 23:49 0.1 0.3 4.1 9.3 33.8 09:33 ESE 24 17.4 21.3 15:26 14.6 23:58 1.1 0.2 14.0 4.3 24.1 07:23 ENE 25 16.4 18.3 13:55 13.6 03:27 1.9 0.0 6.9 11.3 46.7 23:00 SE 26 16.6 18.1 06:28 14.8 17:47 1.7 0.0 47.0 19.3 66.0 12:00 SE 27 13.9 16.9 13:07 10.9 02:19 4.4 0.0 12.7 6.5 37.0 02:59 NW 28 13.7 17.9 14:40 10.3 07:04 4.6 0.0 0.0 7.9 22.5 14:13 NW 29 15.6 18.8 11:42 12.4 00:30 2.7 0.0 0.0 6.1 27.4 15:29 NNW 30 15.7 18.8 13:27 12.7 07:23 2.6 0.0 0.0 7.2 24.1 13:36 NW 31 15.9 17.4 12:51 13.8 01:03 2.4 0.0 0.0 5.7 16.1 13:47 NNW ---------------------------------------------------------------------------------- 15.9 23.3 7 9.7 17 81.9 6.6 239.0 8.9 77.2 2 NE Max >= 27.0 0 Max <= 5.0 0 Min <= 20.0 31 Min <= 0.0 0 Max Rain: 49.0 on day 2 Days of Rain: 16 (>= 0.2 mm) 13 (>= 2.0 mm) 5 (>= 20.0 mm) Heat Base: 18.3 Cool Base: 18.3 Method: Integration