Rapporti Climatici in stile NOAA
Selezionare un Anno o un Mese
2024: Gen Feb Mar Apr Mag Giu Lug Ago Set Ott Nov Dic
2023: Gen Feb Mar Apr Mag Giu Lug Ago Set Ott Nov Dic
2022: Gen Feb Mar Apr Mag Giu Lug Ago Set Ott Nov Dic
2021: Gen Feb Mar Apr Mag Giu Lug Ago Set Ott Nov Dic
2020: Gen Feb Mar Apr Mag Giu Lug Ago Set Ott Nov Dic
2019: Gen Feb Mar Apr Mag Giu Lug Ago Set Ott Nov Dic
2018: Gen Feb Mar Apr Mag Giu Lug Ago Set Ott Nov Dic
2017: Gen Feb Mar Apr Mag Giu Lug Ago Set Ott Nov Dic
2016: Gen Feb Mar Apr Mag Giu Lug Ago Set Ott Nov Dic
2015: Gen Feb Mar Apr Mag Giu Lug Ago Set Ott Nov Dic
2014: Gen Feb Mar Apr Mag Giu Lug Ago Set Ott Nov Dic
2013: Gen Feb Mar Apr Mag Giu Lug Ago Set Ott Nov Dic
2012: Gen Feb Mar Apr Mag Giu Lug Ago Set Ott Nov Dic
2011: Gen Feb Mar Apr Mag Giu Lug Ago Set Ott Nov Dic
2010: Gen Feb Mar Apr Mag Giu Lug Ago Set Ott Nov Dic
2009: Gen Feb Mar Apr Mag Giu Lug Ago Set Ott Nov Dic
2008: Gen Feb Mar Apr Mag Giu Lug Ago Set Ott Nov Dic
2007: Gen Feb Mar Apr Mag Giu Lug Ago Set Ott Nov Dic
2006: Gen Feb Mar Apr Mag Giu Lug Ago Set Ott Nov Dic
2024: Gen Feb Mar Apr Mag Giu Lug Ago Set Ott Nov Dic
2023: Gen Feb Mar Apr Mag Giu Lug Ago Set Ott Nov Dic
2022: Gen Feb Mar Apr Mag Giu Lug Ago Set Ott Nov Dic
2021: Gen Feb Mar Apr Mag Giu Lug Ago Set Ott Nov Dic
2020: Gen Feb Mar Apr Mag Giu Lug Ago Set Ott Nov Dic
2019: Gen Feb Mar Apr Mag Giu Lug Ago Set Ott Nov Dic
2018: Gen Feb Mar Apr Mag Giu Lug Ago Set Ott Nov Dic
2017: Gen Feb Mar Apr Mag Giu Lug Ago Set Ott Nov Dic
2016: Gen Feb Mar Apr Mag Giu Lug Ago Set Ott Nov Dic
2015: Gen Feb Mar Apr Mag Giu Lug Ago Set Ott Nov Dic
2014: Gen Feb Mar Apr Mag Giu Lug Ago Set Ott Nov Dic
2013: Gen Feb Mar Apr Mag Giu Lug Ago Set Ott Nov Dic
2012: Gen Feb Mar Apr Mag Giu Lug Ago Set Ott Nov Dic
2011: Gen Feb Mar Apr Mag Giu Lug Ago Set Ott Nov Dic
2010: Gen Feb Mar Apr Mag Giu Lug Ago Set Ott Nov Dic
2009: Gen Feb Mar Apr Mag Giu Lug Ago Set Ott Nov Dic
2008: Gen Feb Mar Apr Mag Giu Lug Ago Set Ott Nov Dic
2007: Gen Feb Mar Apr Mag Giu Lug Ago Set Ott Nov Dic
2006: Gen Feb Mar Apr Mag Giu Lug Ago Set Ott Nov Dic
Archivio 2020 Agosto
Monthly Climatological Summary for ago 2020 Name: San Fruttuoso City: Genova State: Italy Elevation: 70 m Lat: N 44 24 33 Lon: E 008 57 37 Temperature (°C), Rain (mm), Wind Speed (km/h) Heat Cool Avg Mean Deg Deg Wind Dom Day Temp High Time Low Time Days Days Rain Speed High Time Dir ---------------------------------------------------------------------------------- 01 27.0 29.4 23:55 24.6 04:35 0.0 8.7 0.0 6.1 30.6 23:59 SSW 02 27.3 29.4 00:31 24.7 06:15 0.0 9.0 1.0 6.6 48.3 00:33 SSW 03 23.7 27.2 13:32 21.5 23:57 0.0 5.4 3.3 6.1 32.2 01:34 NNW 04 24.3 29.2 16:21 20.8 02:33 0.0 6.0 0.3 7.5 40.2 02:18 NW 05 24.9 29.3 11:52 20.3 05:27 0.0 6.6 0.0 6.9 27.4 13:18 NW 06 26.4 31.7 15:46 21.7 00:48 0.0 8.1 0.0 6.9 25.7 12:25 NNW 07 27.7 30.5 15:17 23.9 05:05 0.0 9.4 0.0 6.5 19.3 13:24 W 08 28.6 33.1 15:08 23.9 03:42 0.0 10.3 0.0 7.3 19.3 05:10 WNW 09 28.2 31.9 12:59 23.7 04:52 0.0 9.9 0.0 8.0 20.9 05:40 WNW 10 27.3 30.6 10:31 23.7 06:11 0.0 9.0 0.0 6.0 19.3 12:31 W 11 26.1 28.2 13:44 23.5 06:11 0.0 7.8 0.0 6.6 22.5 14:13 SW 12 25.6 28.2 14:38 22.3 06:24 0.0 7.3 0.0 6.3 20.9 11:58 WSW 13 25.1 27.8 17:09 22.3 04:53 0.0 6.8 0.0 6.2 19.3 09:30 WNW 14 25.1 28.3 12:22 21.4 05:30 0.0 6.8 0.0 7.8 24.1 15:27 WSW 15 25.4 27.5 16:01 22.8 06:03 0.0 7.1 0.0 7.2 27.4 12:59 S 16 25.1 27.7 15:27 22.3 05:00 0.0 6.8 0.0 7.0 25.7 11:51 SW 17 23.2 25.1 12:37 21.4 04:58 0.0 4.9 10.4 7.7 40.2 12:55 E 18 24.8 27.1 11:04 22.6 23:56 0.0 6.5 0.3 5.8 24.1 13:57 S 19 24.4 27.2 14:15 21.1 05:56 0.0 6.1 0.0 8.6 29.0 14:17 SSE 20 24.7 26.9 16:17 21.7 05:52 0.0 6.4 0.0 6.9 25.7 11:35 SW 21 25.4 29.0 15:33 21.3 04:23 0.0 7.1 0.0 7.3 17.7 02:54 WNW 22 24.8 27.8 14:23 21.0 06:02 0.0 6.5 0.0 9.9 33.8 15:09 SSE 23 24.9 28.1 15:31 21.0 06:00 0.0 6.6 0.0 8.2 30.6 14:46 SSE 24 25.7 29.1 18:09 22.9 06:22 0.0 7.4 0.0 6.6 30.6 08:13 NNW 25 25.2 28.0 09:46 22.6 05:50 0.0 6.9 0.0 7.6 27.4 11:37 SSW 26 24.7 27.6 14:01 21.7 03:44 0.0 6.4 0.0 10.1 33.8 14:27 SE 27 24.9 27.5 12:45 21.8 06:20 0.0 6.6 0.0 8.1 29.0 13:11 S 28 24.9 27.2 11:16 23.4 06:16 0.0 6.6 0.3 12.8 43.5 11:46 SE 29 25.1 26.8 12:24 22.8 08:30 0.0 6.8 6.6 12.2 53.1 10:57 SE 30 23.2 24.4 00:06 20.9 06:23 0.0 4.9 0.3 14.4 48.3 08:53 SE 31 21.4 24.9 12:34 17.4 23:06 0.1 3.2 1.0 7.7 37.0 15:51 SE ---------------------------------------------------------------------------------- 25.3 33.1 8 17.4 31 0.1 217.9 23.5 7.8 53.1 29 SSW Max >= 27.0 26 Max <= 5.0 0 Min <= 20.0 1 Min <= 0.0 0 Max Rain: 10.4 on day 17 Days of Rain: 9 (>= 0.2 mm) 3 (>= 2.0 mm) 0 (>= 20.0 mm) Heat Base: 18.3 Cool Base: 18.3 Method: Integration