Rapporti Climatici in stile NOAA
Selezionare un Anno o un Mese
2024: Gen Feb Mar Apr Mag Giu Lug Ago Set Ott Nov Dic
2023: Gen Feb Mar Apr Mag Giu Lug Ago Set Ott Nov Dic
2022: Gen Feb Mar Apr Mag Giu Lug Ago Set Ott Nov Dic
2021: Gen Feb Mar Apr Mag Giu Lug Ago Set Ott Nov Dic
2020: Gen Feb Mar Apr Mag Giu Lug Ago Set Ott Nov Dic
2019: Gen Feb Mar Apr Mag Giu Lug Ago Set Ott Nov Dic
2018: Gen Feb Mar Apr Mag Giu Lug Ago Set Ott Nov Dic
2017: Gen Feb Mar Apr Mag Giu Lug Ago Set Ott Nov Dic
2016: Gen Feb Mar Apr Mag Giu Lug Ago Set Ott Nov Dic
2015: Gen Feb Mar Apr Mag Giu Lug Ago Set Ott Nov Dic
2014: Gen Feb Mar Apr Mag Giu Lug Ago Set Ott Nov Dic
2013: Gen Feb Mar Apr Mag Giu Lug Ago Set Ott Nov Dic
2012: Gen Feb Mar Apr Mag Giu Lug Ago Set Ott Nov Dic
2011: Gen Feb Mar Apr Mag Giu Lug Ago Set Ott Nov Dic
2010: Gen Feb Mar Apr Mag Giu Lug Ago Set Ott Nov Dic
2009: Gen Feb Mar Apr Mag Giu Lug Ago Set Ott Nov Dic
2008: Gen Feb Mar Apr Mag Giu Lug Ago Set Ott Nov Dic
2007: Gen Feb Mar Apr Mag Giu Lug Ago Set Ott Nov Dic
2006: Gen Feb Mar Apr Mag Giu Lug Ago Set Ott Nov Dic
2024: Gen Feb Mar Apr Mag Giu Lug Ago Set Ott Nov Dic
2023: Gen Feb Mar Apr Mag Giu Lug Ago Set Ott Nov Dic
2022: Gen Feb Mar Apr Mag Giu Lug Ago Set Ott Nov Dic
2021: Gen Feb Mar Apr Mag Giu Lug Ago Set Ott Nov Dic
2020: Gen Feb Mar Apr Mag Giu Lug Ago Set Ott Nov Dic
2019: Gen Feb Mar Apr Mag Giu Lug Ago Set Ott Nov Dic
2018: Gen Feb Mar Apr Mag Giu Lug Ago Set Ott Nov Dic
2017: Gen Feb Mar Apr Mag Giu Lug Ago Set Ott Nov Dic
2016: Gen Feb Mar Apr Mag Giu Lug Ago Set Ott Nov Dic
2015: Gen Feb Mar Apr Mag Giu Lug Ago Set Ott Nov Dic
2014: Gen Feb Mar Apr Mag Giu Lug Ago Set Ott Nov Dic
2013: Gen Feb Mar Apr Mag Giu Lug Ago Set Ott Nov Dic
2012: Gen Feb Mar Apr Mag Giu Lug Ago Set Ott Nov Dic
2011: Gen Feb Mar Apr Mag Giu Lug Ago Set Ott Nov Dic
2010: Gen Feb Mar Apr Mag Giu Lug Ago Set Ott Nov Dic
2009: Gen Feb Mar Apr Mag Giu Lug Ago Set Ott Nov Dic
2008: Gen Feb Mar Apr Mag Giu Lug Ago Set Ott Nov Dic
2007: Gen Feb Mar Apr Mag Giu Lug Ago Set Ott Nov Dic
2006: Gen Feb Mar Apr Mag Giu Lug Ago Set Ott Nov Dic
Archivio 2020 Luglio
Monthly Climatological Summary for lug 2020 Name: San Fruttuoso City: Genova State: Italy Elevation: 70 m Lat: N 44 24 33 Lon: E 008 57 37 Temperature (°C), Rain (mm), Wind Speed (km/h) Heat Cool Avg Mean Deg Deg Wind Dom Day Temp High Time Low Time Days Days Rain Speed High Time Dir ---------------------------------------------------------------------------------- 01 22.2 24.3 16:05 20.2 03:33 0.0 3.9 0.3 7.2 27.4 11:47 SW 02 23.1 25.6 11:49 19.3 05:08 0.0 4.8 0.3 6.8 25.7 00:02 SW 03 23.3 26.6 15:24 18.5 20:14 0.0 5.0 16.3 8.5 43.5 20:09 SE 04 23.2 29.6 15:45 19.4 06:17 0.0 4.9 0.0 10.7 41.8 00:24 NNW 05 24.4 28.1 18:56 20.6 05:07 0.0 6.1 0.0 6.5 19.3 09:53 WSW 06 24.5 27.6 16:05 21.1 05:43 0.0 6.2 0.0 6.0 17.7 10:48 SW 07 26.4 30.4 16:03 22.4 01:40 0.0 8.1 0.0 9.0 33.8 11:45 NW 08 23.9 26.7 10:04 20.8 05:00 0.0 5.6 0.0 7.4 30.6 02:43 WNW 09 23.9 27.4 16:38 20.4 05:06 0.0 5.6 0.0 6.5 22.5 11:11 SW 10 23.3 25.9 13:28 19.8 04:38 0.0 5.0 0.0 7.1 20.9 13:58 SW 11 23.7 26.4 13:47 20.7 04:53 0.0 5.4 0.0 8.6 35.4 13:19 SSE 12 26.0 31.0 15:40 21.7 02:06 0.0 7.7 0.0 9.3 46.7 11:25 NNW 13 25.8 29.4 15:46 22.7 06:25 0.0 7.5 0.0 7.8 32.2 10:16 NNW 14 23.8 25.9 13:43 21.7 05:22 0.0 5.5 0.0 6.3 25.7 15:31 WSW 15 23.2 25.9 14:31 20.2 23:58 0.0 4.9 0.0 7.3 29.0 14:05 SSE 16 22.5 25.4 14:33 18.8 05:26 0.0 4.2 0.0 8.4 30.6 11:47 S 17 23.3 26.3 15:50 19.6 05:54 0.0 5.0 0.0 6.8 22.5 13:03 SW 18 23.1 24.9 17:31 20.8 23:36 0.0 4.8 0.5 6.0 27.4 14:30 SW 19 22.9 25.7 14:57 19.4 05:16 0.0 4.6 0.0 7.6 27.4 11:01 SW 20 23.4 26.0 16:16 20.6 02:51 0.0 5.1 0.0 8.1 27.4 13:51 SSW 21 23.7 26.1 14:47 20.1 04:31 0.0 5.4 0.0 7.5 24.1 15:13 SW 22 24.7 27.1 12:39 22.4 05:48 0.0 6.4 2.0 5.9 29.0 20:55 SW 23 24.5 27.3 14:41 21.3 04:57 0.0 6.2 0.0 6.8 20.9 10:08 SW 24 23.9 29.4 11:25 20.0 12:44 0.0 5.6 9.7 6.8 56.3 12:22 NNW 25 22.9 26.1 16:53 18.3 05:32 0.0 4.6 0.0 7.2 27.4 12:47 S 26 23.6 26.3 16:25 19.5 03:59 0.0 5.3 0.0 9.2 29.0 12:15 SE 27 24.8 27.0 16:11 21.2 05:59 0.0 6.5 0.0 6.5 19.3 11:08 WSW 28 25.1 27.6 17:04 22.0 05:56 0.0 6.8 0.0 6.4 19.3 10:29 WSW 29 25.2 27.8 13:20 21.8 05:49 0.0 6.9 0.0 7.0 22.5 14:10 SW 30 26.3 29.9 17:25 22.8 04:56 0.0 8.0 0.0 5.9 22.5 11:14 WSW 31 26.8 29.3 15:00 24.1 05:37 0.0 8.5 0.0 5.4 20.9 12:38 SSW ---------------------------------------------------------------------------------- 24.1 31.0 12 18.3 25 0.0 180.1 29.1 7.3 56.3 24 SW Max >= 27.0 15 Max <= 5.0 0 Min <= 20.0 10 Min <= 0.0 0 Max Rain: 16.3 on day 3 Days of Rain: 6 (>= 0.2 mm) 3 (>= 2.0 mm) 0 (>= 20.0 mm) Heat Base: 18.3 Cool Base: 18.3 Method: Integration