Rapporti Climatici in stile NOAA
Selezionare un Anno o un Mese
2024: Gen Feb Mar Apr Mag Giu Lug Ago Set Ott Nov Dic
2023: Gen Feb Mar Apr Mag Giu Lug Ago Set Ott Nov Dic
2022: Gen Feb Mar Apr Mag Giu Lug Ago Set Ott Nov Dic
2021: Gen Feb Mar Apr Mag Giu Lug Ago Set Ott Nov Dic
2020: Gen Feb Mar Apr Mag Giu Lug Ago Set Ott Nov Dic
2019: Gen Feb Mar Apr Mag Giu Lug Ago Set Ott Nov Dic
2018: Gen Feb Mar Apr Mag Giu Lug Ago Set Ott Nov Dic
2017: Gen Feb Mar Apr Mag Giu Lug Ago Set Ott Nov Dic
2016: Gen Feb Mar Apr Mag Giu Lug Ago Set Ott Nov Dic
2015: Gen Feb Mar Apr Mag Giu Lug Ago Set Ott Nov Dic
2014: Gen Feb Mar Apr Mag Giu Lug Ago Set Ott Nov Dic
2013: Gen Feb Mar Apr Mag Giu Lug Ago Set Ott Nov Dic
2012: Gen Feb Mar Apr Mag Giu Lug Ago Set Ott Nov Dic
2011: Gen Feb Mar Apr Mag Giu Lug Ago Set Ott Nov Dic
2010: Gen Feb Mar Apr Mag Giu Lug Ago Set Ott Nov Dic
2009: Gen Feb Mar Apr Mag Giu Lug Ago Set Ott Nov Dic
2008: Gen Feb Mar Apr Mag Giu Lug Ago Set Ott Nov Dic
2007: Gen Feb Mar Apr Mag Giu Lug Ago Set Ott Nov Dic
2006: Gen Feb Mar Apr Mag Giu Lug Ago Set Ott Nov Dic
2024: Gen Feb Mar Apr Mag Giu Lug Ago Set Ott Nov Dic
2023: Gen Feb Mar Apr Mag Giu Lug Ago Set Ott Nov Dic
2022: Gen Feb Mar Apr Mag Giu Lug Ago Set Ott Nov Dic
2021: Gen Feb Mar Apr Mag Giu Lug Ago Set Ott Nov Dic
2020: Gen Feb Mar Apr Mag Giu Lug Ago Set Ott Nov Dic
2019: Gen Feb Mar Apr Mag Giu Lug Ago Set Ott Nov Dic
2018: Gen Feb Mar Apr Mag Giu Lug Ago Set Ott Nov Dic
2017: Gen Feb Mar Apr Mag Giu Lug Ago Set Ott Nov Dic
2016: Gen Feb Mar Apr Mag Giu Lug Ago Set Ott Nov Dic
2015: Gen Feb Mar Apr Mag Giu Lug Ago Set Ott Nov Dic
2014: Gen Feb Mar Apr Mag Giu Lug Ago Set Ott Nov Dic
2013: Gen Feb Mar Apr Mag Giu Lug Ago Set Ott Nov Dic
2012: Gen Feb Mar Apr Mag Giu Lug Ago Set Ott Nov Dic
2011: Gen Feb Mar Apr Mag Giu Lug Ago Set Ott Nov Dic
2010: Gen Feb Mar Apr Mag Giu Lug Ago Set Ott Nov Dic
2009: Gen Feb Mar Apr Mag Giu Lug Ago Set Ott Nov Dic
2008: Gen Feb Mar Apr Mag Giu Lug Ago Set Ott Nov Dic
2007: Gen Feb Mar Apr Mag Giu Lug Ago Set Ott Nov Dic
2006: Gen Feb Mar Apr Mag Giu Lug Ago Set Ott Nov Dic
Archivio 2020 Giugnio
Monthly Climatological Summary for giu 2020 Name: San Fruttuoso City: Genova State: Italy Elevation: 70 m Lat: N 44 24 33 Lon: E 008 57 37 Temperature (°C), Rain (mm), Wind Speed (km/h) Heat Cool Avg Mean Deg Deg Wind Dom Day Temp High Time Low Time Days Days Rain Speed High Time Dir ---------------------------------------------------------------------------------- 01 19.3 22.6 09:07 15.1 04:47 0.7 1.7 0.0 7.5 24.1 10:39 W 02 20.1 23.5 14:28 15.8 05:35 0.5 2.3 0.0 7.7 20.9 15:29 SW 03 19.3 21.2 10:11 16.8 04:29 0.2 1.2 0.5 11.7 37.0 22:07 SE 04 17.9 19.6 01:01 15.6 10:43 0.6 0.2 29.0 10.2 38.6 07:20 SE 05 19.3 21.8 16:41 16.4 05:23 0.4 1.4 0.0 6.6 27.4 10:59 S 06 19.2 22.2 11:58 15.2 05:06 0.6 1.5 0.0 13.1 46.7 13:26 SE 07 18.7 20.1 16:47 17.6 10:20 0.1 0.5 34.5 14.9 51.5 09:46 SE 08 19.2 21.3 13:50 16.6 04:52 0.2 1.2 22.4 8.1 32.2 12:49 SE 09 19.2 21.1 08:34 16.8 03:03 0.2 1.1 0.0 7.8 33.8 11:42 SE 10 17.2 19.4 08:21 15.3 03:53 1.1 0.1 2.5 8.0 46.7 11:02 SSE 11 17.9 20.1 17:16 15.5 04:06 0.8 0.4 0.0 9.0 35.4 11:19 SE 12 19.3 22.7 16:02 15.3 04:39 0.7 1.7 0.0 9.0 32.2 11:49 SSE 13 19.1 22.2 11:13 16.2 04:55 0.3 1.1 2.3 9.1 37.0 15:53 SE 14 18.7 21.4 13:02 16.5 05:18 0.5 0.9 0.3 5.3 25.7 13:17 SSW 15 19.8 22.4 14:46 16.3 05:03 0.4 1.8 0.0 7.8 30.6 15:08 SSE 16 20.2 22.3 16:45 17.3 05:00 0.1 2.0 0.0 6.5 24.1 13:22 S 17 20.9 22.9 14:53 19.2 04:44 0.0 2.6 0.0 8.1 29.0 10:46 SE 18 20.3 21.9 08:57 19.4 05:04 0.0 2.0 0.0 10.8 38.6 09:07 SE 19 20.4 22.1 13:48 18.8 23:59 0.0 2.1 0.0 10.0 37.0 12:05 SE 20 20.0 22.4 16:53 16.0 05:42 0.4 2.0 0.0 7.1 24.1 13:21 SW 21 20.9 24.3 15:58 16.8 05:37 0.2 2.8 0.0 6.6 17.7 13:16 W 22 23.5 27.6 19:35 18.7 02:40 0.0 5.2 0.0 6.4 20.9 04:19 W 23 24.8 28.8 16:42 21.2 02:24 0.0 6.5 0.0 5.8 17.7 12:33 WSW 24 23.9 27.9 15:46 19.8 05:08 0.0 5.6 0.0 7.4 17.7 11:17 WSW 25 23.0 25.5 17:40 20.3 05:33 0.0 4.7 0.0 8.7 29.0 14:09 SW 26 23.0 26.0 15:57 20.1 01:11 0.0 4.7 0.0 7.6 22.5 12:31 WSW 27 23.3 26.9 18:01 18.8 04:33 0.0 5.0 0.0 7.8 20.9 10:42 WNW 28 23.3 26.2 13:24 19.3 04:54 0.0 5.0 0.0 7.9 24.1 13:49 SSW 29 23.7 25.8 18:09 19.8 04:46 0.0 5.4 0.0 11.0 37.0 11:46 SE 30 23.5 25.8 11:46 21.2 05:22 0.0 5.2 0.0 9.9 37.0 11:47 SE ---------------------------------------------------------------------------------- 20.6 28.8 23 15.1 1 8.0 77.9 91.5 8.6 51.5 7 SSE Max >= 27.0 3 Max <= 5.0 0 Min <= 20.0 26 Min <= 0.0 0 Max Rain: 34.5 on day 7 Days of Rain: 7 (>= 0.2 mm) 5 (>= 2.0 mm) 3 (>= 20.0 mm) Heat Base: 18.3 Cool Base: 18.3 Method: Integration