Rapporti Climatici in stile NOAA
Selezionare un Anno o un Mese
2024: Gen Feb Mar Apr Mag Giu Lug Ago Set Ott Nov Dic
2023: Gen Feb Mar Apr Mag Giu Lug Ago Set Ott Nov Dic
2022: Gen Feb Mar Apr Mag Giu Lug Ago Set Ott Nov Dic
2021: Gen Feb Mar Apr Mag Giu Lug Ago Set Ott Nov Dic
2020: Gen Feb Mar Apr Mag Giu Lug Ago Set Ott Nov Dic
2019: Gen Feb Mar Apr Mag Giu Lug Ago Set Ott Nov Dic
2018: Gen Feb Mar Apr Mag Giu Lug Ago Set Ott Nov Dic
2017: Gen Feb Mar Apr Mag Giu Lug Ago Set Ott Nov Dic
2016: Gen Feb Mar Apr Mag Giu Lug Ago Set Ott Nov Dic
2015: Gen Feb Mar Apr Mag Giu Lug Ago Set Ott Nov Dic
2014: Gen Feb Mar Apr Mag Giu Lug Ago Set Ott Nov Dic
2013: Gen Feb Mar Apr Mag Giu Lug Ago Set Ott Nov Dic
2012: Gen Feb Mar Apr Mag Giu Lug Ago Set Ott Nov Dic
2011: Gen Feb Mar Apr Mag Giu Lug Ago Set Ott Nov Dic
2010: Gen Feb Mar Apr Mag Giu Lug Ago Set Ott Nov Dic
2009: Gen Feb Mar Apr Mag Giu Lug Ago Set Ott Nov Dic
2008: Gen Feb Mar Apr Mag Giu Lug Ago Set Ott Nov Dic
2007: Gen Feb Mar Apr Mag Giu Lug Ago Set Ott Nov Dic
2006: Gen Feb Mar Apr Mag Giu Lug Ago Set Ott Nov Dic
2024: Gen Feb Mar Apr Mag Giu Lug Ago Set Ott Nov Dic
2023: Gen Feb Mar Apr Mag Giu Lug Ago Set Ott Nov Dic
2022: Gen Feb Mar Apr Mag Giu Lug Ago Set Ott Nov Dic
2021: Gen Feb Mar Apr Mag Giu Lug Ago Set Ott Nov Dic
2020: Gen Feb Mar Apr Mag Giu Lug Ago Set Ott Nov Dic
2019: Gen Feb Mar Apr Mag Giu Lug Ago Set Ott Nov Dic
2018: Gen Feb Mar Apr Mag Giu Lug Ago Set Ott Nov Dic
2017: Gen Feb Mar Apr Mag Giu Lug Ago Set Ott Nov Dic
2016: Gen Feb Mar Apr Mag Giu Lug Ago Set Ott Nov Dic
2015: Gen Feb Mar Apr Mag Giu Lug Ago Set Ott Nov Dic
2014: Gen Feb Mar Apr Mag Giu Lug Ago Set Ott Nov Dic
2013: Gen Feb Mar Apr Mag Giu Lug Ago Set Ott Nov Dic
2012: Gen Feb Mar Apr Mag Giu Lug Ago Set Ott Nov Dic
2011: Gen Feb Mar Apr Mag Giu Lug Ago Set Ott Nov Dic
2010: Gen Feb Mar Apr Mag Giu Lug Ago Set Ott Nov Dic
2009: Gen Feb Mar Apr Mag Giu Lug Ago Set Ott Nov Dic
2008: Gen Feb Mar Apr Mag Giu Lug Ago Set Ott Nov Dic
2007: Gen Feb Mar Apr Mag Giu Lug Ago Set Ott Nov Dic
2006: Gen Feb Mar Apr Mag Giu Lug Ago Set Ott Nov Dic
Archivio 2020 Maggio
Monthly Climatological Summary for mag 2020 Name: San Fruttuoso City: Genova State: Italy Elevation: 70 m Lat: N 44 24 33 Lon: E 008 57 37 Temperature (°C), Rain (mm), Wind Speed (km/h) Heat Cool Avg Mean Deg Deg Wind Dom Day Temp High Time Low Time Days Days Rain Speed High Time Dir ---------------------------------------------------------------------------------- 01 16.0 18.3 11:53 13.6 06:32 2.3 0.0 0.3 8.0 40.2 10:37 ESE 02 16.5 21.6 15:55 13.5 05:51 2.1 0.3 0.0 6.5 20.9 13:51 SW 03 17.1 20.6 11:37 12.4 05:29 1.6 0.4 0.0 6.6 24.1 15:26 W 04 17.4 21.3 13:51 14.1 04:33 1.5 0.7 0.0 7.4 19.3 14:29 W 05 15.7 17.1 23:20 13.4 01:33 2.6 0.0 0.5 9.7 35.4 16:25 SE 06 18.3 20.7 18:27 15.8 05:48 0.7 0.6 0.0 5.6 19.3 11:19 SW 07 18.8 21.5 10:43 16.2 05:32 0.4 1.0 0.0 6.7 25.7 10:51 S 08 18.3 21.9 15:57 15.0 05:09 1.0 1.0 0.0 8.2 22.5 11:52 SW 09 16.9 19.6 14:14 12.6 05:32 1.6 0.2 0.0 7.7 27.4 12:02 SSW 10 18.4 20.5 15:35 16.1 06:08 0.5 0.6 4.6 5.8 30.6 00:40 SSW 11 15.8 16.9 21:11 14.6 03:30 2.5 0.0 36.1 15.2 51.5 10:50 SE 12 16.9 18.3 14:57 15.6 23:53 1.4 0.0 0.0 9.4 33.8 15:13 SE 13 17.9 21.7 12:08 14.9 01:54 1.1 0.7 0.8 8.0 38.6 14:50 ESE 14 19.4 22.8 12:53 16.0 05:47 0.5 1.5 2.3 9.0 43.5 14:33 NNW 15 16.7 18.4 16:04 13.9 07:13 1.6 0.0 26.7 9.5 35.4 04:12 SSE 16 17.2 20.6 10:26 13.3 05:16 1.5 0.5 4.6 6.0 33.8 21:38 NNW 17 20.0 23.7 16:26 17.4 05:21 0.2 1.8 0.0 8.2 32.2 13:35 N 18 22.4 26.9 15:15 18.9 05:21 0.0 4.1 0.0 7.8 41.8 11:23 N 19 20.9 23.2 13:36 18.4 22:20 0.0 2.6 1.8 6.8 40.2 08:53 NNW 20 22.4 27.1 15:44 18.3 03:48 0.0 4.1 0.0 6.7 27.4 12:18 WNW 21 20.8 24.6 09:01 16.8 04:49 0.2 2.7 0.0 7.2 24.1 14:26 W 22 20.3 23.6 14:12 16.3 05:00 0.3 2.3 0.0 6.4 19.3 10:55 WSW 23 19.1 21.4 09:35 16.1 05:25 0.4 1.2 1.8 10.9 49.9 16:25 ESE 24 21.0 23.9 15:44 16.6 05:52 0.2 2.9 0.0 5.9 24.1 22:29 SW 25 21.5 24.4 08:59 17.9 23:59 0.0 3.2 0.0 7.2 29.0 12:52 S 26 21.7 27.2 12:25 16.6 03:01 0.2 3.6 0.0 8.0 33.8 13:55 NW 27 19.2 22.1 13:06 15.7 05:22 0.5 1.4 0.0 8.7 29.0 11:18 WSW 28 18.8 21.7 17:43 14.9 05:16 0.8 1.3 0.0 8.6 24.1 10:24 SSW 29 17.9 19.9 09:58 15.6 23:26 0.6 0.2 0.5 7.1 25.7 15:54 W 30 18.3 21.3 16:36 14.1 04:35 1.0 1.0 0.0 7.3 24.1 11:02 W 31 18.6 21.5 15:16 15.9 05:45 0.7 1.0 0.0 7.3 24.1 13:00 W ---------------------------------------------------------------------------------- 18.7 27.2 26 12.4 3 28.0 40.9 80.0 7.9 51.5 11 SW Max >= 27.0 2 Max <= 5.0 0 Min <= 20.0 31 Min <= 0.0 0 Max Rain: 36.1 on day 11 Days of Rain: 11 (>= 0.2 mm) 5 (>= 2.0 mm) 2 (>= 20.0 mm) Heat Base: 18.3 Cool Base: 18.3 Method: Integration