Rapporti Climatici in stile NOAA
Selezionare un Anno o un Mese
2024: Gen Feb Mar Apr Mag Giu Lug Ago Set Ott Nov Dic
2023: Gen Feb Mar Apr Mag Giu Lug Ago Set Ott Nov Dic
2022: Gen Feb Mar Apr Mag Giu Lug Ago Set Ott Nov Dic
2021: Gen Feb Mar Apr Mag Giu Lug Ago Set Ott Nov Dic
2020: Gen Feb Mar Apr Mag Giu Lug Ago Set Ott Nov Dic
2019: Gen Feb Mar Apr Mag Giu Lug Ago Set Ott Nov Dic
2018: Gen Feb Mar Apr Mag Giu Lug Ago Set Ott Nov Dic
2017: Gen Feb Mar Apr Mag Giu Lug Ago Set Ott Nov Dic
2016: Gen Feb Mar Apr Mag Giu Lug Ago Set Ott Nov Dic
2015: Gen Feb Mar Apr Mag Giu Lug Ago Set Ott Nov Dic
2014: Gen Feb Mar Apr Mag Giu Lug Ago Set Ott Nov Dic
2013: Gen Feb Mar Apr Mag Giu Lug Ago Set Ott Nov Dic
2012: Gen Feb Mar Apr Mag Giu Lug Ago Set Ott Nov Dic
2011: Gen Feb Mar Apr Mag Giu Lug Ago Set Ott Nov Dic
2010: Gen Feb Mar Apr Mag Giu Lug Ago Set Ott Nov Dic
2009: Gen Feb Mar Apr Mag Giu Lug Ago Set Ott Nov Dic
2008: Gen Feb Mar Apr Mag Giu Lug Ago Set Ott Nov Dic
2007: Gen Feb Mar Apr Mag Giu Lug Ago Set Ott Nov Dic
2006: Gen Feb Mar Apr Mag Giu Lug Ago Set Ott Nov Dic
2024: Gen Feb Mar Apr Mag Giu Lug Ago Set Ott Nov Dic
2023: Gen Feb Mar Apr Mag Giu Lug Ago Set Ott Nov Dic
2022: Gen Feb Mar Apr Mag Giu Lug Ago Set Ott Nov Dic
2021: Gen Feb Mar Apr Mag Giu Lug Ago Set Ott Nov Dic
2020: Gen Feb Mar Apr Mag Giu Lug Ago Set Ott Nov Dic
2019: Gen Feb Mar Apr Mag Giu Lug Ago Set Ott Nov Dic
2018: Gen Feb Mar Apr Mag Giu Lug Ago Set Ott Nov Dic
2017: Gen Feb Mar Apr Mag Giu Lug Ago Set Ott Nov Dic
2016: Gen Feb Mar Apr Mag Giu Lug Ago Set Ott Nov Dic
2015: Gen Feb Mar Apr Mag Giu Lug Ago Set Ott Nov Dic
2014: Gen Feb Mar Apr Mag Giu Lug Ago Set Ott Nov Dic
2013: Gen Feb Mar Apr Mag Giu Lug Ago Set Ott Nov Dic
2012: Gen Feb Mar Apr Mag Giu Lug Ago Set Ott Nov Dic
2011: Gen Feb Mar Apr Mag Giu Lug Ago Set Ott Nov Dic
2010: Gen Feb Mar Apr Mag Giu Lug Ago Set Ott Nov Dic
2009: Gen Feb Mar Apr Mag Giu Lug Ago Set Ott Nov Dic
2008: Gen Feb Mar Apr Mag Giu Lug Ago Set Ott Nov Dic
2007: Gen Feb Mar Apr Mag Giu Lug Ago Set Ott Nov Dic
2006: Gen Feb Mar Apr Mag Giu Lug Ago Set Ott Nov Dic
Archivio 2020 Aprile
Monthly Climatological Summary for apr 2020 Name: San Fruttuoso City: Genova State: Italy Elevation: 70 m Lat: N 44 24 33 Lon: E 008 57 37 Temperature (°C), Rain (mm), Wind Speed (km/h) Heat Cool Avg Mean Deg Deg Wind Dom Day Temp High Time Low Time Days Days Rain Speed High Time Dir ---------------------------------------------------------------------------------- 01 9.1 13.2 15:04 5.8 03:58 9.2 0.0 0.0 8.0 37.0 15:21 NNW 02 9.2 12.2 16:40 6.2 05:16 9.1 0.0 0.0 7.1 29.0 01:10 W 03 10.7 14.9 14:38 5.2 05:54 7.6 0.0 0.0 7.3 25.7 23:41 WNW 04 14.6 19.7 14:27 9.0 04:33 3.8 0.1 0.0 7.6 24.1 15:44 WNW 05 16.1 20.2 15:05 10.8 05:33 2.6 0.4 0.0 9.0 48.3 13:21 NNW 06 17.9 22.4 15:29 14.4 03:58 1.4 1.0 0.0 8.7 38.6 16:19 NNW 07 19.1 23.8 16:07 15.0 06:18 0.9 1.7 0.0 7.2 32.2 16:21 NW 08 18.6 23.6 16:21 11.8 06:28 1.4 1.6 0.0 7.1 29.0 18:02 NW 09 16.3 19.8 13:07 11.8 06:03 2.2 0.2 0.0 6.6 16.1 03:18 W 10 15.0 19.6 16:18 10.4 06:31 3.4 0.0 0.0 6.2 17.7 00:05 WNW 11 14.2 17.8 14:02 10.3 06:30 4.1 0.0 0.0 6.0 20.9 11:34 SSW 12 13.6 17.2 11:29 8.8 05:50 4.7 0.0 0.0 8.1 27.4 14:15 SSW 13 14.2 16.2 12:48 11.1 05:29 4.1 0.0 0.0 9.5 30.6 12:34 SE 14 14.9 17.9 15:20 11.9 06:16 3.4 0.0 0.0 6.4 19.3 12:19 W 15 14.2 18.2 12:51 10.7 06:00 4.1 0.0 0.0 7.7 35.4 02:45 NNE 16 14.6 17.3 09:36 10.8 23:57 3.7 0.0 0.0 7.6 33.8 02:51 E 17 13.3 16.8 16:42 8.8 04:49 5.0 0.0 0.0 8.0 24.1 11:33 W 18 14.5 16.8 13:17 11.6 02:15 3.8 0.0 0.0 6.7 24.1 12:13 SSW 19 15.5 16.7 15:40 14.2 06:12 2.8 0.0 2.0 4.7 22.5 21:58 SW 20 15.9 17.7 17:06 13.8 23:43 2.4 0.0 10.9 3.4 17.7 03:29 N 21 13.9 14.8 12:11 13.0 20:28 4.4 0.0 1.8 9.5 45.1 22:39 NNW 22 17.0 21.8 15:58 12.1 05:34 2.2 0.9 0.0 9.4 48.3 00:08 N 23 18.1 23.6 14:57 14.0 23:56 1.3 1.1 0.0 7.6 32.2 13:59 NW 24 16.1 19.2 17:05 12.8 02:02 2.3 0.0 0.0 6.6 22.5 12:02 SSE 25 15.3 17.4 15:37 12.7 02:32 3.0 0.0 0.0 10.4 38.6 09:44 SE 26 14.7 17.6 13:36 10.6 05:26 3.6 0.0 0.0 8.8 30.6 15:09 S 27 15.5 16.7 13:40 14.1 02:31 2.8 0.0 0.0 7.5 30.6 12:03 SE 28 15.5 17.2 12:10 14.7 19:56 2.8 0.0 7.9 10.0 38.6 13:03 ESE 29 16.0 18.2 11:58 13.6 23:56 2.3 0.0 0.0 8.5 38.6 14:14 SE 30 15.7 17.2 09:52 13.3 00:30 2.6 0.0 0.5 11.8 37.0 08:52 SE ---------------------------------------------------------------------------------- 15.0 23.8 7 5.2 3 107.0 7.0 23.1 7.8 48.3 5 W Max >= 27.0 0 Max <= 5.0 0 Min <= 20.0 30 Min <= 0.0 0 Max Rain: 10.9 on day 20 Days of Rain: 5 (>= 0.2 mm) 3 (>= 2.0 mm) 0 (>= 20.0 mm) Heat Base: 18.3 Cool Base: 18.3 Method: Integration