Rapporti Climatici in stile NOAA
Selezionare un Anno o un Mese
2024: Gen Feb Mar Apr Mag Giu Lug Ago Set Ott Nov Dic
2023: Gen Feb Mar Apr Mag Giu Lug Ago Set Ott Nov Dic
2022: Gen Feb Mar Apr Mag Giu Lug Ago Set Ott Nov Dic
2021: Gen Feb Mar Apr Mag Giu Lug Ago Set Ott Nov Dic
2020: Gen Feb Mar Apr Mag Giu Lug Ago Set Ott Nov Dic
2019: Gen Feb Mar Apr Mag Giu Lug Ago Set Ott Nov Dic
2018: Gen Feb Mar Apr Mag Giu Lug Ago Set Ott Nov Dic
2017: Gen Feb Mar Apr Mag Giu Lug Ago Set Ott Nov Dic
2016: Gen Feb Mar Apr Mag Giu Lug Ago Set Ott Nov Dic
2015: Gen Feb Mar Apr Mag Giu Lug Ago Set Ott Nov Dic
2014: Gen Feb Mar Apr Mag Giu Lug Ago Set Ott Nov Dic
2013: Gen Feb Mar Apr Mag Giu Lug Ago Set Ott Nov Dic
2012: Gen Feb Mar Apr Mag Giu Lug Ago Set Ott Nov Dic
2011: Gen Feb Mar Apr Mag Giu Lug Ago Set Ott Nov Dic
2010: Gen Feb Mar Apr Mag Giu Lug Ago Set Ott Nov Dic
2009: Gen Feb Mar Apr Mag Giu Lug Ago Set Ott Nov Dic
2008: Gen Feb Mar Apr Mag Giu Lug Ago Set Ott Nov Dic
2007: Gen Feb Mar Apr Mag Giu Lug Ago Set Ott Nov Dic
2006: Gen Feb Mar Apr Mag Giu Lug Ago Set Ott Nov Dic
2024: Gen Feb Mar Apr Mag Giu Lug Ago Set Ott Nov Dic
2023: Gen Feb Mar Apr Mag Giu Lug Ago Set Ott Nov Dic
2022: Gen Feb Mar Apr Mag Giu Lug Ago Set Ott Nov Dic
2021: Gen Feb Mar Apr Mag Giu Lug Ago Set Ott Nov Dic
2020: Gen Feb Mar Apr Mag Giu Lug Ago Set Ott Nov Dic
2019: Gen Feb Mar Apr Mag Giu Lug Ago Set Ott Nov Dic
2018: Gen Feb Mar Apr Mag Giu Lug Ago Set Ott Nov Dic
2017: Gen Feb Mar Apr Mag Giu Lug Ago Set Ott Nov Dic
2016: Gen Feb Mar Apr Mag Giu Lug Ago Set Ott Nov Dic
2015: Gen Feb Mar Apr Mag Giu Lug Ago Set Ott Nov Dic
2014: Gen Feb Mar Apr Mag Giu Lug Ago Set Ott Nov Dic
2013: Gen Feb Mar Apr Mag Giu Lug Ago Set Ott Nov Dic
2012: Gen Feb Mar Apr Mag Giu Lug Ago Set Ott Nov Dic
2011: Gen Feb Mar Apr Mag Giu Lug Ago Set Ott Nov Dic
2010: Gen Feb Mar Apr Mag Giu Lug Ago Set Ott Nov Dic
2009: Gen Feb Mar Apr Mag Giu Lug Ago Set Ott Nov Dic
2008: Gen Feb Mar Apr Mag Giu Lug Ago Set Ott Nov Dic
2007: Gen Feb Mar Apr Mag Giu Lug Ago Set Ott Nov Dic
2006: Gen Feb Mar Apr Mag Giu Lug Ago Set Ott Nov Dic
Archivio 2020 Marzo
Monthly Climatological Summary for mar 2020 Name: San Fruttuoso City: Genova State: Italy Elevation: 70 m Lat: N 44 24 33 Lon: E 008 57 37 Temperature (°C), Rain (mm), Wind Speed (km/h) Heat Cool Avg Mean Deg Deg Wind Dom Day Temp High Time Low Time Days Days Rain Speed High Time Dir ---------------------------------------------------------------------------------- 01 9.6 12.9 00:49 6.7 08:27 8.7 0.0 12.2 6.7 30.6 00:39 N 02 9.6 12.7 08:00 6.8 18:37 8.7 0.0 79.0 11.0 74.0 13:11 ESE 03 10.8 16.5 15:01 7.1 00:00 7.5 0.0 0.3 6.5 35.4 15:13 NW 04 11.4 15.7 15:21 8.4 07:11 6.9 0.0 0.0 8.3 30.6 06:34 NW 05 8.5 11.9 09:53 4.5 22:58 9.8 0.0 30.7 8.6 45.1 21:32 NNE 06 9.0 13.6 15:46 5.1 03:39 9.3 0.0 0.0 8.2 48.3 01:25 NNW 07 12.2 16.9 15:49 7.5 00:15 6.1 0.0 0.0 9.8 40.2 11:39 NNW 08 11.4 15.3 12:33 8.2 00:36 6.9 0.0 0.0 7.2 25.7 05:44 N 09 9.5 11.6 06:42 8.1 13:03 8.8 0.0 16.8 4.2 30.6 23:50 NNW 10 11.5 14.1 15:33 8.8 23:59 6.8 0.0 0.0 8.0 33.8 04:46 NE 11 11.1 14.6 11:24 6.9 06:21 7.2 0.0 0.0 7.9 22.5 13:13 WNW 12 12.2 12.8 12:50 11.3 00:04 6.1 0.0 1.3 8.1 24.1 13:37 SE 13 12.5 13.3 21:18 11.8 07:37 5.8 0.0 4.1 5.9 30.6 02:37 SE 14 12.6 15.3 13:35 10.2 23:51 5.7 0.0 0.3 7.7 40.2 20:40 NW 15 12.3 17.2 15:14 8.4 04:33 6.0 0.0 0.0 7.8 37.0 17:26 N 16 12.7 16.6 12:21 8.8 05:58 5.6 0.0 0.0 7.6 32.2 23:17 N 17 13.3 16.2 10:41 10.6 23:02 5.0 0.0 0.0 6.0 27.4 01:17 NNE 18 14.5 19.9 14:56 9.2 03:33 3.9 0.2 0.0 7.0 32.2 15:43 NNW 19 16.2 19.5 13:55 12.7 23:59 2.2 0.1 0.0 6.6 24.1 01:06 N 20 12.7 16.2 15:53 9.3 06:49 5.6 0.0 0.0 6.0 19.3 17:06 W 21 12.3 15.9 14:02 8.5 06:09 6.0 0.0 0.0 7.0 16.1 03:03 WNW 22 14.0 17.7 11:41 10.4 03:09 4.3 0.0 0.0 8.1 48.3 14:45 NNW 23 10.2 12.6 13:11 6.1 23:43 8.1 0.0 0.0 8.7 43.5 14:54 NNW 24 8.9 13.4 16:46 5.4 07:00 9.4 0.0 0.0 6.5 33.8 11:42 NNW 25 8.3 11.4 16:18 5.6 06:23 10.0 0.0 0.0 5.9 45.1 12:10 NNE 26 6.8 8.3 21:35 5.3 02:53 11.5 0.0 1.8 10.7 51.5 11:03 N 27 10.1 13.6 16:33 6.6 01:04 8.2 0.0 0.0 11.8 51.5 06:31 NNW 28 13.1 17.1 11:30 10.3 23:45 5.1 0.0 0.0 6.8 33.8 02:40 NNW 29 12.1 15.1 14:13 8.2 06:41 6.2 0.0 0.0 7.9 27.4 11:42 S 30 12.7 15.8 15:10 9.4 06:35 5.6 0.0 0.0 8.2 37.0 16:50 NW 31 10.4 13.9 16:33 7.1 23:47 7.9 0.0 0.0 10.7 45.1 12:42 NNW ---------------------------------------------------------------------------------- 11.4 19.9 18 4.5 5 214.9 0.3 146.5 7.8 74.0 2 NNW Max >= 27.0 0 Max <= 5.0 0 Min <= 20.0 31 Min <= 0.0 0 Max Rain: 79.0 on day 2 Days of Rain: 9 (>= 0.2 mm) 5 (>= 2.0 mm) 2 (>= 20.0 mm) Heat Base: 18.3 Cool Base: 18.3 Method: Integration