Rapporti Climatici in stile NOAA
Selezionare un Anno o un Mese
2024: Gen Feb Mar Apr Mag Giu Lug Ago Set Ott Nov Dic
2023: Gen Feb Mar Apr Mag Giu Lug Ago Set Ott Nov Dic
2022: Gen Feb Mar Apr Mag Giu Lug Ago Set Ott Nov Dic
2021: Gen Feb Mar Apr Mag Giu Lug Ago Set Ott Nov Dic
2020: Gen Feb Mar Apr Mag Giu Lug Ago Set Ott Nov Dic
2019: Gen Feb Mar Apr Mag Giu Lug Ago Set Ott Nov Dic
2018: Gen Feb Mar Apr Mag Giu Lug Ago Set Ott Nov Dic
2017: Gen Feb Mar Apr Mag Giu Lug Ago Set Ott Nov Dic
2016: Gen Feb Mar Apr Mag Giu Lug Ago Set Ott Nov Dic
2015: Gen Feb Mar Apr Mag Giu Lug Ago Set Ott Nov Dic
2014: Gen Feb Mar Apr Mag Giu Lug Ago Set Ott Nov Dic
2013: Gen Feb Mar Apr Mag Giu Lug Ago Set Ott Nov Dic
2012: Gen Feb Mar Apr Mag Giu Lug Ago Set Ott Nov Dic
2011: Gen Feb Mar Apr Mag Giu Lug Ago Set Ott Nov Dic
2010: Gen Feb Mar Apr Mag Giu Lug Ago Set Ott Nov Dic
2009: Gen Feb Mar Apr Mag Giu Lug Ago Set Ott Nov Dic
2008: Gen Feb Mar Apr Mag Giu Lug Ago Set Ott Nov Dic
2007: Gen Feb Mar Apr Mag Giu Lug Ago Set Ott Nov Dic
2006: Gen Feb Mar Apr Mag Giu Lug Ago Set Ott Nov Dic
2024: Gen Feb Mar Apr Mag Giu Lug Ago Set Ott Nov Dic
2023: Gen Feb Mar Apr Mag Giu Lug Ago Set Ott Nov Dic
2022: Gen Feb Mar Apr Mag Giu Lug Ago Set Ott Nov Dic
2021: Gen Feb Mar Apr Mag Giu Lug Ago Set Ott Nov Dic
2020: Gen Feb Mar Apr Mag Giu Lug Ago Set Ott Nov Dic
2019: Gen Feb Mar Apr Mag Giu Lug Ago Set Ott Nov Dic
2018: Gen Feb Mar Apr Mag Giu Lug Ago Set Ott Nov Dic
2017: Gen Feb Mar Apr Mag Giu Lug Ago Set Ott Nov Dic
2016: Gen Feb Mar Apr Mag Giu Lug Ago Set Ott Nov Dic
2015: Gen Feb Mar Apr Mag Giu Lug Ago Set Ott Nov Dic
2014: Gen Feb Mar Apr Mag Giu Lug Ago Set Ott Nov Dic
2013: Gen Feb Mar Apr Mag Giu Lug Ago Set Ott Nov Dic
2012: Gen Feb Mar Apr Mag Giu Lug Ago Set Ott Nov Dic
2011: Gen Feb Mar Apr Mag Giu Lug Ago Set Ott Nov Dic
2010: Gen Feb Mar Apr Mag Giu Lug Ago Set Ott Nov Dic
2009: Gen Feb Mar Apr Mag Giu Lug Ago Set Ott Nov Dic
2008: Gen Feb Mar Apr Mag Giu Lug Ago Set Ott Nov Dic
2007: Gen Feb Mar Apr Mag Giu Lug Ago Set Ott Nov Dic
2006: Gen Feb Mar Apr Mag Giu Lug Ago Set Ott Nov Dic
Archivio 2020 Febbraio
Monthly Climatological Summary for feb 2020 Name: San Fruttuoso City: Genova State: Italy Elevation: 70 m Lat: N 44 24 33 Lon: E 008 57 37 Temperature (°C), Rain (mm), Wind Speed (km/h) Heat Cool Avg Mean Deg Deg Wind Dom Day Temp High Time Low Time Days Days Rain Speed High Time Dir ---------------------------------------------------------------------------------- 01 12.5 13.6 22:05 11.9 06:23 5.8 0.0 4.8 5.5 24.1 08:14 SE 02 13.5 15.2 11:59 11.9 23:54 4.8 0.0 0.0 6.5 35.4 15:25 ESE 03 13.2 15.3 12:08 10.9 02:04 5.1 0.0 0.0 5.0 24.1 12:14 NNW 04 13.3 17.3 12:23 9.7 23:48 5.0 0.0 0.0 10.4 53.1 14:05 NW 05 11.3 15.0 13:48 7.3 23:58 7.0 0.0 0.0 12.2 57.9 13:04 NW 06 8.7 12.7 11:33 5.1 06:29 9.6 0.0 0.0 7.0 17.7 05:32 NW 07 9.2 12.8 11:04 4.6 04:11 8.4 0.0 0.0 8.6 25.7 12:38 ENE 08 10.3 12.7 12:37 7.6 04:10 8.0 0.0 0.0 6.2 22.5 06:36 NNW 09 10.3 13.5 15:12 7.1 03:36 8.0 0.0 1.0 10.9 37.0 13:09 SE 10 13.0 15.1 15:56 10.7 00:00 5.3 0.0 0.3 11.3 46.7 07:12 SE 11 12.3 16.5 14:35 9.4 23:12 6.0 0.0 0.0 5.8 22.5 12:33 NW 12 12.9 15.8 11:21 7.8 23:22 5.4 0.0 0.0 8.8 35.4 01:49 NNW 13 10.7 14.1 10:56 7.0 03:37 7.6 0.0 5.8 10.9 38.6 14:44 SE 14 12.2 16.8 16:25 8.9 05:05 6.1 0.0 0.3 6.7 32.2 04:48 NNW 15 10.7 14.4 13:36 7.2 07:15 7.6 0.0 0.0 6.5 17.7 01:53 NW 16 10.5 13.8 11:37 7.3 04:50 7.8 0.0 1.5 8.8 29.0 11:58 ESE 17 12.6 13.0 12:34 12.0 00:00 5.7 0.0 5.1 13.4 41.8 09:46 SE 18 12.8 15.1 12:20 9.3 23:52 5.5 0.0 3.0 7.3 32.2 13:36 SE 19 10.6 14.1 11:29 7.6 04:54 7.7 0.0 0.0 7.5 20.9 14:23 NW 20 10.0 14.1 11:04 6.7 06:14 8.3 0.0 0.0 8.4 22.5 14:55 NW 21 10.3 13.8 15:04 6.6 01:36 8.0 0.0 0.0 7.1 17.7 03:15 NW 22 11.6 15.6 11:46 7.7 02:23 6.7 0.0 0.0 6.2 30.6 07:04 NNW 23 11.7 12.8 11:47 8.7 01:36 6.6 0.0 0.0 7.1 30.6 08:38 ESE 24 13.0 14.3 11:55 11.9 07:54 5.3 0.0 0.0 6.5 27.4 12:02 SE 25 13.0 14.1 14:25 11.7 23:58 5.3 0.0 0.3 9.9 38.6 11:51 SE 26 11.3 14.7 11:58 7.9 23:58 7.0 0.0 1.8 11.2 67.6 14:06 NW 27 9.3 12.3 12:19 4.3 07:14 9.0 0.0 0.0 9.5 40.2 17:00 ESE 28 12.0 15.8 13:10 8.6 23:31 6.3 0.0 0.0 10.4 59.5 00:49 NW 29 10.5 12.9 22:40 7.7 04:02 7.8 0.0 1.5 9.1 40.2 11:17 ESE ---------------------------------------------------------------------------------- 11.5 17.3 4 4.3 27 196.7 0.0 25.4 8.4 67.6 26 NE Max >= 27.0 0 Max <= 5.0 0 Min <= 20.0 29 Min <= 0.0 0 Max Rain: 5.8 on day 13 Days of Rain: 11 (>= 0.2 mm) 4 (>= 2.0 mm) 0 (>= 20.0 mm) Heat Base: 18.3 Cool Base: 18.3 Method: Integration