Rapporti Climatici in stile NOAA
Selezionare un Anno o un Mese
2024: Gen Feb Mar Apr Mag Giu Lug Ago Set Ott Nov Dic
2023: Gen Feb Mar Apr Mag Giu Lug Ago Set Ott Nov Dic
2022: Gen Feb Mar Apr Mag Giu Lug Ago Set Ott Nov Dic
2021: Gen Feb Mar Apr Mag Giu Lug Ago Set Ott Nov Dic
2020: Gen Feb Mar Apr Mag Giu Lug Ago Set Ott Nov Dic
2019: Gen Feb Mar Apr Mag Giu Lug Ago Set Ott Nov Dic
2018: Gen Feb Mar Apr Mag Giu Lug Ago Set Ott Nov Dic
2017: Gen Feb Mar Apr Mag Giu Lug Ago Set Ott Nov Dic
2016: Gen Feb Mar Apr Mag Giu Lug Ago Set Ott Nov Dic
2015: Gen Feb Mar Apr Mag Giu Lug Ago Set Ott Nov Dic
2014: Gen Feb Mar Apr Mag Giu Lug Ago Set Ott Nov Dic
2013: Gen Feb Mar Apr Mag Giu Lug Ago Set Ott Nov Dic
2012: Gen Feb Mar Apr Mag Giu Lug Ago Set Ott Nov Dic
2011: Gen Feb Mar Apr Mag Giu Lug Ago Set Ott Nov Dic
2010: Gen Feb Mar Apr Mag Giu Lug Ago Set Ott Nov Dic
2009: Gen Feb Mar Apr Mag Giu Lug Ago Set Ott Nov Dic
2008: Gen Feb Mar Apr Mag Giu Lug Ago Set Ott Nov Dic
2007: Gen Feb Mar Apr Mag Giu Lug Ago Set Ott Nov Dic
2006: Gen Feb Mar Apr Mag Giu Lug Ago Set Ott Nov Dic
2024: Gen Feb Mar Apr Mag Giu Lug Ago Set Ott Nov Dic
2023: Gen Feb Mar Apr Mag Giu Lug Ago Set Ott Nov Dic
2022: Gen Feb Mar Apr Mag Giu Lug Ago Set Ott Nov Dic
2021: Gen Feb Mar Apr Mag Giu Lug Ago Set Ott Nov Dic
2020: Gen Feb Mar Apr Mag Giu Lug Ago Set Ott Nov Dic
2019: Gen Feb Mar Apr Mag Giu Lug Ago Set Ott Nov Dic
2018: Gen Feb Mar Apr Mag Giu Lug Ago Set Ott Nov Dic
2017: Gen Feb Mar Apr Mag Giu Lug Ago Set Ott Nov Dic
2016: Gen Feb Mar Apr Mag Giu Lug Ago Set Ott Nov Dic
2015: Gen Feb Mar Apr Mag Giu Lug Ago Set Ott Nov Dic
2014: Gen Feb Mar Apr Mag Giu Lug Ago Set Ott Nov Dic
2013: Gen Feb Mar Apr Mag Giu Lug Ago Set Ott Nov Dic
2012: Gen Feb Mar Apr Mag Giu Lug Ago Set Ott Nov Dic
2011: Gen Feb Mar Apr Mag Giu Lug Ago Set Ott Nov Dic
2010: Gen Feb Mar Apr Mag Giu Lug Ago Set Ott Nov Dic
2009: Gen Feb Mar Apr Mag Giu Lug Ago Set Ott Nov Dic
2008: Gen Feb Mar Apr Mag Giu Lug Ago Set Ott Nov Dic
2007: Gen Feb Mar Apr Mag Giu Lug Ago Set Ott Nov Dic
2006: Gen Feb Mar Apr Mag Giu Lug Ago Set Ott Nov Dic
Archivio 2019 Dicembre
Monthly Climatological Summary for dic 2019 Name: San Fruttuoso City: Genova State: Italy Elevation: 70 m Lat: N 44 24 33 Lon: E 008 57 37 Temperature (°C), Rain (mm), Wind Speed (km/h) Heat Cool Avg Mean Deg Deg Wind Dom Day Temp High Time Low Time Days Days Rain Speed High Time Dir ---------------------------------------------------------------------------------- 01 8.7 12.5 04:20 7.0 22:58 9.6 0.0 50.5 10.2 48.3 12:52 NNE 02 9.3 12.2 15:37 6.8 00:21 9.0 0.0 13.0 10.1 45.1 00:32 N 03 10.3 13.4 15:29 8.6 23:47 8.0 0.0 0.0 9.8 38.6 13:04 N 04 7.5 9.4 12:56 5.8 08:23 10.8 0.0 0.0 13.0 48.3 07:15 N 05 7.7 10.6 14:31 5.9 06:08 10.6 0.0 0.0 10.8 56.3 01:40 N 06 10.0 10.9 12:31 8.4 05:19 8.3 0.0 0.5 8.5 30.6 00:23 NNW 07 12.5 15.6 13:36 10.1 03:41 5.8 0.0 0.0 4.7 32.2 13:47 NE 08 13.3 15.7 14:36 11.2 01:12 5.0 0.0 0.0 6.7 25.7 15:11 SE 09 12.6 15.9 13:43 9.0 20:02 5.7 0.0 0.0 4.9 27.4 23:17 N 10 12.6 15.1 12:51 10.1 20:43 5.7 0.0 0.0 10.0 54.7 08:42 NNW 11 9.4 12.0 12:43 5.1 23:56 8.9 0.0 8.9 6.8 30.6 09:13 N 12 5.8 8.9 23:58 4.2 01:01 12.5 0.0 7.1 9.9 43.5 10:09 N 13 6.7 9.4 04:51 3.4 11:39 11.6 0.0 8.9 12.1 69.2 14:12 NNW 14 10.7 16.2 14:24 6.4 07:44 7.6 0.0 0.0 6.6 27.4 00:47 NNW 15 14.2 15.8 10:21 9.3 00:00 4.1 0.0 0.0 9.3 37.0 10:22 SE 16 13.4 15.3 13:21 10.0 21:54 4.9 0.0 9.7 6.8 30.6 13:55 NE 17 12.9 16.1 18:29 9.7 08:12 5.4 0.0 16.3 10.8 38.6 20:05 NE 18 14.1 16.3 05:43 11.8 21:44 4.2 0.0 2.5 6.7 30.6 22:39 N 19 12.6 14.9 12:28 10.9 07:23 5.7 0.0 6.1 7.5 29.0 00:31 N 20 13.9 15.1 21:02 13.1 16:35 4.4 0.0 57.2 20.4 66.0 13:28 SE 21 13.7 15.4 14:14 10.1 08:56 4.6 0.0 22.4 9.5 38.6 20:32 SE 22 12.2 16.0 13:05 9.9 04:04 6.1 0.0 33.8 7.6 48.3 04:13 NNW 23 14.6 16.9 14:58 12.4 00:00 3.7 0.0 0.0 16.0 53.1 02:20 NW 24 11.5 15.1 13:41 7.9 05:59 6.8 0.0 0.0 7.9 33.8 14:44 NNW 25 10.1 14.9 14:15 7.3 07:18 8.2 0.0 0.0 8.0 20.9 01:53 NW 26 11.2 15.5 12:42 7.3 00:19 7.1 0.0 0.0 6.4 29.0 01:10 NNW 27 9.8 14.5 14:52 6.2 07:31 8.5 0.0 0.0 7.0 32.2 23:00 NNW 28 10.5 13.6 13:26 8.1 08:30 7.8 0.0 0.0 6.9 29.0 05:06 N 29 8.4 11.1 14:54 6.9 23:38 9.9 0.0 0.0 7.5 25.7 21:55 N 30 5.9 7.3 15:01 3.7 08:23 12.4 0.0 0.0 9.9 45.1 09:20 N 31 7.7 12.4 15:02 3.7 05:38 10.6 0.0 0.0 7.2 17.7 01:20 NW ---------------------------------------------------------------------------------- 10.8 16.9 23 3.4 13 233.5 0.0 236.9 9.0 69.2 13 N Max >= 27.0 0 Max <= 5.0 0 Min <= 20.0 31 Min <= 0.0 0 Max Rain: 57.2 on day 20 Days of Rain: 13 (>= 0.2 mm) 12 (>= 2.0 mm) 4 (>= 20.0 mm) Heat Base: 18.3 Cool Base: 18.3 Method: Integration