Rapporti Climatici in stile NOAA
Selezionare un Anno o un Mese
2024: Gen Feb Mar Apr Mag Giu Lug Ago Set Ott Nov Dic
2023: Gen Feb Mar Apr Mag Giu Lug Ago Set Ott Nov Dic
2022: Gen Feb Mar Apr Mag Giu Lug Ago Set Ott Nov Dic
2021: Gen Feb Mar Apr Mag Giu Lug Ago Set Ott Nov Dic
2020: Gen Feb Mar Apr Mag Giu Lug Ago Set Ott Nov Dic
2019: Gen Feb Mar Apr Mag Giu Lug Ago Set Ott Nov Dic
2018: Gen Feb Mar Apr Mag Giu Lug Ago Set Ott Nov Dic
2017: Gen Feb Mar Apr Mag Giu Lug Ago Set Ott Nov Dic
2016: Gen Feb Mar Apr Mag Giu Lug Ago Set Ott Nov Dic
2015: Gen Feb Mar Apr Mag Giu Lug Ago Set Ott Nov Dic
2014: Gen Feb Mar Apr Mag Giu Lug Ago Set Ott Nov Dic
2013: Gen Feb Mar Apr Mag Giu Lug Ago Set Ott Nov Dic
2012: Gen Feb Mar Apr Mag Giu Lug Ago Set Ott Nov Dic
2011: Gen Feb Mar Apr Mag Giu Lug Ago Set Ott Nov Dic
2010: Gen Feb Mar Apr Mag Giu Lug Ago Set Ott Nov Dic
2009: Gen Feb Mar Apr Mag Giu Lug Ago Set Ott Nov Dic
2008: Gen Feb Mar Apr Mag Giu Lug Ago Set Ott Nov Dic
2007: Gen Feb Mar Apr Mag Giu Lug Ago Set Ott Nov Dic
2006: Gen Feb Mar Apr Mag Giu Lug Ago Set Ott Nov Dic
2024: Gen Feb Mar Apr Mag Giu Lug Ago Set Ott Nov Dic
2023: Gen Feb Mar Apr Mag Giu Lug Ago Set Ott Nov Dic
2022: Gen Feb Mar Apr Mag Giu Lug Ago Set Ott Nov Dic
2021: Gen Feb Mar Apr Mag Giu Lug Ago Set Ott Nov Dic
2020: Gen Feb Mar Apr Mag Giu Lug Ago Set Ott Nov Dic
2019: Gen Feb Mar Apr Mag Giu Lug Ago Set Ott Nov Dic
2018: Gen Feb Mar Apr Mag Giu Lug Ago Set Ott Nov Dic
2017: Gen Feb Mar Apr Mag Giu Lug Ago Set Ott Nov Dic
2016: Gen Feb Mar Apr Mag Giu Lug Ago Set Ott Nov Dic
2015: Gen Feb Mar Apr Mag Giu Lug Ago Set Ott Nov Dic
2014: Gen Feb Mar Apr Mag Giu Lug Ago Set Ott Nov Dic
2013: Gen Feb Mar Apr Mag Giu Lug Ago Set Ott Nov Dic
2012: Gen Feb Mar Apr Mag Giu Lug Ago Set Ott Nov Dic
2011: Gen Feb Mar Apr Mag Giu Lug Ago Set Ott Nov Dic
2010: Gen Feb Mar Apr Mag Giu Lug Ago Set Ott Nov Dic
2009: Gen Feb Mar Apr Mag Giu Lug Ago Set Ott Nov Dic
2008: Gen Feb Mar Apr Mag Giu Lug Ago Set Ott Nov Dic
2007: Gen Feb Mar Apr Mag Giu Lug Ago Set Ott Nov Dic
2006: Gen Feb Mar Apr Mag Giu Lug Ago Set Ott Nov Dic
Archivio 2019 Novembre
Monthly Climatological Summary for nov 2019 Name: San Fruttuoso City: Genova State: Italy Elevation: 70 m Lat: N 44 24 33 Lon: E 008 57 37 Temperature (°C), Rain (mm), Wind Speed (km/h) Heat Cool Avg Mean Deg Deg Wind Dom Day Temp High Time Low Time Days Days Rain Speed High Time Dir ---------------------------------------------------------------------------------- 01 13.6 15.6 11:00 12.2 06:34 4.7 0.0 0.0 8.9 45.1 02:04 N 02 13.1 14.2 00:08 11.9 09:34 5.2 0.0 8.6 6.4 27.4 19:16 N 03 14.2 18.1 04:36 11.6 05:38 4.1 0.0 44.7 7.2 45.1 04:30 N 04 16.0 19.5 18:46 10.9 06:03 2.6 0.3 0.0 12.6 41.8 19:46 SE 05 17.4 18.3 00:00 15.5 22:48 0.9 0.0 0.0 9.2 37.0 17:52 SSE 06 13.9 16.6 00:00 9.6 22:39 4.4 0.0 3.3 9.6 37.0 04:20 SSE 07 12.7 16.6 12:58 8.9 03:09 5.6 0.0 24.9 9.8 80.5 23:15 ESE 08 13.0 15.7 12:29 10.8 00:00 5.3 0.0 3.3 7.0 32.2 08:39 NNE 09 11.1 14.2 15:46 9.1 23:29 7.2 0.0 11.2 5.6 24.1 14:49 NNW 10 10.4 12.6 11:56 8.5 02:55 7.9 0.0 0.3 7.9 35.4 22:54 N 11 9.4 10.7 00:00 8.3 22:25 8.9 0.0 24.6 9.5 38.6 15:05 N 12 10.3 12.4 21:08 8.6 06:08 8.0 0.0 1.8 12.6 48.3 12:00 NNW 13 11.1 15.9 14:27 7.3 23:12 7.2 0.0 0.0 8.8 35.4 12:12 NNW 14 9.7 14.6 20:32 7.3 00:13 8.4 0.0 21.6 9.8 56.3 21:54 N 15 8.2 13.7 02:24 8.2 23:04 0.5 0.0 41.9 4.6 11.3 23:01 NNW 16 9.8 13.9 13:38 7.9 01:25 8.4 0.0 9.4 7.2 45.1 21:02 NNW 17 9.1 12.7 17:46 5.9 10:28 9.2 0.0 32.0 10.9 49.9 07:09 N 18 8.5 10.6 00:00 6.6 23:42 9.8 0.0 23.1 7.7 35.4 23:25 N 19 7.5 9.8 23:34 6.2 06:24 10.8 0.0 118.9 12.8 51.5 04:26 N 20 10.7 12.3 14:16 9.6 00:25 7.6 0.0 7.1 6.7 35.4 08:31 N 21 11.3 13.8 13:09 9.6 03:00 7.0 0.0 5.3 4.6 22.5 12:21 NNW 22 11.2 13.4 21:41 9.7 06:27 7.1 0.0 58.4 4.8 33.8 05:45 N 23 13.8 14.9 07:13 10.9 02:08 4.5 0.0 90.4 11.3 51.5 10:46 ESE 24 13.6 14.7 12:28 12.6 08:34 4.7 0.0 8.6 6.6 40.2 18:48 N 25 14.9 16.6 14:24 12.3 23:57 3.4 0.0 0.0 9.2 37.0 09:50 N 26 13.9 16.6 12:52 10.7 05:32 4.3 0.0 0.0 8.2 29.0 15:51 E 27 13.9 15.7 04:53 11.8 17:47 4.4 0.0 45.0 12.5 51.5 10:04 ESE 28 13.5 17.3 12:25 10.9 02:09 4.8 0.0 0.0 5.1 30.6 11:18 N 29 12.4 17.9 14:30 8.9 23:56 5.9 0.0 0.0 7.1 17.7 11:21 NW 30 12.0 16.6 12:20 8.1 05:07 6.3 0.0 0.0 6.7 22.5 15:55 NNW ---------------------------------------------------------------------------------- 12.0 19.5 4 5.9 17 179.1 0.3 584.4 8.5 80.5 7 NNE Max >= 27.0 0 Max <= 5.0 0 Min <= 20.0 30 Min <= 0.0 0 Max Rain: 118.9 on day 19 Days of Rain: 21 (>= 0.2 mm) 19 (>= 2.0 mm) 11 (>= 20.0 mm) Heat Base: 18.3 Cool Base: 18.3 Method: Integration