Rapporti Climatici in stile NOAA
Selezionare un Anno o un Mese
2024: Gen Feb Mar Apr Mag Giu Lug Ago Set Ott Nov Dic
2023: Gen Feb Mar Apr Mag Giu Lug Ago Set Ott Nov Dic
2022: Gen Feb Mar Apr Mag Giu Lug Ago Set Ott Nov Dic
2021: Gen Feb Mar Apr Mag Giu Lug Ago Set Ott Nov Dic
2020: Gen Feb Mar Apr Mag Giu Lug Ago Set Ott Nov Dic
2019: Gen Feb Mar Apr Mag Giu Lug Ago Set Ott Nov Dic
2018: Gen Feb Mar Apr Mag Giu Lug Ago Set Ott Nov Dic
2017: Gen Feb Mar Apr Mag Giu Lug Ago Set Ott Nov Dic
2016: Gen Feb Mar Apr Mag Giu Lug Ago Set Ott Nov Dic
2015: Gen Feb Mar Apr Mag Giu Lug Ago Set Ott Nov Dic
2014: Gen Feb Mar Apr Mag Giu Lug Ago Set Ott Nov Dic
2013: Gen Feb Mar Apr Mag Giu Lug Ago Set Ott Nov Dic
2012: Gen Feb Mar Apr Mag Giu Lug Ago Set Ott Nov Dic
2011: Gen Feb Mar Apr Mag Giu Lug Ago Set Ott Nov Dic
2010: Gen Feb Mar Apr Mag Giu Lug Ago Set Ott Nov Dic
2009: Gen Feb Mar Apr Mag Giu Lug Ago Set Ott Nov Dic
2008: Gen Feb Mar Apr Mag Giu Lug Ago Set Ott Nov Dic
2007: Gen Feb Mar Apr Mag Giu Lug Ago Set Ott Nov Dic
2006: Gen Feb Mar Apr Mag Giu Lug Ago Set Ott Nov Dic
2024: Gen Feb Mar Apr Mag Giu Lug Ago Set Ott Nov Dic
2023: Gen Feb Mar Apr Mag Giu Lug Ago Set Ott Nov Dic
2022: Gen Feb Mar Apr Mag Giu Lug Ago Set Ott Nov Dic
2021: Gen Feb Mar Apr Mag Giu Lug Ago Set Ott Nov Dic
2020: Gen Feb Mar Apr Mag Giu Lug Ago Set Ott Nov Dic
2019: Gen Feb Mar Apr Mag Giu Lug Ago Set Ott Nov Dic
2018: Gen Feb Mar Apr Mag Giu Lug Ago Set Ott Nov Dic
2017: Gen Feb Mar Apr Mag Giu Lug Ago Set Ott Nov Dic
2016: Gen Feb Mar Apr Mag Giu Lug Ago Set Ott Nov Dic
2015: Gen Feb Mar Apr Mag Giu Lug Ago Set Ott Nov Dic
2014: Gen Feb Mar Apr Mag Giu Lug Ago Set Ott Nov Dic
2013: Gen Feb Mar Apr Mag Giu Lug Ago Set Ott Nov Dic
2012: Gen Feb Mar Apr Mag Giu Lug Ago Set Ott Nov Dic
2011: Gen Feb Mar Apr Mag Giu Lug Ago Set Ott Nov Dic
2010: Gen Feb Mar Apr Mag Giu Lug Ago Set Ott Nov Dic
2009: Gen Feb Mar Apr Mag Giu Lug Ago Set Ott Nov Dic
2008: Gen Feb Mar Apr Mag Giu Lug Ago Set Ott Nov Dic
2007: Gen Feb Mar Apr Mag Giu Lug Ago Set Ott Nov Dic
2006: Gen Feb Mar Apr Mag Giu Lug Ago Set Ott Nov Dic
Archivio 2019 Ottobre
Monthly Climatological Summary for ott 2019 Name: San Fruttuoso City: Genova State: Italy Elevation: 70 m Lat: N 44 24 33 Lon: E 008 57 37 Temperature (°C), Rain (mm), Wind Speed (km/h) Heat Cool Avg Mean Deg Deg Wind Dom Day Temp High Time Low Time Days Days Rain Speed High Time Dir ---------------------------------------------------------------------------------- 01 21.0 24.5 13:26 17.7 02:01 0.0 2.7 0.0 7.4 27.4 23:33 SE 02 20.6 22.8 12:55 17.6 23:55 0.0 2.3 2.3 8.6 32.2 01:36 SE 03 19.3 22.7 13:56 14.8 23:59 0.6 1.6 0.0 8.8 46.7 03:54 N 04 17.2 19.6 12:10 14.1 04:44 1.3 0.2 0.0 9.1 29.0 11:51 E 05 18.4 22.1 12:43 15.3 06:50 1.0 1.1 0.0 5.8 19.3 03:12 NW 06 18.1 22.6 11:52 13.8 06:33 1.2 1.1 0.0 6.8 19.3 12:11 NW 07 18.0 21.9 15:13 14.1 04:40 1.1 0.8 4.1 8.8 45.1 04:54 NNW 08 18.0 21.2 13:14 14.7 05:21 1.2 0.9 0.0 7.7 22.5 11:49 NW 09 17.9 20.4 08:58 15.3 06:54 0.9 0.4 4.1 9.2 40.2 10:25 ESE 10 18.5 21.7 12:55 16.1 23:59 0.7 0.9 0.0 6.4 25.7 00:53 N 11 17.7 22.3 14:28 14.5 03:14 1.5 0.8 0.0 6.7 32.2 10:41 NNW 12 17.6 21.2 14:55 13.8 06:24 1.4 0.8 0.0 7.3 20.9 12:32 NW 13 18.6 20.9 16:12 17.6 01:34 0.2 0.5 0.3 4.5 16.1 04:06 NW 14 19.2 21.2 13:17 18.1 07:06 0.0 0.9 3.0 5.4 20.9 04:14 NNW 15 19.6 21.1 02:23 17.7 14:14 0.0 1.4 16.0 14.8 57.9 11:31 SE 16 17.7 20.4 13:54 14.0 06:32 1.2 0.5 0.0 8.5 37.0 15:18 SE 17 17.1 18.1 14:11 15.6 05:23 1.2 0.0 1.3 5.1 29.0 12:40 E 18 18.0 19.2 15:45 16.2 03:22 0.5 0.2 11.7 9.3 38.6 12:55 SE 19 19.1 20.2 14:12 16.8 01:46 0.2 1.0 39.6 12.2 45.1 22:46 SE 20 20.4 21.8 09:56 19.2 03:46 0.0 2.1 0.0 12.9 48.3 16:44 ESE 21 20.6 22.1 14:40 16.2 04:24 0.1 2.4 21.6 15.6 51.5 04:09 ESE 22 20.2 23.4 12:35 17.3 05:33 0.1 2.0 9.1 7.4 33.8 00:00 N 23 20.3 22.8 11:44 18.6 06:06 0.0 2.0 0.5 7.7 41.8 03:15 NNE 24 17.4 22.0 02:58 15.6 06:08 1.3 0.4 22.9 5.1 32.2 02:54 N 25 18.7 21.6 15:27 16.8 05:36 0.5 0.9 0.3 8.6 43.5 11:53 N 26 19.2 24.1 15:27 16.9 03:50 0.5 1.4 0.0 7.4 33.8 03:14 N 27 18.2 21.6 14:12 14.7 07:16 0.9 0.9 0.0 6.7 17.7 00:31 NW 28 17.5 20.3 13:38 13.9 04:21 1.4 0.7 0.8 8.1 29.0 12:58 ENE 29 18.6 20.1 12:19 16.3 23:08 0.3 0.5 0.0 7.3 29.0 08:42 SE 30 18.0 20.1 15:43 16.2 06:59 0.7 0.4 0.0 4.6 19.3 08:22 N 31 15.0 17.3 02:02 12.7 23:33 3.3 0.0 0.0 7.9 37.0 23:44 N ---------------------------------------------------------------------------------- 18.6 24.5 1 12.7 31 23.3 31.8 137.6 8.1 57.9 15 NE Max >= 27.0 0 Max <= 5.0 0 Min <= 20.0 31 Min <= 0.0 0 Max Rain: 39.6 on day 19 Days of Rain: 15 (>= 0.2 mm) 10 (>= 2.0 mm) 3 (>= 20.0 mm) Heat Base: 18.3 Cool Base: 18.3 Method: Integration