Rapporti Climatici in stile NOAA
Selezionare un Anno o un Mese
2024: Gen Feb Mar Apr Mag Giu Lug Ago Set Ott Nov Dic
2023: Gen Feb Mar Apr Mag Giu Lug Ago Set Ott Nov Dic
2022: Gen Feb Mar Apr Mag Giu Lug Ago Set Ott Nov Dic
2021: Gen Feb Mar Apr Mag Giu Lug Ago Set Ott Nov Dic
2020: Gen Feb Mar Apr Mag Giu Lug Ago Set Ott Nov Dic
2019: Gen Feb Mar Apr Mag Giu Lug Ago Set Ott Nov Dic
2018: Gen Feb Mar Apr Mag Giu Lug Ago Set Ott Nov Dic
2017: Gen Feb Mar Apr Mag Giu Lug Ago Set Ott Nov Dic
2016: Gen Feb Mar Apr Mag Giu Lug Ago Set Ott Nov Dic
2015: Gen Feb Mar Apr Mag Giu Lug Ago Set Ott Nov Dic
2014: Gen Feb Mar Apr Mag Giu Lug Ago Set Ott Nov Dic
2013: Gen Feb Mar Apr Mag Giu Lug Ago Set Ott Nov Dic
2012: Gen Feb Mar Apr Mag Giu Lug Ago Set Ott Nov Dic
2011: Gen Feb Mar Apr Mag Giu Lug Ago Set Ott Nov Dic
2010: Gen Feb Mar Apr Mag Giu Lug Ago Set Ott Nov Dic
2009: Gen Feb Mar Apr Mag Giu Lug Ago Set Ott Nov Dic
2008: Gen Feb Mar Apr Mag Giu Lug Ago Set Ott Nov Dic
2007: Gen Feb Mar Apr Mag Giu Lug Ago Set Ott Nov Dic
2006: Gen Feb Mar Apr Mag Giu Lug Ago Set Ott Nov Dic
2024: Gen Feb Mar Apr Mag Giu Lug Ago Set Ott Nov Dic
2023: Gen Feb Mar Apr Mag Giu Lug Ago Set Ott Nov Dic
2022: Gen Feb Mar Apr Mag Giu Lug Ago Set Ott Nov Dic
2021: Gen Feb Mar Apr Mag Giu Lug Ago Set Ott Nov Dic
2020: Gen Feb Mar Apr Mag Giu Lug Ago Set Ott Nov Dic
2019: Gen Feb Mar Apr Mag Giu Lug Ago Set Ott Nov Dic
2018: Gen Feb Mar Apr Mag Giu Lug Ago Set Ott Nov Dic
2017: Gen Feb Mar Apr Mag Giu Lug Ago Set Ott Nov Dic
2016: Gen Feb Mar Apr Mag Giu Lug Ago Set Ott Nov Dic
2015: Gen Feb Mar Apr Mag Giu Lug Ago Set Ott Nov Dic
2014: Gen Feb Mar Apr Mag Giu Lug Ago Set Ott Nov Dic
2013: Gen Feb Mar Apr Mag Giu Lug Ago Set Ott Nov Dic
2012: Gen Feb Mar Apr Mag Giu Lug Ago Set Ott Nov Dic
2011: Gen Feb Mar Apr Mag Giu Lug Ago Set Ott Nov Dic
2010: Gen Feb Mar Apr Mag Giu Lug Ago Set Ott Nov Dic
2009: Gen Feb Mar Apr Mag Giu Lug Ago Set Ott Nov Dic
2008: Gen Feb Mar Apr Mag Giu Lug Ago Set Ott Nov Dic
2007: Gen Feb Mar Apr Mag Giu Lug Ago Set Ott Nov Dic
2006: Gen Feb Mar Apr Mag Giu Lug Ago Set Ott Nov Dic
Archivio 2019 Settembre
Monthly Climatological Summary for set 2019 Name: San Fruttuoso City: Genova State: Italy Elevation: 70 m Lat: N 44 24 33 Lon: E 008 57 37 Temperature (°C), Rain (mm), Wind Speed (km/h) Heat Cool Avg Mean Deg Deg Wind Dom Day Temp High Time Low Time Days Days Rain Speed High Time Dir ---------------------------------------------------------------------------------- 01 26.4 29.1 09:42 23.7 06:21 0.0 8.1 0.0 6.2 20.9 04:17 WSW 02 25.7 28.7 15:19 22.8 04:56 0.0 7.4 0.0 6.8 20.9 11:27 W 03 26.6 30.7 15:06 23.3 06:32 0.0 8.3 0.0 8.3 40.2 12:23 NNW 04 25.5 29.9 14:52 21.3 04:03 0.0 7.2 0.0 8.1 32.2 12:49 NNW 05 23.6 26.7 13:26 15.8 23:37 0.1 5.4 11.7 8.8 59.5 22:43 NE 06 18.3 22.1 14:43 15.9 05:28 0.8 0.8 0.3 12.6 72.4 00:38 N 07 20.7 23.9 16:30 17.2 05:15 0.2 2.6 13.0 7.6 38.6 00:53 NNW 08 18.1 23.3 13:26 14.8 20:56 1.0 0.9 15.2 7.7 38.6 08:54 NNW 09 19.0 23.2 15:34 13.3 05:01 1.2 1.9 0.0 8.4 30.6 17:02 SE 10 18.9 20.6 09:16 17.9 10:34 0.0 0.6 1.8 7.0 38.6 20:18 NNW 11 21.7 26.2 12:17 18.1 04:52 0.0 3.4 0.0 8.2 45.1 06:44 N 12 23.6 26.7 15:43 21.3 05:50 0.0 5.3 0.0 5.6 27.4 04:57 E 13 25.1 28.9 13:56 19.9 05:28 0.0 6.7 0.0 5.8 22.5 08:39 NE 14 26.1 31.2 13:59 21.9 05:54 0.0 7.8 0.0 6.3 27.4 21:09 N 15 24.4 26.9 14:49 21.3 23:28 0.0 6.1 0.0 7.1 29.0 01:58 NE 16 22.6 25.7 13:57 19.5 05:36 0.0 4.3 0.0 6.5 17.7 10:08 W 17 21.9 24.8 14:01 18.3 05:56 0.0 3.6 0.0 8.1 25.7 16:30 SSW 18 22.2 24.5 15:15 19.5 04:01 0.0 3.9 0.0 6.2 22.5 11:09 WSW 19 21.1 23.6 16:07 19.1 23:52 0.0 2.8 1.8 8.7 43.5 14:04 N 20 20.1 24.2 15:53 17.3 05:55 0.1 1.9 0.0 10.3 40.2 12:23 NNW 21 19.3 22.4 12:55 16.1 05:28 0.5 1.6 0.8 9.6 35.4 13:01 NNW 22 15.3 16.7 00:00 14.3 18:34 3.0 0.0 36.6 8.7 37.0 20:28 NNE 23 18.8 23.9 16:45 14.9 00:00 1.0 1.5 1.0 6.8 29.0 02:15 NNW 24 20.5 23.1 11:52 16.9 01:04 0.1 2.3 0.0 6.6 20.9 12:56 SE 25 20.9 24.2 12:31 18.0 05:04 0.0 2.6 0.0 6.2 27.4 12:34 S 26 20.6 24.1 13:53 16.9 05:48 0.2 2.6 0.0 8.6 30.6 15:05 SW 27 20.7 23.6 15:14 17.5 03:52 0.1 2.5 0.0 8.5 32.2 12:10 SE 28 21.9 23.6 14:47 19.2 23:52 0.0 3.6 0.0 9.8 40.2 12:50 SE 29 20.7 23.9 09:49 17.4 06:28 0.1 2.5 0.3 8.7 37.0 11:29 SE 30 22.2 25.2 09:51 18.5 23:53 0.0 3.9 0.3 10.6 38.6 13:02 SE ---------------------------------------------------------------------------------- 21.8 31.2 14 13.3 9 8.4 112.1 82.8 7.9 72.4 6 N Max >= 27.0 6 Max <= 5.0 0 Min <= 20.0 23 Min <= 0.0 0 Max Rain: 36.6 on day 22 Days of Rain: 11 (>= 0.2 mm) 4 (>= 2.0 mm) 1 (>= 20.0 mm) Heat Base: 18.3 Cool Base: 18.3 Method: Integration