Rapporti Climatici in stile NOAA
Selezionare un Anno o un Mese
2024: Gen Feb Mar Apr Mag Giu Lug Ago Set Ott Nov Dic
2023: Gen Feb Mar Apr Mag Giu Lug Ago Set Ott Nov Dic
2022: Gen Feb Mar Apr Mag Giu Lug Ago Set Ott Nov Dic
2021: Gen Feb Mar Apr Mag Giu Lug Ago Set Ott Nov Dic
2020: Gen Feb Mar Apr Mag Giu Lug Ago Set Ott Nov Dic
2019: Gen Feb Mar Apr Mag Giu Lug Ago Set Ott Nov Dic
2018: Gen Feb Mar Apr Mag Giu Lug Ago Set Ott Nov Dic
2017: Gen Feb Mar Apr Mag Giu Lug Ago Set Ott Nov Dic
2016: Gen Feb Mar Apr Mag Giu Lug Ago Set Ott Nov Dic
2015: Gen Feb Mar Apr Mag Giu Lug Ago Set Ott Nov Dic
2014: Gen Feb Mar Apr Mag Giu Lug Ago Set Ott Nov Dic
2013: Gen Feb Mar Apr Mag Giu Lug Ago Set Ott Nov Dic
2012: Gen Feb Mar Apr Mag Giu Lug Ago Set Ott Nov Dic
2011: Gen Feb Mar Apr Mag Giu Lug Ago Set Ott Nov Dic
2010: Gen Feb Mar Apr Mag Giu Lug Ago Set Ott Nov Dic
2009: Gen Feb Mar Apr Mag Giu Lug Ago Set Ott Nov Dic
2008: Gen Feb Mar Apr Mag Giu Lug Ago Set Ott Nov Dic
2007: Gen Feb Mar Apr Mag Giu Lug Ago Set Ott Nov Dic
2006: Gen Feb Mar Apr Mag Giu Lug Ago Set Ott Nov Dic
2024: Gen Feb Mar Apr Mag Giu Lug Ago Set Ott Nov Dic
2023: Gen Feb Mar Apr Mag Giu Lug Ago Set Ott Nov Dic
2022: Gen Feb Mar Apr Mag Giu Lug Ago Set Ott Nov Dic
2021: Gen Feb Mar Apr Mag Giu Lug Ago Set Ott Nov Dic
2020: Gen Feb Mar Apr Mag Giu Lug Ago Set Ott Nov Dic
2019: Gen Feb Mar Apr Mag Giu Lug Ago Set Ott Nov Dic
2018: Gen Feb Mar Apr Mag Giu Lug Ago Set Ott Nov Dic
2017: Gen Feb Mar Apr Mag Giu Lug Ago Set Ott Nov Dic
2016: Gen Feb Mar Apr Mag Giu Lug Ago Set Ott Nov Dic
2015: Gen Feb Mar Apr Mag Giu Lug Ago Set Ott Nov Dic
2014: Gen Feb Mar Apr Mag Giu Lug Ago Set Ott Nov Dic
2013: Gen Feb Mar Apr Mag Giu Lug Ago Set Ott Nov Dic
2012: Gen Feb Mar Apr Mag Giu Lug Ago Set Ott Nov Dic
2011: Gen Feb Mar Apr Mag Giu Lug Ago Set Ott Nov Dic
2010: Gen Feb Mar Apr Mag Giu Lug Ago Set Ott Nov Dic
2009: Gen Feb Mar Apr Mag Giu Lug Ago Set Ott Nov Dic
2008: Gen Feb Mar Apr Mag Giu Lug Ago Set Ott Nov Dic
2007: Gen Feb Mar Apr Mag Giu Lug Ago Set Ott Nov Dic
2006: Gen Feb Mar Apr Mag Giu Lug Ago Set Ott Nov Dic
Archivio 2019 Agosto
Monthly Climatological Summary for ago 2019 Name: San Fruttuoso City: Genova State: Italy Elevation: 70 m Lat: N 44 24 33 Lon: E 008 57 37 Temperature (°C), Rain (mm), Wind Speed (km/h) Heat Cool Avg Mean Deg Deg Wind Dom Day Temp High Time Low Time Days Days Rain Speed High Time Dir ---------------------------------------------------------------------------------- 01 23.9 26.6 15:59 21.3 05:59 0.0 5.6 0.0 6.9 24.1 12:11 SSW 02 24.4 27.6 14:55 20.6 05:18 0.0 6.1 0.0 9.0 35.4 12:55 SE 03 25.4 28.3 17:03 20.7 05:50 0.0 7.1 0.0 7.1 27.4 14:27 SE 04 24.3 27.8 15:56 19.9 05:49 0.0 6.0 0.0 7.7 20.9 13:44 WNW 05 24.0 26.5 11:53 20.9 05:59 0.0 5.7 0.0 8.5 24.1 13:42 S 06 24.6 27.6 14:11 21.9 05:43 0.0 6.3 0.0 9.2 35.4 17:33 SE 07 25.3 27.9 13:51 20.7 23:07 0.0 7.0 48.0 12.6 70.8 23:01 ESE 08 25.0 27.7 10:01 21.3 00:03 0.0 6.7 0.0 6.5 27.4 12:31 SW 09 25.3 27.8 12:46 22.1 06:09 0.0 7.0 0.0 6.4 17.7 10:10 WSW 10 25.4 27.7 12:20 22.4 05:48 0.0 7.1 0.0 9.2 29.0 12:44 SSE 11 25.5 28.4 14:58 22.0 05:42 0.0 7.2 0.0 7.2 22.5 14:21 W 12 25.3 28.0 11:42 22.6 04:20 0.0 7.0 0.0 8.4 33.8 15:31 SE 13 25.1 28.2 10:33 22.4 23:57 0.0 6.8 0.5 6.7 25.7 11:54 SE 14 25.3 31.0 15:50 20.9 02:25 0.0 6.9 0.0 6.5 27.4 13:26 NNW 15 24.1 27.1 14:06 20.5 03:53 0.0 5.8 0.0 8.5 32.2 15:06 SE 16 24.2 27.3 10:30 20.3 04:51 0.0 5.9 0.0 7.1 22.5 13:41 WNW 17 23.9 26.6 12:44 20.9 05:48 0.0 5.6 0.0 8.1 24.1 13:00 SW 18 23.9 26.4 15:49 21.2 03:59 0.0 5.6 0.0 8.2 27.4 11:40 SSW 19 24.2 27.1 10:02 20.1 04:22 0.0 5.9 0.0 9.2 30.6 11:52 SSE 20 24.7 27.8 16:03 21.4 06:05 0.0 6.4 0.0 7.0 20.9 13:19 W 21 25.4 28.7 14:45 20.9 04:59 0.0 7.1 0.0 6.1 20.9 14:52 W 22 26.7 29.3 16:22 24.7 07:04 0.0 8.4 0.0 9.4 48.3 11:34 N 23 25.6 29.6 13:59 23.3 05:56 0.0 7.3 0.3 7.1 32.2 15:53 N 24 25.2 28.8 11:37 23.2 03:35 0.0 6.9 0.0 6.6 27.4 01:33 N 25 26.4 30.3 15:41 23.1 00:22 0.0 8.1 0.0 6.5 25.7 04:31 N 26 26.5 29.7 15:09 23.2 02:52 0.0 8.2 0.0 6.8 20.9 07:24 WNW 27 26.3 28.8 12:36 22.9 05:30 0.0 8.0 0.0 6.2 24.1 06:55 SW 28 25.0 27.0 15:58 23.6 23:32 0.0 6.7 0.0 8.1 37.0 12:15 NNW 29 25.7 28.4 12:59 23.1 02:48 0.0 7.4 0.0 6.2 25.7 01:33 W 30 26.1 30.7 16:01 22.7 04:35 0.0 7.8 0.0 6.0 22.5 15:55 WNW 31 27.4 32.7 16:15 24.7 00:25 0.0 9.1 10.2 7.1 45.1 16:37 NNW ---------------------------------------------------------------------------------- 25.2 32.7 31 19.9 4 0.0 212.7 59.0 7.6 70.8 7 SW Max >= 27.0 27 Max <= 5.0 0 Min <= 20.0 1 Min <= 0.0 0 Max Rain: 48.0 on day 7 Days of Rain: 4 (>= 0.2 mm) 2 (>= 2.0 mm) 1 (>= 20.0 mm) Heat Base: 18.3 Cool Base: 18.3 Method: Integration