Rapporti Climatici in stile NOAA
Selezionare un Anno o un Mese
2024: Gen Feb Mar Apr Mag Giu Lug Ago Set Ott Nov Dic
2023: Gen Feb Mar Apr Mag Giu Lug Ago Set Ott Nov Dic
2022: Gen Feb Mar Apr Mag Giu Lug Ago Set Ott Nov Dic
2021: Gen Feb Mar Apr Mag Giu Lug Ago Set Ott Nov Dic
2020: Gen Feb Mar Apr Mag Giu Lug Ago Set Ott Nov Dic
2019: Gen Feb Mar Apr Mag Giu Lug Ago Set Ott Nov Dic
2018: Gen Feb Mar Apr Mag Giu Lug Ago Set Ott Nov Dic
2017: Gen Feb Mar Apr Mag Giu Lug Ago Set Ott Nov Dic
2016: Gen Feb Mar Apr Mag Giu Lug Ago Set Ott Nov Dic
2015: Gen Feb Mar Apr Mag Giu Lug Ago Set Ott Nov Dic
2014: Gen Feb Mar Apr Mag Giu Lug Ago Set Ott Nov Dic
2013: Gen Feb Mar Apr Mag Giu Lug Ago Set Ott Nov Dic
2012: Gen Feb Mar Apr Mag Giu Lug Ago Set Ott Nov Dic
2011: Gen Feb Mar Apr Mag Giu Lug Ago Set Ott Nov Dic
2010: Gen Feb Mar Apr Mag Giu Lug Ago Set Ott Nov Dic
2009: Gen Feb Mar Apr Mag Giu Lug Ago Set Ott Nov Dic
2008: Gen Feb Mar Apr Mag Giu Lug Ago Set Ott Nov Dic
2007: Gen Feb Mar Apr Mag Giu Lug Ago Set Ott Nov Dic
2006: Gen Feb Mar Apr Mag Giu Lug Ago Set Ott Nov Dic
2024: Gen Feb Mar Apr Mag Giu Lug Ago Set Ott Nov Dic
2023: Gen Feb Mar Apr Mag Giu Lug Ago Set Ott Nov Dic
2022: Gen Feb Mar Apr Mag Giu Lug Ago Set Ott Nov Dic
2021: Gen Feb Mar Apr Mag Giu Lug Ago Set Ott Nov Dic
2020: Gen Feb Mar Apr Mag Giu Lug Ago Set Ott Nov Dic
2019: Gen Feb Mar Apr Mag Giu Lug Ago Set Ott Nov Dic
2018: Gen Feb Mar Apr Mag Giu Lug Ago Set Ott Nov Dic
2017: Gen Feb Mar Apr Mag Giu Lug Ago Set Ott Nov Dic
2016: Gen Feb Mar Apr Mag Giu Lug Ago Set Ott Nov Dic
2015: Gen Feb Mar Apr Mag Giu Lug Ago Set Ott Nov Dic
2014: Gen Feb Mar Apr Mag Giu Lug Ago Set Ott Nov Dic
2013: Gen Feb Mar Apr Mag Giu Lug Ago Set Ott Nov Dic
2012: Gen Feb Mar Apr Mag Giu Lug Ago Set Ott Nov Dic
2011: Gen Feb Mar Apr Mag Giu Lug Ago Set Ott Nov Dic
2010: Gen Feb Mar Apr Mag Giu Lug Ago Set Ott Nov Dic
2009: Gen Feb Mar Apr Mag Giu Lug Ago Set Ott Nov Dic
2008: Gen Feb Mar Apr Mag Giu Lug Ago Set Ott Nov Dic
2007: Gen Feb Mar Apr Mag Giu Lug Ago Set Ott Nov Dic
2006: Gen Feb Mar Apr Mag Giu Lug Ago Set Ott Nov Dic
Archivio 2019 Luglio
Monthly Climatological Summary for lug 2019 Name: San Fruttuoso City: Genova State: Italy Elevation: 70 m Lat: N 44 24 33 Lon: E 008 57 37 Temperature (°C), Rain (mm), Wind Speed (km/h) Heat Cool Avg Mean Deg Deg Wind Dom Day Temp High Time Low Time Days Days Rain Speed High Time Dir ---------------------------------------------------------------------------------- 01 27.1 29.8 17:09 24.1 05:02 0.0 8.8 0.0 7.3 22.5 12:51 SW 02 27.7 31.1 17:30 25.6 23:55 0.0 9.4 0.0 6.4 22.5 08:42 S 03 27.1 29.2 11:55 23.5 02:52 0.0 8.8 0.0 6.7 22.5 13:48 SW 04 27.7 30.9 11:07 24.7 05:43 0.0 9.4 0.0 6.0 25.7 02:30 W 05 26.5 28.7 15:24 23.6 05:16 0.0 8.2 0.0 7.7 24.1 13:06 SSW 06 26.6 28.6 11:32 24.3 01:50 0.0 8.3 0.0 11.3 38.6 11:42 SE 07 26.6 28.8 11:06 25.6 23:56 0.0 8.3 0.8 9.7 37.0 12:10 SE 08 26.4 29.1 15:49 23.4 05:25 0.0 8.1 0.0 8.1 30.6 21:22 SSE 09 24.8 28.6 11:06 21.9 15:15 0.0 6.5 3.3 7.6 40.2 12:13 NW 10 25.8 31.4 16:09 21.3 02:34 0.0 7.5 0.0 10.2 40.2 07:25 NW 11 24.6 26.3 15:05 21.8 04:45 0.0 6.3 0.0 7.9 27.4 11:05 SE 12 25.4 28.3 12:41 22.2 04:32 0.0 7.1 0.0 7.0 30.6 13:45 S 13 25.9 30.9 11:51 21.5 05:43 0.0 7.6 0.0 7.3 30.6 12:29 WNW 14 25.2 28.2 16:53 22.4 05:48 0.0 6.9 0.3 7.8 24.1 12:36 W 15 20.3 23.1 00:34 17.9 11:25 0.0 2.0 17.3 5.5 30.6 19:10 NNW 16 23.9 28.4 14:39 19.9 04:00 0.0 5.6 0.0 7.6 41.8 03:39 WNW 17 22.7 26.2 15:30 18.8 04:53 0.0 4.4 0.0 8.6 22.5 10:55 WSW 18 22.8 25.3 15:42 19.7 03:19 0.0 4.5 0.0 7.9 30.6 10:35 SW 19 23.7 26.5 15:56 19.9 05:23 0.0 5.4 0.0 7.2 22.5 12:36 SW 20 23.9 27.1 15:22 20.1 04:56 0.0 5.6 0.0 7.4 20.9 12:36 WSW 21 24.1 26.7 10:33 20.4 05:37 0.0 5.8 0.0 9.4 29.0 10:57 SSE 22 25.4 28.6 10:47 20.7 05:20 0.0 7.1 0.0 6.6 19.3 09:03 W 23 28.4 32.3 16:56 24.4 04:58 0.0 10.1 0.0 5.0 16.1 12:45 SSW 24 29.4 32.6 10:05 26.3 05:46 0.0 11.1 0.0 5.2 17.7 10:18 SSW 25 28.8 32.1 18:07 25.2 05:06 0.0 10.5 0.0 6.3 17.7 13:23 WSW 26 26.7 28.7 14:15 23.7 05:04 0.0 8.4 0.0 8.8 25.7 12:47 SSE 27 23.9 27.9 14:50 20.9 16:21 0.0 5.6 4.6 7.8 48.3 15:57 NNW 28 22.7 26.7 13:04 18.8 02:35 0.0 4.4 25.4 8.4 35.4 08:29 WNW 29 23.4 26.0 12:30 19.9 05:22 0.0 5.1 0.0 9.8 33.8 13:32 SE 30 23.3 25.9 12:46 19.7 05:04 0.0 5.0 0.0 9.1 29.0 13:35 SSE 31 24.3 26.6 13:33 22.2 06:29 0.0 6.0 3.0 8.8 37.0 14:10 SE ---------------------------------------------------------------------------------- 25.3 32.6 24 17.9 15 0.0 217.8 54.7 7.8 48.3 27 SW Max >= 27.0 21 Max <= 5.0 0 Min <= 20.0 8 Min <= 0.0 0 Max Rain: 25.4 on day 28 Days of Rain: 7 (>= 0.2 mm) 5 (>= 2.0 mm) 1 (>= 20.0 mm) Heat Base: 18.3 Cool Base: 18.3 Method: Integration