Rapporti Climatici in stile NOAA
Selezionare un Anno o un Mese
2024: Gen Feb Mar Apr Mag Giu Lug Ago Set Ott Nov Dic
2023: Gen Feb Mar Apr Mag Giu Lug Ago Set Ott Nov Dic
2022: Gen Feb Mar Apr Mag Giu Lug Ago Set Ott Nov Dic
2021: Gen Feb Mar Apr Mag Giu Lug Ago Set Ott Nov Dic
2020: Gen Feb Mar Apr Mag Giu Lug Ago Set Ott Nov Dic
2019: Gen Feb Mar Apr Mag Giu Lug Ago Set Ott Nov Dic
2018: Gen Feb Mar Apr Mag Giu Lug Ago Set Ott Nov Dic
2017: Gen Feb Mar Apr Mag Giu Lug Ago Set Ott Nov Dic
2016: Gen Feb Mar Apr Mag Giu Lug Ago Set Ott Nov Dic
2015: Gen Feb Mar Apr Mag Giu Lug Ago Set Ott Nov Dic
2014: Gen Feb Mar Apr Mag Giu Lug Ago Set Ott Nov Dic
2013: Gen Feb Mar Apr Mag Giu Lug Ago Set Ott Nov Dic
2012: Gen Feb Mar Apr Mag Giu Lug Ago Set Ott Nov Dic
2011: Gen Feb Mar Apr Mag Giu Lug Ago Set Ott Nov Dic
2010: Gen Feb Mar Apr Mag Giu Lug Ago Set Ott Nov Dic
2009: Gen Feb Mar Apr Mag Giu Lug Ago Set Ott Nov Dic
2008: Gen Feb Mar Apr Mag Giu Lug Ago Set Ott Nov Dic
2007: Gen Feb Mar Apr Mag Giu Lug Ago Set Ott Nov Dic
2006: Gen Feb Mar Apr Mag Giu Lug Ago Set Ott Nov Dic
2024: Gen Feb Mar Apr Mag Giu Lug Ago Set Ott Nov Dic
2023: Gen Feb Mar Apr Mag Giu Lug Ago Set Ott Nov Dic
2022: Gen Feb Mar Apr Mag Giu Lug Ago Set Ott Nov Dic
2021: Gen Feb Mar Apr Mag Giu Lug Ago Set Ott Nov Dic
2020: Gen Feb Mar Apr Mag Giu Lug Ago Set Ott Nov Dic
2019: Gen Feb Mar Apr Mag Giu Lug Ago Set Ott Nov Dic
2018: Gen Feb Mar Apr Mag Giu Lug Ago Set Ott Nov Dic
2017: Gen Feb Mar Apr Mag Giu Lug Ago Set Ott Nov Dic
2016: Gen Feb Mar Apr Mag Giu Lug Ago Set Ott Nov Dic
2015: Gen Feb Mar Apr Mag Giu Lug Ago Set Ott Nov Dic
2014: Gen Feb Mar Apr Mag Giu Lug Ago Set Ott Nov Dic
2013: Gen Feb Mar Apr Mag Giu Lug Ago Set Ott Nov Dic
2012: Gen Feb Mar Apr Mag Giu Lug Ago Set Ott Nov Dic
2011: Gen Feb Mar Apr Mag Giu Lug Ago Set Ott Nov Dic
2010: Gen Feb Mar Apr Mag Giu Lug Ago Set Ott Nov Dic
2009: Gen Feb Mar Apr Mag Giu Lug Ago Set Ott Nov Dic
2008: Gen Feb Mar Apr Mag Giu Lug Ago Set Ott Nov Dic
2007: Gen Feb Mar Apr Mag Giu Lug Ago Set Ott Nov Dic
2006: Gen Feb Mar Apr Mag Giu Lug Ago Set Ott Nov Dic
Archivio 2019 Maggio
Monthly Climatological Summary for mag 2019 Name: San Fruttuoso City: Genova State: Italy Elevation: 70 m Lat: N 44 24 34 Lon: E 008 57 38 Temperature (°C), Rain (mm), Wind Speed (km/h) Heat Cool Avg Mean Deg Deg Wind Dom Day Temp High Time Low Time Days Days Rain Speed High Time Dir ---------------------------------------------------------------------------------- 01 13.8 16.4 15:17 10.4 05:47 4.5 0.0 0.0 8.0 24.1 10:55 SW 02 14.0 15.4 11:29 11.9 04:21 4.3 0.0 1.0 10.9 37.0 18:15 ESE 03 15.5 17.3 13:03 14.3 23:55 2.8 0.0 0.0 11.5 37.0 13:27 SE 04 14.9 17.8 13:02 10.9 23:59 3.4 0.0 24.1 6.7 27.4 23:15 SSE 05 10.7 12.8 18:06 7.7 07:18 7.6 0.0 16.8 10.1 53.1 09:23 N 06 13.2 17.6 13:21 9.6 05:40 5.1 0.0 0.0 9.0 33.8 09:45 W 07 13.5 16.3 12:17 9.8 05:19 4.8 0.0 0.0 10.0 30.6 11:20 SE 08 14.0 14.9 14:35 12.4 07:53 4.3 0.0 16.0 13.5 46.7 21:49 SE 09 14.5 16.9 14:36 11.9 02:58 3.8 0.0 8.1 8.0 33.8 07:53 S 10 15.4 18.1 13:28 11.9 05:56 2.9 0.0 0.0 9.6 30.6 17:11 SE 11 14.6 15.6 06:57 12.3 23:52 3.7 0.0 2.5 7.0 38.6 16:41 ESE 12 16.0 18.8 09:54 11.4 02:56 2.3 0.0 0.0 8.1 41.8 04:45 N 13 18.3 21.6 13:19 15.3 04:08 0.9 0.9 0.0 5.8 35.4 14:40 N 14 16.7 20.5 10:03 12.4 23:35 1.8 0.2 3.3 6.8 25.7 15:55 SSE 15 13.6 17.1 18:23 10.2 05:12 4.7 0.0 0.3 6.1 40.2 14:35 NNW 16 14.0 16.5 15:38 10.8 05:37 4.3 0.0 0.0 7.4 27.4 03:25 S 17 14.3 17.9 17:18 10.4 05:05 4.0 0.0 2.0 6.1 19.3 14:29 NW 18 14.7 17.2 14:31 12.8 05:49 3.6 0.0 2.0 6.4 27.4 03:09 N 19 14.2 16.1 09:05 12.9 23:58 4.1 0.0 8.6 4.2 17.7 18:39 WNW 20 14.2 15.6 10:46 12.7 02:56 4.1 0.0 5.8 4.2 24.1 12:41 SE 21 15.7 18.3 13:24 12.6 05:12 2.6 0.0 0.0 9.6 37.0 15:28 SE 22 16.1 18.4 15:18 13.6 02:32 2.2 0.0 0.0 8.0 25.7 08:54 SE 23 16.2 18.9 12:54 12.9 03:08 2.1 0.0 0.0 7.6 24.1 14:30 SW 24 16.8 18.7 09:55 14.6 23:57 1.5 0.0 0.0 5.6 22.5 10:16 S 25 17.0 20.7 17:16 12.7 04:55 1.7 0.4 0.0 6.2 29.0 23:36 WSW 26 18.9 21.0 17:19 16.4 03:55 0.4 1.1 0.0 6.6 35.4 12:54 NNW 27 17.9 20.4 16:35 16.2 04:24 0.7 0.3 7.4 6.5 32.2 16:14 NNW 28 17.2 19.9 13:00 15.4 21:04 1.3 0.1 1.5 7.1 33.8 13:41 ESE 29 18.6 22.8 16:42 15.8 00:38 0.7 1.0 0.3 5.9 35.4 09:51 N 30 18.5 22.8 10:13 15.0 23:56 0.6 0.8 0.0 5.8 20.9 11:47 S 31 17.9 21.3 17:56 13.2 05:05 1.5 1.0 0.0 7.1 20.9 16:13 W ---------------------------------------------------------------------------------- 15.5 22.8 29 7.7 5 92.3 5.8 99.7 7.6 53.1 5 SSE Max >= 27.0 0 Max <= 5.0 0 Min <= 20.0 31 Min <= 0.0 0 Max Rain: 24.1 on day 4 Days of Rain: 15 (>= 0.2 mm) 11 (>= 2.0 mm) 1 (>= 20.0 mm) Heat Base: 18.3 Cool Base: 18.3 Method: Integration