Rapporti Climatici in stile NOAA
Selezionare un Anno o un Mese
2024: Gen Feb Mar Apr Mag Giu Lug Ago Set Ott Nov Dic
2023: Gen Feb Mar Apr Mag Giu Lug Ago Set Ott Nov Dic
2022: Gen Feb Mar Apr Mag Giu Lug Ago Set Ott Nov Dic
2021: Gen Feb Mar Apr Mag Giu Lug Ago Set Ott Nov Dic
2020: Gen Feb Mar Apr Mag Giu Lug Ago Set Ott Nov Dic
2019: Gen Feb Mar Apr Mag Giu Lug Ago Set Ott Nov Dic
2018: Gen Feb Mar Apr Mag Giu Lug Ago Set Ott Nov Dic
2017: Gen Feb Mar Apr Mag Giu Lug Ago Set Ott Nov Dic
2016: Gen Feb Mar Apr Mag Giu Lug Ago Set Ott Nov Dic
2015: Gen Feb Mar Apr Mag Giu Lug Ago Set Ott Nov Dic
2014: Gen Feb Mar Apr Mag Giu Lug Ago Set Ott Nov Dic
2013: Gen Feb Mar Apr Mag Giu Lug Ago Set Ott Nov Dic
2012: Gen Feb Mar Apr Mag Giu Lug Ago Set Ott Nov Dic
2011: Gen Feb Mar Apr Mag Giu Lug Ago Set Ott Nov Dic
2010: Gen Feb Mar Apr Mag Giu Lug Ago Set Ott Nov Dic
2009: Gen Feb Mar Apr Mag Giu Lug Ago Set Ott Nov Dic
2008: Gen Feb Mar Apr Mag Giu Lug Ago Set Ott Nov Dic
2007: Gen Feb Mar Apr Mag Giu Lug Ago Set Ott Nov Dic
2006: Gen Feb Mar Apr Mag Giu Lug Ago Set Ott Nov Dic
2024: Gen Feb Mar Apr Mag Giu Lug Ago Set Ott Nov Dic
2023: Gen Feb Mar Apr Mag Giu Lug Ago Set Ott Nov Dic
2022: Gen Feb Mar Apr Mag Giu Lug Ago Set Ott Nov Dic
2021: Gen Feb Mar Apr Mag Giu Lug Ago Set Ott Nov Dic
2020: Gen Feb Mar Apr Mag Giu Lug Ago Set Ott Nov Dic
2019: Gen Feb Mar Apr Mag Giu Lug Ago Set Ott Nov Dic
2018: Gen Feb Mar Apr Mag Giu Lug Ago Set Ott Nov Dic
2017: Gen Feb Mar Apr Mag Giu Lug Ago Set Ott Nov Dic
2016: Gen Feb Mar Apr Mag Giu Lug Ago Set Ott Nov Dic
2015: Gen Feb Mar Apr Mag Giu Lug Ago Set Ott Nov Dic
2014: Gen Feb Mar Apr Mag Giu Lug Ago Set Ott Nov Dic
2013: Gen Feb Mar Apr Mag Giu Lug Ago Set Ott Nov Dic
2012: Gen Feb Mar Apr Mag Giu Lug Ago Set Ott Nov Dic
2011: Gen Feb Mar Apr Mag Giu Lug Ago Set Ott Nov Dic
2010: Gen Feb Mar Apr Mag Giu Lug Ago Set Ott Nov Dic
2009: Gen Feb Mar Apr Mag Giu Lug Ago Set Ott Nov Dic
2008: Gen Feb Mar Apr Mag Giu Lug Ago Set Ott Nov Dic
2007: Gen Feb Mar Apr Mag Giu Lug Ago Set Ott Nov Dic
2006: Gen Feb Mar Apr Mag Giu Lug Ago Set Ott Nov Dic
Archivio 2019 Febbraio
Monthly Climatological Summary for feb 2019 Name: San Fruttuoso City: Genova State: Italy Elevation: 70 m Lat: N 44° 24' 00" Lon: E 008° 57' 60" Temperature (°C), Rain (mm), Wind Speed (km/h) Heat Cool Avg Mean Deg Deg Wind Dom Day Temp High Time Low Time Days Days Rain Speed High Time Dir ---------------------------------------------------------------------------------- 1 3.8 7.1 23:34 2.3 02:12 14.5 0.0 42.5 12.4 51.5 06:15 NNE 2 7.0 12.7 13:05 4.8 20:57 11.3 0.0 10.9 7.4 48.3 14:09 NNW 3 8.3 11.2 17:00 5.3 02:39 10.0 0.0 0.0 7.0 37.0 14:21 NNE 4 9.7 13.1 12:52 7.7 07:05 8.6 0.0 0.0 9.0 48.3 14:50 NNW 5 9.0 11.9 14:28 6.7 01:46 9.3 0.0 0.0 10.0 40.2 04:35 N 6 10.3 14.9 14:18 7.2 02:26 8.0 0.0 0.0 10.9 41.8 02:00 N 7 9.6 12.8 11:48 5.7 08:27 8.7 0.0 0.0 7.0 27.4 00:59 N 8 9.9 14.1 12:47 6.7 04:19 8.4 0.0 0.0 6.6 22.5 11:20 NNW 9 10.0 13.0 12:24 5.6 06:48 8.3 0.0 0.0 11.2 40.2 22:53 ESE 10 12.4 12.9 20:58 9.9 23:23 5.9 0.0 0.2 14.4 45.1 20:06 SSE 11 11.4 13.8 15:38 9.2 08:31 6.9 0.0 0.0 14.8 62.8 15:51 NW 12 11.4 16.1 12:57 7.1 23:47 6.9 0.0 0.0 8.0 46.7 01:37 NW 13 10.6 13.1 16:26 6.4 00:42 7.6 0.0 0.0 5.8 27.4 08:17 ENE 14 10.7 14.8 16:47 7.1 07:22 7.7 0.0 0.0 7.5 22.5 05:13 WNW 15 11.3 14.9 14:21 7.2 01:03 7.0 0.0 0.0 4.3 17.7 02:27 W 16 12.2 15.7 11:15 8.4 23:37 6.1 0.0 0.0 7.0 35.4 04:48 NE 17 9.9 13.7 14:00 6.3 06:03 8.4 0.0 0.0 7.0 17.7 14:29 NW 18 10.0 13.0 14:17 6.9 07:42 8.3 0.0 0.0 8.0 29.0 13:43 W 19 10.6 13.2 13:32 8.3 05:19 7.7 0.0 0.0 7.4 30.6 13:58 E 20 9.9 13.3 13:11 6.4 06:55 8.4 0.0 0.0 8.2 20.9 14:48 WNW 21 9.8 13.0 15:41 5.8 07:10 8.5 0.0 0.0 7.1 19.3 15:06 WNW 22 10.8 13.6 15:27 7.7 07:47 7.5 0.0 0.0 6.6 19.3 12:11 WNW 23 10.5 13.8 08:59 6.6 23:52 7.8 0.0 0.0 8.1 43.5 23:49 NNW 24 9.2 12.7 15:44 5.9 06:31 9.1 0.0 0.0 11.8 53.1 18:23 N 25 13.3 18.3 18:15 7.6 03:54 5.0 0.0 0.0 5.9 32.2 06:38 NNE 26 13.9 17.1 14:58 9.8 04:53 4.4 0.0 0.0 7.3 27.4 08:13 NW 27 11.8 15.3 12:20 7.9 05:48 6.5 0.0 0.0 4.6 19.3 12:42 W 28 11.5 12.8 10:52 9.7 00:58 6.8 0.0 0.0 6.3 24.1 12:02 ESE ---------------------------------------------------------------------------------- 10.3 18.3 25 2.3 1 223.6 0.0 53.6 8.3 62.8 11 NNW Max >= 27.0: 0 Max <= 5.0: 0 Min <= 20.0: 28 Min <= 0.0: 0 Max Rain: 42.5 on day 1 Days of Rain: 3 (>= 0.2 mm) 2 (>= 2.0 mm) 1 (>= 20.0 mm) Heat Base: 18.3 Cool Base: 18.3 Method: Integration