Rapporti Climatici in stile NOAA
Selezionare un Anno o un Mese
2024: Gen Feb Mar Apr Mag Giu Lug Ago Set Ott Nov Dic
2023: Gen Feb Mar Apr Mag Giu Lug Ago Set Ott Nov Dic
2022: Gen Feb Mar Apr Mag Giu Lug Ago Set Ott Nov Dic
2021: Gen Feb Mar Apr Mag Giu Lug Ago Set Ott Nov Dic
2020: Gen Feb Mar Apr Mag Giu Lug Ago Set Ott Nov Dic
2019: Gen Feb Mar Apr Mag Giu Lug Ago Set Ott Nov Dic
2018: Gen Feb Mar Apr Mag Giu Lug Ago Set Ott Nov Dic
2017: Gen Feb Mar Apr Mag Giu Lug Ago Set Ott Nov Dic
2016: Gen Feb Mar Apr Mag Giu Lug Ago Set Ott Nov Dic
2015: Gen Feb Mar Apr Mag Giu Lug Ago Set Ott Nov Dic
2014: Gen Feb Mar Apr Mag Giu Lug Ago Set Ott Nov Dic
2013: Gen Feb Mar Apr Mag Giu Lug Ago Set Ott Nov Dic
2012: Gen Feb Mar Apr Mag Giu Lug Ago Set Ott Nov Dic
2011: Gen Feb Mar Apr Mag Giu Lug Ago Set Ott Nov Dic
2010: Gen Feb Mar Apr Mag Giu Lug Ago Set Ott Nov Dic
2009: Gen Feb Mar Apr Mag Giu Lug Ago Set Ott Nov Dic
2008: Gen Feb Mar Apr Mag Giu Lug Ago Set Ott Nov Dic
2007: Gen Feb Mar Apr Mag Giu Lug Ago Set Ott Nov Dic
2006: Gen Feb Mar Apr Mag Giu Lug Ago Set Ott Nov Dic
2024: Gen Feb Mar Apr Mag Giu Lug Ago Set Ott Nov Dic
2023: Gen Feb Mar Apr Mag Giu Lug Ago Set Ott Nov Dic
2022: Gen Feb Mar Apr Mag Giu Lug Ago Set Ott Nov Dic
2021: Gen Feb Mar Apr Mag Giu Lug Ago Set Ott Nov Dic
2020: Gen Feb Mar Apr Mag Giu Lug Ago Set Ott Nov Dic
2019: Gen Feb Mar Apr Mag Giu Lug Ago Set Ott Nov Dic
2018: Gen Feb Mar Apr Mag Giu Lug Ago Set Ott Nov Dic
2017: Gen Feb Mar Apr Mag Giu Lug Ago Set Ott Nov Dic
2016: Gen Feb Mar Apr Mag Giu Lug Ago Set Ott Nov Dic
2015: Gen Feb Mar Apr Mag Giu Lug Ago Set Ott Nov Dic
2014: Gen Feb Mar Apr Mag Giu Lug Ago Set Ott Nov Dic
2013: Gen Feb Mar Apr Mag Giu Lug Ago Set Ott Nov Dic
2012: Gen Feb Mar Apr Mag Giu Lug Ago Set Ott Nov Dic
2011: Gen Feb Mar Apr Mag Giu Lug Ago Set Ott Nov Dic
2010: Gen Feb Mar Apr Mag Giu Lug Ago Set Ott Nov Dic
2009: Gen Feb Mar Apr Mag Giu Lug Ago Set Ott Nov Dic
2008: Gen Feb Mar Apr Mag Giu Lug Ago Set Ott Nov Dic
2007: Gen Feb Mar Apr Mag Giu Lug Ago Set Ott Nov Dic
2006: Gen Feb Mar Apr Mag Giu Lug Ago Set Ott Nov Dic
Archivio 2019 Gennaio
Monthly Climatological Summary for gen 2019 Name: San Fruttuoso City: Genova State: Italy Elevation: 70 m Lat: N 44° 24' 00" Lon: E 008° 57' 60" Temperature (°C), Rain (mm), Wind Speed (km/h) Heat Cool Avg Mean Deg Deg Wind Dom Day Temp High Time Low Time Days Days Rain Speed High Time Dir ---------------------------------------------------------------------------------- 1 9.9 12.2 13:43 7.5 07:32 8.4 0.0 0.0 7.1 33.8 08:03 NNW 2 11.9 16.6 09:51 7.6 07:58 6.4 0.0 0.0 10.1 54.7 19:29 NNW 3 7.8 10.7 15:32 4.5 20:55 10.5 0.0 0.0 5.6 35.4 00:34 NNW 4 6.4 11.2 14:26 2.3 05:29 11.9 0.0 0.0 7.0 19.3 02:10 NW 5 8.8 12.1 14:08 6.2 00:20 9.5 0.0 0.0 5.6 19.3 12:32 NNW 6 8.5 13.4 15:13 5.2 07:33 9.8 0.0 0.0 7.6 19.3 23:48 NW 7 9.8 15.7 15:41 5.2 03:08 8.5 0.0 0.0 6.7 25.7 02:29 NNW 8 9.9 12.4 13:04 6.6 00:00 8.4 0.0 0.0 7.7 30.6 11:21 SE 9 8.9 11.3 11:02 5.9 01:16 9.4 0.0 0.0 8.9 56.3 14:48 NNW 10 7.9 10.2 15:23 5.8 07:24 10.4 0.0 0.0 8.3 37.0 13:43 NNE 11 7.0 10.3 12:40 4.3 23:28 11.3 0.0 0.0 7.3 40.2 13:43 N 12 6.4 11.7 16:12 2.4 05:44 11.9 0.0 0.0 7.8 17.7 00:52 NW 13 9.7 13.4 14:07 6.3 07:53 8.6 0.0 0.0 5.2 19.3 08:43 NW 14 12.6 16.8 13:05 6.9 07:39 5.7 0.0 0.0 9.4 48.3 14:51 NW 15 11.6 14.5 12:52 7.7 23:26 6.7 0.0 0.0 7.4 29.0 13:10 N 16 12.2 13.2 09:17 8.0 00:00 6.1 0.0 0.8 13.3 41.8 22:49 SE 17 11.1 12.2 05:38 8.5 23:12 7.2 0.0 15.2 8.7 37.0 00:10 SSE 18 9.4 12.2 14:28 6.9 23:51 8.9 0.0 0.3 8.4 35.4 05:14 N 19 5.7 6.9 00:00 5.2 10:00 12.6 0.0 0.0 8.9 38.6 08:24 N 20 5.7 9.1 14:25 3.9 07:57 12.6 0.0 0.0 7.6 32.2 21:55 N 21 5.3 7.6 16:20 3.7 06:37 13.0 0.0 0.0 9.9 40.2 14:21 N 22 6.2 9.1 15:13 4.1 23:50 12.1 0.0 0.0 6.9 30.6 00:21 N 23 2.4 4.6 04:43 -0.1 16:30 15.9 0.0 6.1 5.7 37.0 22:28 NNW 24 5.2 8.6 15:32 2.3 00:00 13.1 0.0 7.8 11.8 54.7 09:56 NNW 25 6.5 10.5 14:34 4.1 08:00 11.8 0.0 0.0 7.9 37.0 13:38 NNW 26 8.0 12.0 13:16 3.7 08:36 10.2 0.0 0.0 6.4 27.4 01:47 NNE 27 10.1 12.1 14:55 5.6 23:02 8.2 0.0 0.3 11.1 43.5 05:04 ESE 28 8.6 11.8 13:38 4.4 02:33 9.7 0.0 0.0 8.9 40.2 14:34 NNW 29 8.4 12.9 14:37 4.4 02:58 9.9 0.0 0.0 6.3 22.5 10:49 NNW 30 4.1 8.9 00:59 2.9 09:33 14.2 0.0 9.6 7.7 37.0 21:20 N 31 4.0 7.9 14:19 1.7 03:39 14.3 0.0 12.7 9.5 54.7 23:09 NNW ---------------------------------------------------------------------------------- 8.1 16.8 14 -0.1 23 317.2 0.0 52.8 8.1 56.3 9 N Max >= 27.0: 0 Max <= 5.0: 1 Min <= 20.0: 31 Min <= 0.0: 1 Max Rain: 15.2 on day 17 Days of Rain: 8 (>= 0.2 mm) 5 (>= 2.0 mm) 0 (>= 20.0 mm) Heat Base: 18.3 Cool Base: 18.3 Method: Integration