Rapporti Climatici in stile NOAA
Selezionare un Anno o un Mese
2024: Gen Feb Mar Apr Mag Giu Lug Ago Set Ott Nov Dic
2023: Gen Feb Mar Apr Mag Giu Lug Ago Set Ott Nov Dic
2022: Gen Feb Mar Apr Mag Giu Lug Ago Set Ott Nov Dic
2021: Gen Feb Mar Apr Mag Giu Lug Ago Set Ott Nov Dic
2020: Gen Feb Mar Apr Mag Giu Lug Ago Set Ott Nov Dic
2019: Gen Feb Mar Apr Mag Giu Lug Ago Set Ott Nov Dic
2018: Gen Feb Mar Apr Mag Giu Lug Ago Set Ott Nov Dic
2017: Gen Feb Mar Apr Mag Giu Lug Ago Set Ott Nov Dic
2016: Gen Feb Mar Apr Mag Giu Lug Ago Set Ott Nov Dic
2015: Gen Feb Mar Apr Mag Giu Lug Ago Set Ott Nov Dic
2014: Gen Feb Mar Apr Mag Giu Lug Ago Set Ott Nov Dic
2013: Gen Feb Mar Apr Mag Giu Lug Ago Set Ott Nov Dic
2012: Gen Feb Mar Apr Mag Giu Lug Ago Set Ott Nov Dic
2011: Gen Feb Mar Apr Mag Giu Lug Ago Set Ott Nov Dic
2010: Gen Feb Mar Apr Mag Giu Lug Ago Set Ott Nov Dic
2009: Gen Feb Mar Apr Mag Giu Lug Ago Set Ott Nov Dic
2008: Gen Feb Mar Apr Mag Giu Lug Ago Set Ott Nov Dic
2007: Gen Feb Mar Apr Mag Giu Lug Ago Set Ott Nov Dic
2006: Gen Feb Mar Apr Mag Giu Lug Ago Set Ott Nov Dic
2024: Gen Feb Mar Apr Mag Giu Lug Ago Set Ott Nov Dic
2023: Gen Feb Mar Apr Mag Giu Lug Ago Set Ott Nov Dic
2022: Gen Feb Mar Apr Mag Giu Lug Ago Set Ott Nov Dic
2021: Gen Feb Mar Apr Mag Giu Lug Ago Set Ott Nov Dic
2020: Gen Feb Mar Apr Mag Giu Lug Ago Set Ott Nov Dic
2019: Gen Feb Mar Apr Mag Giu Lug Ago Set Ott Nov Dic
2018: Gen Feb Mar Apr Mag Giu Lug Ago Set Ott Nov Dic
2017: Gen Feb Mar Apr Mag Giu Lug Ago Set Ott Nov Dic
2016: Gen Feb Mar Apr Mag Giu Lug Ago Set Ott Nov Dic
2015: Gen Feb Mar Apr Mag Giu Lug Ago Set Ott Nov Dic
2014: Gen Feb Mar Apr Mag Giu Lug Ago Set Ott Nov Dic
2013: Gen Feb Mar Apr Mag Giu Lug Ago Set Ott Nov Dic
2012: Gen Feb Mar Apr Mag Giu Lug Ago Set Ott Nov Dic
2011: Gen Feb Mar Apr Mag Giu Lug Ago Set Ott Nov Dic
2010: Gen Feb Mar Apr Mag Giu Lug Ago Set Ott Nov Dic
2009: Gen Feb Mar Apr Mag Giu Lug Ago Set Ott Nov Dic
2008: Gen Feb Mar Apr Mag Giu Lug Ago Set Ott Nov Dic
2007: Gen Feb Mar Apr Mag Giu Lug Ago Set Ott Nov Dic
2006: Gen Feb Mar Apr Mag Giu Lug Ago Set Ott Nov Dic
Archivio 2018 Dicembre
Monthly Climatological Summary for dic 2018 Name: San Fruttuoso City: Genova State: Italy Elevation: 70 m Lat: N 44° 24' 00" Lon: E 008° 57' 60" Temperature (°C), Rain (mm), Wind Speed (km/h) Heat Cool Avg Mean Deg Deg Wind Dom Day Temp High Time Low Time Days Days Rain Speed High Time Dir ---------------------------------------------------------------------------------- 1 7.7 11.5 13:01 5.8 04:03 10.6 0.0 0.0 10.9 35.4 10:35 N 2 10.1 12.9 13:01 6.6 05:29 8.2 0.0 0.2 6.8 29.0 00:12 NNW 3 13.2 15.9 13:22 10.3 01:55 5.1 0.0 0.3 6.0 29.0 05:26 N 4 13.3 17.7 14:50 9.6 06:28 5.0 0.0 0.0 6.0 20.9 23:21 NNW 5 13.0 17.1 12:22 8.8 07:47 5.3 0.0 0.0 6.3 20.9 02:11 NNW 6 11.0 13.2 00:39 9.7 08:46 7.3 0.0 0.0 9.5 43.5 11:37 N 10 11.4 14.8 16:56 8.4 05:27 6.0 0.0 0.0 5.9 40.2 17:33 NNE 11 10.9 14.6 13:42 8.1 04:14 7.4 0.0 0.0 9.2 24.1 13:59 NNW 12 9.2 10.9 13:07 7.6 23:28 8.8 0.0 0.3 9.4 27.4 23:57 NNW 13 5.9 7.6 00:00 4.4 22:53 12.4 0.0 0.0 8.2 38.6 17:30 N 14 5.2 7.6 14:29 3.7 23:54 13.1 0.0 0.0 9.2 41.8 13:53 N 15 5.3 10.1 14:50 2.8 07:40 13.0 0.0 0.0 8.2 35.4 02:39 N 16 6.0 8.6 02:53 3.7 23:35 12.3 0.0 15.7 6.0 38.6 23:40 NNE 17 5.2 8.3 22:11 2.8 03:05 13.1 0.0 1.0 9.9 38.6 06:42 N 18 8.4 12.7 13:53 4.5 03:01 9.9 0.0 0.5 7.1 19.3 00:26 NNW 19 7.6 11.6 06:37 2.8 20:56 10.7 0.0 64.8 7.6 45.1 20:44 NNW 20 5.6 7.4 19:44 3.3 06:08 12.6 0.0 0.5 14.5 48.3 01:57 N 21 10.3 14.2 21:56 6.4 01:04 8.0 0.0 0.0 7.9 32.2 15:59 NE 22 13.9 16.2 11:38 10.2 23:56 4.4 0.0 0.0 6.1 32.2 12:51 ESE 23 12.6 16.2 13:06 9.1 06:58 5.7 0.0 0.0 8.9 29.0 13:33 NE 24 14.3 17.2 18:25 12.2 08:43 4.0 0.0 0.0 5.1 32.2 18:21 N 25 11.4 15.3 11:39 7.0 07:20 6.9 0.0 0.0 6.5 24.1 03:00 N 26 10.1 13.6 12:15 7.0 03:04 8.2 0.0 0.0 7.3 24.1 11:08 N 27 11.9 14.2 13:07 9.9 08:21 6.4 0.0 0.0 5.2 22.5 02:52 ENE 28 11.7 13.8 13:18 9.2 03:10 6.6 0.0 0.0 6.4 24.1 13:29 NNE 29 12.8 15.2 13:22 11.1 23:49 5.5 0.0 0.0 4.8 16.1 12:44 NW 30 13.1 19.4 12:06 8.3 07:51 5.3 0.1 0.0 9.2 56.3 13:35 NNW 31 10.8 15.2 13:06 7.5 08:02 7.5 0.0 0.0 7.6 19.3 02:12 NNW ---------------------------------------------------------------------------------- 10.1 19.4 30 2.8 15 229.3 0.1 83.3 7.8 56.3 30 N Max >= 27.0: 0 Max <= 5.0: 0 Min <= 20.0: 28 Min <= 0.0: 0 Max Rain: 64.8 on day 19 Days of Rain: 8 (>= 0.2 mm) 2 (>= 2.0 mm) 1 (>= 20.0 mm) Heat Base: 18.3 Cool Base: 18.3 Method: Integration