Rapporti Climatici in stile NOAA
Selezionare un Anno o un Mese
2024: Gen Feb Mar Apr Mag Giu Lug Ago Set Ott Nov Dic
2023: Gen Feb Mar Apr Mag Giu Lug Ago Set Ott Nov Dic
2022: Gen Feb Mar Apr Mag Giu Lug Ago Set Ott Nov Dic
2021: Gen Feb Mar Apr Mag Giu Lug Ago Set Ott Nov Dic
2020: Gen Feb Mar Apr Mag Giu Lug Ago Set Ott Nov Dic
2019: Gen Feb Mar Apr Mag Giu Lug Ago Set Ott Nov Dic
2018: Gen Feb Mar Apr Mag Giu Lug Ago Set Ott Nov Dic
2017: Gen Feb Mar Apr Mag Giu Lug Ago Set Ott Nov Dic
2016: Gen Feb Mar Apr Mag Giu Lug Ago Set Ott Nov Dic
2015: Gen Feb Mar Apr Mag Giu Lug Ago Set Ott Nov Dic
2014: Gen Feb Mar Apr Mag Giu Lug Ago Set Ott Nov Dic
2013: Gen Feb Mar Apr Mag Giu Lug Ago Set Ott Nov Dic
2012: Gen Feb Mar Apr Mag Giu Lug Ago Set Ott Nov Dic
2011: Gen Feb Mar Apr Mag Giu Lug Ago Set Ott Nov Dic
2010: Gen Feb Mar Apr Mag Giu Lug Ago Set Ott Nov Dic
2009: Gen Feb Mar Apr Mag Giu Lug Ago Set Ott Nov Dic
2008: Gen Feb Mar Apr Mag Giu Lug Ago Set Ott Nov Dic
2007: Gen Feb Mar Apr Mag Giu Lug Ago Set Ott Nov Dic
2006: Gen Feb Mar Apr Mag Giu Lug Ago Set Ott Nov Dic
2024: Gen Feb Mar Apr Mag Giu Lug Ago Set Ott Nov Dic
2023: Gen Feb Mar Apr Mag Giu Lug Ago Set Ott Nov Dic
2022: Gen Feb Mar Apr Mag Giu Lug Ago Set Ott Nov Dic
2021: Gen Feb Mar Apr Mag Giu Lug Ago Set Ott Nov Dic
2020: Gen Feb Mar Apr Mag Giu Lug Ago Set Ott Nov Dic
2019: Gen Feb Mar Apr Mag Giu Lug Ago Set Ott Nov Dic
2018: Gen Feb Mar Apr Mag Giu Lug Ago Set Ott Nov Dic
2017: Gen Feb Mar Apr Mag Giu Lug Ago Set Ott Nov Dic
2016: Gen Feb Mar Apr Mag Giu Lug Ago Set Ott Nov Dic
2015: Gen Feb Mar Apr Mag Giu Lug Ago Set Ott Nov Dic
2014: Gen Feb Mar Apr Mag Giu Lug Ago Set Ott Nov Dic
2013: Gen Feb Mar Apr Mag Giu Lug Ago Set Ott Nov Dic
2012: Gen Feb Mar Apr Mag Giu Lug Ago Set Ott Nov Dic
2011: Gen Feb Mar Apr Mag Giu Lug Ago Set Ott Nov Dic
2010: Gen Feb Mar Apr Mag Giu Lug Ago Set Ott Nov Dic
2009: Gen Feb Mar Apr Mag Giu Lug Ago Set Ott Nov Dic
2008: Gen Feb Mar Apr Mag Giu Lug Ago Set Ott Nov Dic
2007: Gen Feb Mar Apr Mag Giu Lug Ago Set Ott Nov Dic
2006: Gen Feb Mar Apr Mag Giu Lug Ago Set Ott Nov Dic
Archivio 2018 Novembre
Monthly Climatological Summary for nov 2018 Name: San Fruttuoso City: Genova State: Italy Elevation: 70 m Lat: N 44° 24' 00" Lon: E 008° 57' 60" Temperature (°C), Rain (mm), Wind Speed (km/h) Heat Cool Avg Mean Deg Deg Wind Dom Day Temp High Time Low Time Days Days Rain Speed High Time Dir ---------------------------------------------------------------------------------- 1 14.6 18.2 16:04 11.6 05:57 3.7 0.0 16.5 6.6 45.1 01:07 N 2 13.7 15.0 13:38 12.6 11:39 4.6 0.0 13.5 9.4 38.6 13:16 N 3 15.4 16.8 11:37 13.4 00:46 2.9 0.0 6.3 9.9 41.8 12:44 NNE 4 16.8 18.8 11:39 15.5 21:11 1.5 0.0 0.8 8.8 38.6 04:46 N 5 16.5 19.2 14:10 13.6 06:32 1.9 0.0 2.5 5.9 29.0 23:17 NNW 6 16.4 18.8 11:11 13.8 21:19 1.9 0.0 21.4 8.8 49.9 11:00 ESE 7 14.9 18.1 14:25 13.2 05:08 3.4 0.0 3.8 4.9 19.3 14:56 NW 8 14.6 16.1 01:55 13.8 15:07 3.7 0.0 50.0 3.8 22.5 02:29 NNW 9 15.8 18.3 15:05 14.0 00:13 2.5 0.0 38.6 4.7 22.5 12:54 NNE 10 15.1 17.4 23:55 13.6 07:06 3.2 0.0 79.3 5.2 32.2 15:59 NE 11 16.9 17.9 11:53 14.6 23:20 1.4 0.0 0.5 8.4 29.0 10:31 SE 12 16.4 17.9 12:29 14.6 03:42 1.9 0.0 0.7 6.0 30.6 12:09 ENE 14 16.5 18.1 09:38 14.2 23:48 1.8 0.0 0.0 12.3 24.1 09:41 ENE 15 14.4 15.9 13:57 13.1 06:02 3.9 0.0 0.0 14.9 32.2 00:57 N 16 13.2 16.7 13:47 10.0 23:26 4.9 0.0 0.0 12.6 32.2 00:56 N 17 11.1 14.3 14:32 9.2 03:04 7.2 0.0 0.0 6.3 35.4 10:29 NNE 18 9.1 11.9 14:57 7.6 05:00 9.2 0.0 0.0 9.1 46.7 13:08 N 19 7.8 11.7 14:02 6.0 07:51 10.5 0.0 0.0 7.6 35.4 21:12 N 20 6.9 8.2 11:37 5.6 05:30 11.4 0.0 0.0 11.4 45.1 02:52 NNW 21 8.3 9.7 11:52 7.2 02:26 10.0 0.0 4.1 8.5 37.0 14:46 NNE 22 11.9 14.8 13:24 9.1 00:00 6.4 0.0 0.0 6.1 38.6 00:51 N 23 10.3 12.1 00:23 9.4 14:43 8.0 0.0 11.4 8.7 37.0 15:24 NNE 24 11.4 15.3 13:22 9.2 06:58 6.9 0.0 2.6 8.7 41.8 02:33 NNW 25 10.9 12.9 13:26 9.8 21:47 7.4 0.0 0.7 9.1 41.8 05:25 N 26 11.1 14.6 14:15 8.8 07:56 7.2 0.0 3.3 5.7 27.4 03:12 N 27 12.6 15.3 15:44 10.3 05:09 5.7 0.0 0.0 7.3 30.6 13:44 NNW 28 12.3 16.1 15:40 9.7 07:11 6.0 0.0 0.0 6.8 27.4 22:13 N 29 10.2 13.0 12:54 8.3 07:16 8.1 0.0 0.0 7.8 29.0 06:19 N 30 7.7 8.9 01:22 5.8 22:39 10.6 0.0 4.1 9.3 33.8 16:46 NNE ---------------------------------------------------------------------------------- 12.9 19.2 5 5.6 20 157.8 0.0 260.1 8.0 49.9 6 N Max >= 27.0: 0 Max <= 5.0: 0 Min <= 20.0: 29 Min <= 0.0: 0 Max Rain: 79.3 on day 10 Days of Rain: 18 (>= 0.2 mm) 14 (>= 2.0 mm) 4 (>= 20.0 mm) Heat Base: 18.3 Cool Base: 18.3 Method: Integration