Rapporti Climatici in stile NOAA
Selezionare un Anno o un Mese
2024: Gen Feb Mar Apr Mag Giu Lug Ago Set Ott Nov Dic
2023: Gen Feb Mar Apr Mag Giu Lug Ago Set Ott Nov Dic
2022: Gen Feb Mar Apr Mag Giu Lug Ago Set Ott Nov Dic
2021: Gen Feb Mar Apr Mag Giu Lug Ago Set Ott Nov Dic
2020: Gen Feb Mar Apr Mag Giu Lug Ago Set Ott Nov Dic
2019: Gen Feb Mar Apr Mag Giu Lug Ago Set Ott Nov Dic
2018: Gen Feb Mar Apr Mag Giu Lug Ago Set Ott Nov Dic
2017: Gen Feb Mar Apr Mag Giu Lug Ago Set Ott Nov Dic
2016: Gen Feb Mar Apr Mag Giu Lug Ago Set Ott Nov Dic
2015: Gen Feb Mar Apr Mag Giu Lug Ago Set Ott Nov Dic
2014: Gen Feb Mar Apr Mag Giu Lug Ago Set Ott Nov Dic
2013: Gen Feb Mar Apr Mag Giu Lug Ago Set Ott Nov Dic
2012: Gen Feb Mar Apr Mag Giu Lug Ago Set Ott Nov Dic
2011: Gen Feb Mar Apr Mag Giu Lug Ago Set Ott Nov Dic
2010: Gen Feb Mar Apr Mag Giu Lug Ago Set Ott Nov Dic
2009: Gen Feb Mar Apr Mag Giu Lug Ago Set Ott Nov Dic
2008: Gen Feb Mar Apr Mag Giu Lug Ago Set Ott Nov Dic
2007: Gen Feb Mar Apr Mag Giu Lug Ago Set Ott Nov Dic
2006: Gen Feb Mar Apr Mag Giu Lug Ago Set Ott Nov Dic
2024: Gen Feb Mar Apr Mag Giu Lug Ago Set Ott Nov Dic
2023: Gen Feb Mar Apr Mag Giu Lug Ago Set Ott Nov Dic
2022: Gen Feb Mar Apr Mag Giu Lug Ago Set Ott Nov Dic
2021: Gen Feb Mar Apr Mag Giu Lug Ago Set Ott Nov Dic
2020: Gen Feb Mar Apr Mag Giu Lug Ago Set Ott Nov Dic
2019: Gen Feb Mar Apr Mag Giu Lug Ago Set Ott Nov Dic
2018: Gen Feb Mar Apr Mag Giu Lug Ago Set Ott Nov Dic
2017: Gen Feb Mar Apr Mag Giu Lug Ago Set Ott Nov Dic
2016: Gen Feb Mar Apr Mag Giu Lug Ago Set Ott Nov Dic
2015: Gen Feb Mar Apr Mag Giu Lug Ago Set Ott Nov Dic
2014: Gen Feb Mar Apr Mag Giu Lug Ago Set Ott Nov Dic
2013: Gen Feb Mar Apr Mag Giu Lug Ago Set Ott Nov Dic
2012: Gen Feb Mar Apr Mag Giu Lug Ago Set Ott Nov Dic
2011: Gen Feb Mar Apr Mag Giu Lug Ago Set Ott Nov Dic
2010: Gen Feb Mar Apr Mag Giu Lug Ago Set Ott Nov Dic
2009: Gen Feb Mar Apr Mag Giu Lug Ago Set Ott Nov Dic
2008: Gen Feb Mar Apr Mag Giu Lug Ago Set Ott Nov Dic
2007: Gen Feb Mar Apr Mag Giu Lug Ago Set Ott Nov Dic
2006: Gen Feb Mar Apr Mag Giu Lug Ago Set Ott Nov Dic
Archivio 2018 Ottobre
Monthly Climatological Summary for ott 2018 Name: San Fruttuoso City: Genova State: Italy Elevation: 70 m Lat: N 44° 24' 00" Lon: E 008° 57' 60" Temperature (°C), Rain (mm), Wind Speed (km/h) Heat Cool Avg Mean Deg Deg Wind Dom Day Temp High Time Low Time Days Days Rain Speed High Time Dir ---------------------------------------------------------------------------------- 1 16.4 19.4 10:05 13.2 15:15 2.0 0.1 1.8 0.0 11.3 09:38 NNE 2 17.9 21.8 15:34 14.3 00:11 1.1 0.7 0.5 0.9 19.3 23:15 N 3 19.3 23.3 14:33 15.4 05:52 0.7 1.8 0.0 6.7 38.6 20:44 NE 4 19.6 23.3 16:15 15.5 06:52 0.5 1.8 0.0 10.4 41.8 04:01 N 5 19.4 22.4 16:10 16.8 05:23 0.3 1.4 0.0 9.4 38.6 12:24 N 6 16.8 18.1 00:00 15.7 11:25 1.5 0.0 4.8 8.4 38.6 05:08 N 7 17.7 21.5 12:09 14.2 06:16 1.3 0.7 6.1 6.9 22.5 11:33 NNW 8 20.4 24.1 14:39 16.7 02:59 0.3 2.4 0.0 5.3 24.1 23:21 NNE 9 21.3 24.7 14:48 17.8 06:55 0.0 3.0 0.0 6.2 27.4 06:10 NNE 10 20.9 23.7 11:20 17.7 04:46 0.0 2.6 0.3 6.4 20.9 21:08 NW 11 17.7 20.2 12:03 16.0 17:52 0.8 0.2 50.0 6.9 38.6 07:09 ENE 12 19.2 22.8 15:41 16.6 00:22 0.5 1.4 0.0 8.3 35.4 08:39 N 13 20.6 24.9 13:31 17.8 06:00 0.0 2.4 0.0 5.9 38.6 00:28 NNE 14 18.8 21.8 13:25 17.1 06:42 0.3 0.8 0.0 7.5 32.2 17:44 NNE 15 18.1 20.8 11:59 16.3 04:38 0.7 0.5 0.0 8.0 35.4 03:15 N 16 18.1 19.6 16:00 16.7 06:34 0.5 0.3 0.0 8.4 32.2 13:55 N 17 18.4 20.6 13:11 17.2 07:39 0.2 0.3 0.2 8.1 33.8 20:27 NNE 18 19.8 22.8 14:09 17.4 05:46 0.2 1.6 0.0 8.4 35.4 13:49 N 19 21.1 26.3 15:03 17.6 06:55 0.1 2.9 0.0 6.2 35.4 08:02 N 20 20.8 24.6 13:57 17.4 06:41 0.1 2.6 0.0 7.1 29.0 14:26 N 21 19.5 22.7 11:49 16.3 07:09 0.3 1.5 0.0 6.0 27.4 23:04 NNW 22 15.7 19.1 14:29 12.4 07:10 2.7 0.0 0.0 9.0 51.5 13:21 NNW 23 17.1 23.4 15:43 13.3 06:43 2.2 1.0 0.0 7.4 33.8 05:51 NNW 24 16.4 21.1 13:44 12.1 05:17 2.5 0.6 0.0 6.9 19.3 02:23 NW 25 17.7 21.2 11:15 13.8 07:13 1.5 0.9 0.0 6.7 22.5 13:08 E 26 19.5 20.4 12:35 18.7 10:45 0.0 1.2 0.3 9.3 41.8 22:27 SE 27 16.0 19.2 00:00 14.4 18:20 0.8 0.0 122.4 11.7 43.5 04:03 SE 28 17.9 19.2 12:28 16.1 10:24 0.3 0.1 72.8 14.1 82.1 08:17 SE 29 16.6 20.7 14:00 12.7 23:25 1.7 0.1 48.8 16.1 99.8 14:04 SE 30 14.6 16.2 14:55 12.9 06:03 3.7 0.0 0.3 19.8 69.2 02:02 SSE 31 14.8 17.3 22:56 12.6 03:51 3.5 0.0 6.3 5.7 33.8 22:21 NE ---------------------------------------------------------------------------------- 18.3 26.3 19 12.1 24 30.3 32.9 314.6 8.0 99.8 29 NNE Max >= 27.0: 0 Max <= 5.0: 0 Min <= 20.0: 31 Min <= 0.0: 0 Max Rain: 122.4 on day 27 Days of Rain: 13 (>= 0.2 mm) 7 (>= 2.0 mm) 4 (>= 20.0 mm) Heat Base: 18.3 Cool Base: 18.3 Method: Integration