Rapporti Climatici in stile NOAA
Selezionare un Anno o un Mese
2024: Gen Feb Mar Apr Mag Giu Lug Ago Set Ott Nov Dic
2023: Gen Feb Mar Apr Mag Giu Lug Ago Set Ott Nov Dic
2022: Gen Feb Mar Apr Mag Giu Lug Ago Set Ott Nov Dic
2021: Gen Feb Mar Apr Mag Giu Lug Ago Set Ott Nov Dic
2020: Gen Feb Mar Apr Mag Giu Lug Ago Set Ott Nov Dic
2019: Gen Feb Mar Apr Mag Giu Lug Ago Set Ott Nov Dic
2018: Gen Feb Mar Apr Mag Giu Lug Ago Set Ott Nov Dic
2017: Gen Feb Mar Apr Mag Giu Lug Ago Set Ott Nov Dic
2016: Gen Feb Mar Apr Mag Giu Lug Ago Set Ott Nov Dic
2015: Gen Feb Mar Apr Mag Giu Lug Ago Set Ott Nov Dic
2014: Gen Feb Mar Apr Mag Giu Lug Ago Set Ott Nov Dic
2013: Gen Feb Mar Apr Mag Giu Lug Ago Set Ott Nov Dic
2012: Gen Feb Mar Apr Mag Giu Lug Ago Set Ott Nov Dic
2011: Gen Feb Mar Apr Mag Giu Lug Ago Set Ott Nov Dic
2010: Gen Feb Mar Apr Mag Giu Lug Ago Set Ott Nov Dic
2009: Gen Feb Mar Apr Mag Giu Lug Ago Set Ott Nov Dic
2008: Gen Feb Mar Apr Mag Giu Lug Ago Set Ott Nov Dic
2007: Gen Feb Mar Apr Mag Giu Lug Ago Set Ott Nov Dic
2006: Gen Feb Mar Apr Mag Giu Lug Ago Set Ott Nov Dic
2024: Gen Feb Mar Apr Mag Giu Lug Ago Set Ott Nov Dic
2023: Gen Feb Mar Apr Mag Giu Lug Ago Set Ott Nov Dic
2022: Gen Feb Mar Apr Mag Giu Lug Ago Set Ott Nov Dic
2021: Gen Feb Mar Apr Mag Giu Lug Ago Set Ott Nov Dic
2020: Gen Feb Mar Apr Mag Giu Lug Ago Set Ott Nov Dic
2019: Gen Feb Mar Apr Mag Giu Lug Ago Set Ott Nov Dic
2018: Gen Feb Mar Apr Mag Giu Lug Ago Set Ott Nov Dic
2017: Gen Feb Mar Apr Mag Giu Lug Ago Set Ott Nov Dic
2016: Gen Feb Mar Apr Mag Giu Lug Ago Set Ott Nov Dic
2015: Gen Feb Mar Apr Mag Giu Lug Ago Set Ott Nov Dic
2014: Gen Feb Mar Apr Mag Giu Lug Ago Set Ott Nov Dic
2013: Gen Feb Mar Apr Mag Giu Lug Ago Set Ott Nov Dic
2012: Gen Feb Mar Apr Mag Giu Lug Ago Set Ott Nov Dic
2011: Gen Feb Mar Apr Mag Giu Lug Ago Set Ott Nov Dic
2010: Gen Feb Mar Apr Mag Giu Lug Ago Set Ott Nov Dic
2009: Gen Feb Mar Apr Mag Giu Lug Ago Set Ott Nov Dic
2008: Gen Feb Mar Apr Mag Giu Lug Ago Set Ott Nov Dic
2007: Gen Feb Mar Apr Mag Giu Lug Ago Set Ott Nov Dic
2006: Gen Feb Mar Apr Mag Giu Lug Ago Set Ott Nov Dic
Archivio 2018 Settembre
Monthly Climatological Summary for set 2018 Name: San Fruttuoso City: Genova State: Italy Elevation: 70 m Lat: N 44° 24' 00" Lon: E 008° 57' 60" Temperature (°C), Rain (mm), Wind Speed (km/h) Heat Cool Avg Mean Deg Deg Wind Dom Day Temp High Time Low Time Days Days Rain Speed High Time Dir ---------------------------------------------------------------------------------- 1 20.6 24.6 13:21 17.7 06:14 0.0 2.3 2.0 7.2 48.3 13:35 NNW 2 21.2 23.9 12:22 18.9 03:48 0.0 2.9 3.1 3.7 30.6 03:17 NNE 3 20.7 23.7 11:02 18.6 23:13 0.0 2.4 0.5 4.9 24.1 01:57 NNE 4 21.2 25.1 16:53 17.3 05:50 0.2 3.0 0.0 7.6 35.4 13:59 NNW 5 22.0 25.6 13:53 18.4 05:42 0.0 3.7 0.0 6.4 25.7 14:16 WNW 6 22.2 25.3 13:06 18.7 05:21 0.0 3.9 0.0 5.9 20.9 13:11 W 7 22.8 25.4 14:41 20.2 03:22 0.0 4.5 0.0 6.0 24.1 13:01 WSW 8 22.9 26.7 10:03 19.1 05:02 0.0 4.6 0.0 5.1 24.1 12:00 W 9 22.9 26.2 13:21 19.5 05:32 0.0 4.6 0.0 5.0 16.1 09:46 W 10 23.1 27.1 14:55 18.9 05:33 0.0 4.8 0.0 5.9 17.7 10:52 WNW 11 23.2 27.1 16:46 19.4 05:02 0.0 4.9 0.0 6.0 17.7 13:31 WNW 12 23.4 27.9 15:06 19.4 04:22 0.0 5.1 0.0 5.9 19.3 02:42 NW 13 22.8 26.7 13:22 19.8 03:14 0.0 4.5 0.0 6.7 22.5 14:25 WNW 14 23.5 26.1 13:01 20.7 05:32 0.0 5.2 0.0 6.5 30.6 12:24 S 15 23.6 26.4 09:44 20.7 05:48 0.0 5.3 0.0 5.6 29.0 11:29 ESE 16 22.8 26.1 15:40 19.5 06:36 0.0 4.4 0.0 5.5 19.3 12:11 W 17 22.6 27.3 16:15 20.2 09:17 0.0 4.3 9.4 5.0 19.3 08:43 NW 18 23.1 26.2 10:42 19.8 05:46 0.0 4.8 0.0 5.1 20.9 13:23 WNW 19 24.0 27.3 15:56 20.2 04:14 0.0 5.7 0.0 4.1 20.9 06:36 W 20 25.8 30.2 15:26 22.2 06:40 0.0 7.5 0.0 4.7 27.4 07:30 N 21 24.2 28.3 12:46 20.7 05:49 0.0 5.9 0.0 6.8 20.9 12:53 WNW 22 23.8 26.8 15:16 20.9 02:39 0.0 5.5 0.0 6.6 35.4 12:43 ESE 23 22.7 25.7 09:54 19.3 06:28 0.0 4.4 0.0 3.7 17.7 05:49 NNW 24 24.9 29.6 15:40 21.8 06:09 0.0 6.6 0.0 0.0 9.7 12:03 NNE 25 20.0 23.6 15:49 17.2 07:05 0.2 1.9 0.0 0.0 11.3 10:25 NW 26 17.8 21.1 12:50 14.2 06:36 1.1 0.6 0.0 0.0 0.0 00:00 --- 27 19.8 24.8 16:33 14.9 06:03 0.9 2.5 0.0 0.0 0.0 00:00 --- 28 21.0 25.5 12:20 15.9 07:10 0.2 3.0 0.0 0.0 1.6 08:00 ENE 29 21.7 25.3 15:23 16.3 02:03 0.2 3.6 0.0 0.0 0.0 00:00 --- 30 21.0 24.6 11:53 18.2 06:20 0.0 2.7 0.0 0.0 0.0 00:00 --- ---------------------------------------------------------------------------------- 22.4 30.2 20 14.2 26 2.8 125.1 15.0 4.3 48.3 1 WNW Max >= 27.0: 8 Max <= 5.0: 0 Min <= 20.0: 21 Min <= 0.0: 0 Max Rain: 9.4 on day 17 Days of Rain: 4 (>= 0.2 mm) 3 (>= 2.0 mm) 0 (>= 20.0 mm) Heat Base: 18.3 Cool Base: 18.3 Method: Integration