Rapporti Climatici in stile NOAA
Selezionare un Anno o un Mese
2024: Gen Feb Mar Apr Mag Giu Lug Ago Set Ott Nov Dic
2023: Gen Feb Mar Apr Mag Giu Lug Ago Set Ott Nov Dic
2022: Gen Feb Mar Apr Mag Giu Lug Ago Set Ott Nov Dic
2021: Gen Feb Mar Apr Mag Giu Lug Ago Set Ott Nov Dic
2020: Gen Feb Mar Apr Mag Giu Lug Ago Set Ott Nov Dic
2019: Gen Feb Mar Apr Mag Giu Lug Ago Set Ott Nov Dic
2018: Gen Feb Mar Apr Mag Giu Lug Ago Set Ott Nov Dic
2017: Gen Feb Mar Apr Mag Giu Lug Ago Set Ott Nov Dic
2016: Gen Feb Mar Apr Mag Giu Lug Ago Set Ott Nov Dic
2015: Gen Feb Mar Apr Mag Giu Lug Ago Set Ott Nov Dic
2014: Gen Feb Mar Apr Mag Giu Lug Ago Set Ott Nov Dic
2013: Gen Feb Mar Apr Mag Giu Lug Ago Set Ott Nov Dic
2012: Gen Feb Mar Apr Mag Giu Lug Ago Set Ott Nov Dic
2011: Gen Feb Mar Apr Mag Giu Lug Ago Set Ott Nov Dic
2010: Gen Feb Mar Apr Mag Giu Lug Ago Set Ott Nov Dic
2009: Gen Feb Mar Apr Mag Giu Lug Ago Set Ott Nov Dic
2008: Gen Feb Mar Apr Mag Giu Lug Ago Set Ott Nov Dic
2007: Gen Feb Mar Apr Mag Giu Lug Ago Set Ott Nov Dic
2006: Gen Feb Mar Apr Mag Giu Lug Ago Set Ott Nov Dic
2024: Gen Feb Mar Apr Mag Giu Lug Ago Set Ott Nov Dic
2023: Gen Feb Mar Apr Mag Giu Lug Ago Set Ott Nov Dic
2022: Gen Feb Mar Apr Mag Giu Lug Ago Set Ott Nov Dic
2021: Gen Feb Mar Apr Mag Giu Lug Ago Set Ott Nov Dic
2020: Gen Feb Mar Apr Mag Giu Lug Ago Set Ott Nov Dic
2019: Gen Feb Mar Apr Mag Giu Lug Ago Set Ott Nov Dic
2018: Gen Feb Mar Apr Mag Giu Lug Ago Set Ott Nov Dic
2017: Gen Feb Mar Apr Mag Giu Lug Ago Set Ott Nov Dic
2016: Gen Feb Mar Apr Mag Giu Lug Ago Set Ott Nov Dic
2015: Gen Feb Mar Apr Mag Giu Lug Ago Set Ott Nov Dic
2014: Gen Feb Mar Apr Mag Giu Lug Ago Set Ott Nov Dic
2013: Gen Feb Mar Apr Mag Giu Lug Ago Set Ott Nov Dic
2012: Gen Feb Mar Apr Mag Giu Lug Ago Set Ott Nov Dic
2011: Gen Feb Mar Apr Mag Giu Lug Ago Set Ott Nov Dic
2010: Gen Feb Mar Apr Mag Giu Lug Ago Set Ott Nov Dic
2009: Gen Feb Mar Apr Mag Giu Lug Ago Set Ott Nov Dic
2008: Gen Feb Mar Apr Mag Giu Lug Ago Set Ott Nov Dic
2007: Gen Feb Mar Apr Mag Giu Lug Ago Set Ott Nov Dic
2006: Gen Feb Mar Apr Mag Giu Lug Ago Set Ott Nov Dic
Archivio 2018 Agosto
Monthly Climatological Summary for ago 2018 Name: San Fruttuoso City: Genova State: Italy Elevation: 70 m Lat: N 44° 24' 00" Lon: E 008° 57' 60" Temperature (°C), Rain (mm), Wind Speed (km/h) Heat Cool Avg Mean Deg Deg Wind Dom Day Temp High Time Low Time Days Days Rain Speed High Time Dir ---------------------------------------------------------------------------------- 1 28.6 31.7 13:45 25.2 04:44 0.0 10.3 0.0 4.5 19.3 15:16 WSW 2 29.1 31.4 14:22 25.9 03:03 0.0 10.8 0.0 3.9 35.4 03:45 SSW 3 28.4 32.8 10:29 25.3 23:50 0.0 10.1 4.3 5.5 43.5 13:44 NNW 4 29.2 33.5 13:33 25.4 00:00 0.0 10.9 1.5 4.4 24.1 15:10 NNW 5 29.2 32.3 12:07 25.7 04:00 0.0 10.9 0.3 6.0 19.3 06:40 WNW 6 28.1 31.2 14:56 24.7 05:43 0.0 9.8 0.0 6.2 20.9 11:36 SSE 7 27.6 30.2 12:01 24.6 02:26 0.0 9.3 0.0 6.0 32.2 03:12 ESE 8 26.7 29.3 13:30 23.6 05:34 0.0 8.4 0.0 7.2 24.1 11:37 W 9 26.8 29.4 14:14 23.2 05:43 0.0 8.5 0.0 7.9 37.0 22:28 SSE 10 26.9 28.5 13:41 25.4 05:30 0.0 8.6 0.0 7.0 32.2 14:17 SSE 11 26.8 29.3 12:40 24.7 23:28 0.0 8.5 0.0 6.5 37.0 12:09 SE 12 25.2 27.8 11:16 21.8 05:59 0.0 6.8 0.0 6.3 27.4 15:20 S 13 24.7 27.2 10:20 22.4 03:32 0.0 6.4 3.3 7.1 33.8 10:26 SSE 14 22.7 26.0 17:48 19.9 10:55 0.0 4.2 22.0 3.1 38.6 10:36 NNW 15 25.7 31.2 15:04 21.1 01:35 0.0 6.6 0.0 5.3 30.6 13:18 NNW 16 26.6 29.9 14:11 22.2 05:24 0.0 6.8 0.0 5.4 19.3 07:29 NW 17 25.0 28.3 14:09 22.0 05:59 0.0 4.3 0.0 7.6 27.4 13:38 NW 18 26.5 29.4 15:43 22.5 05:45 0.0 3.7 12.3 4.5 45.1 13:35 NW 19 28.7 34.0 17:12 25.0 06:13 0.0 6.5 0.0 6.6 45.1 13:35 N 20 29.1 32.6 13:21 24.4 00:47 0.0 10.8 0.0 4.6 27.4 13:30 NNW 21 29.9 34.0 16:23 26.8 04:09 0.0 11.6 0.0 6.0 25.7 16:03 NNW 22 29.5 33.8 17:07 25.4 23:56 0.0 11.2 0.0 5.9 29.0 15:27 NNW 23 26.2 29.9 13:55 22.8 05:07 0.0 7.9 0.0 6.7 19.3 13:57 NW 24 25.4 28.4 16:01 21.6 05:56 0.0 7.1 0.0 7.6 27.4 12:21 SW 25 23.6 27.7 12:00 17.5 18:47 0.0 5.4 84.8 6.1 61.2 18:32 ESE 26 23.1 27.4 16:11 20.1 06:26 0.0 4.8 0.0 8.6 48.3 04:20 NNW 27 21.9 25.1 15:29 17.6 05:22 0.1 3.6 0.0 7.6 25.7 13:18 WNW 28 24.4 29.2 15:21 19.6 03:04 0.0 6.1 0.0 3.8 24.1 05:15 W 29 24.2 27.4 10:23 20.6 06:28 0.0 5.9 0.0 5.6 27.4 16:56 SSE 30 24.2 27.0 13:09 20.7 06:31 0.0 5.9 0.0 7.3 32.2 13:23 SE 31 23.2 25.8 14:20 18.1 23:27 0.0 4.9 48.5 4.4 32.2 16:09 SE ---------------------------------------------------------------------------------- 26.4 34.0 19 17.5 25 0.1 236.6 177.0 6.0 61.2 25 W Max >= 27.0: 28 Max <= 5.0: 0 Min <= 20.0: 5 Min <= 0.0: 0 Max Rain: 84.8 on day 25 Days of Rain: 8 (>= 0.2 mm) 6 (>= 2.0 mm) 3 (>= 20.0 mm) Heat Base: 18.3 Cool Base: 18.3 Method: Integration