Rapporti Climatici in stile NOAA
Selezionare un Anno o un Mese
2024: Gen Feb Mar Apr Mag Giu Lug Ago Set Ott Nov Dic
2023: Gen Feb Mar Apr Mag Giu Lug Ago Set Ott Nov Dic
2022: Gen Feb Mar Apr Mag Giu Lug Ago Set Ott Nov Dic
2021: Gen Feb Mar Apr Mag Giu Lug Ago Set Ott Nov Dic
2020: Gen Feb Mar Apr Mag Giu Lug Ago Set Ott Nov Dic
2019: Gen Feb Mar Apr Mag Giu Lug Ago Set Ott Nov Dic
2018: Gen Feb Mar Apr Mag Giu Lug Ago Set Ott Nov Dic
2017: Gen Feb Mar Apr Mag Giu Lug Ago Set Ott Nov Dic
2016: Gen Feb Mar Apr Mag Giu Lug Ago Set Ott Nov Dic
2015: Gen Feb Mar Apr Mag Giu Lug Ago Set Ott Nov Dic
2014: Gen Feb Mar Apr Mag Giu Lug Ago Set Ott Nov Dic
2013: Gen Feb Mar Apr Mag Giu Lug Ago Set Ott Nov Dic
2012: Gen Feb Mar Apr Mag Giu Lug Ago Set Ott Nov Dic
2011: Gen Feb Mar Apr Mag Giu Lug Ago Set Ott Nov Dic
2010: Gen Feb Mar Apr Mag Giu Lug Ago Set Ott Nov Dic
2009: Gen Feb Mar Apr Mag Giu Lug Ago Set Ott Nov Dic
2008: Gen Feb Mar Apr Mag Giu Lug Ago Set Ott Nov Dic
2007: Gen Feb Mar Apr Mag Giu Lug Ago Set Ott Nov Dic
2006: Gen Feb Mar Apr Mag Giu Lug Ago Set Ott Nov Dic
2024: Gen Feb Mar Apr Mag Giu Lug Ago Set Ott Nov Dic
2023: Gen Feb Mar Apr Mag Giu Lug Ago Set Ott Nov Dic
2022: Gen Feb Mar Apr Mag Giu Lug Ago Set Ott Nov Dic
2021: Gen Feb Mar Apr Mag Giu Lug Ago Set Ott Nov Dic
2020: Gen Feb Mar Apr Mag Giu Lug Ago Set Ott Nov Dic
2019: Gen Feb Mar Apr Mag Giu Lug Ago Set Ott Nov Dic
2018: Gen Feb Mar Apr Mag Giu Lug Ago Set Ott Nov Dic
2017: Gen Feb Mar Apr Mag Giu Lug Ago Set Ott Nov Dic
2016: Gen Feb Mar Apr Mag Giu Lug Ago Set Ott Nov Dic
2015: Gen Feb Mar Apr Mag Giu Lug Ago Set Ott Nov Dic
2014: Gen Feb Mar Apr Mag Giu Lug Ago Set Ott Nov Dic
2013: Gen Feb Mar Apr Mag Giu Lug Ago Set Ott Nov Dic
2012: Gen Feb Mar Apr Mag Giu Lug Ago Set Ott Nov Dic
2011: Gen Feb Mar Apr Mag Giu Lug Ago Set Ott Nov Dic
2010: Gen Feb Mar Apr Mag Giu Lug Ago Set Ott Nov Dic
2009: Gen Feb Mar Apr Mag Giu Lug Ago Set Ott Nov Dic
2008: Gen Feb Mar Apr Mag Giu Lug Ago Set Ott Nov Dic
2007: Gen Feb Mar Apr Mag Giu Lug Ago Set Ott Nov Dic
2006: Gen Feb Mar Apr Mag Giu Lug Ago Set Ott Nov Dic
Archivio 2018 Luglio
Monthly Climatological Summary for lug 2018 Name: San Fruttuoso City: Genova State: Italy Elevation: 70 m Lat: N 44° 24' 00" Lon: E 008° 57' 60" Temperature (°C), Rain (mm), Wind Speed (km/h) Heat Cool Avg Mean Deg Deg Wind Dom Day Temp High Time Low Time Days Days Rain Speed High Time Dir ---------------------------------------------------------------------------------- 1 23.8 26.7 15:07 19.9 05:01 0.0 5.5 0.0 7.5 25.7 15:33 SSW 2 23.8 26.5 14:15 20.7 04:00 0.0 5.4 0.0 7.2 22.5 10:49 SSW 3 23.7 26.3 15:24 20.3 04:59 0.0 5.3 0.0 7.0 24.1 11:26 SSW 4 24.0 26.8 12:49 20.3 05:39 0.0 5.1 19.5 4.9 32.2 03:23 SSE 5 24.8 26.3 10:02 23.3 23:43 0.0 4.2 0.0 7.2 30.6 12:38 SSE 6 24.6 27.6 13:52 21.4 05:42 0.0 4.2 0.0 6.5 37.0 14:03 S 7 25.0 27.0 16:19 21.9 03:18 0.0 6.7 0.0 4.5 24.1 14:09 S 8 24.7 27.2 17:13 21.2 05:20 0.0 6.4 0.0 6.2 20.9 12:15 WSW 9 25.0 27.7 15:21 22.2 03:41 0.0 6.7 0.0 6.4 25.7 12:16 SW 10 24.6 27.4 16:15 21.4 04:40 0.0 6.3 0.0 8.5 27.4 13:34 SSE 11 24.9 27.2 13:48 22.1 05:51 0.0 6.5 3.3 6.9 40.2 14:29 SE 12 23.8 26.2 14:29 21.4 10:19 0.0 5.5 14.5 4.5 33.8 15:14 SE 13 24.2 26.8 15:11 21.4 05:00 0.0 5.9 0.0 4.9 22.5 11:30 SSW 14 25.3 31.0 18:03 19.9 04:52 0.0 7.0 2.3 5.7 27.4 22:48 NW 15 25.8 28.1 10:40 23.7 04:06 0.0 7.5 0.0 5.8 25.7 04:31 SSE 16 24.4 26.1 09:40 22.7 15:50 0.0 6.1 1.2 5.3 41.8 18:39 ESE 17 24.8 28.1 18:19 20.8 05:48 0.0 6.5 0.0 5.3 37.0 01:25 SW 18 23.7 26.4 09:10 19.9 05:27 0.0 5.4 0.0 7.0 24.1 17:44 W 19 24.1 26.6 13:27 20.6 04:07 0.0 5.8 0.0 6.5 24.1 15:04 SW 20 24.7 27.1 11:50 22.5 03:38 0.0 6.4 0.0 6.3 25.7 15:06 S 21 24.4 26.7 15:00 20.9 08:54 0.0 6.1 10.7 2.8 25.7 22:08 S 22 23.8 26.2 12:19 20.2 05:30 0.0 5.5 0.0 4.5 20.9 11:28 WSW 23 25.3 28.6 13:29 21.0 06:06 0.0 7.0 0.0 4.5 22.5 11:06 SW 24 25.2 28.7 17:57 21.4 05:40 0.0 6.9 0.0 7.2 22.5 11:41 SSE 25 24.7 27.6 14:29 20.8 04:07 0.0 6.4 0.0 6.3 22.5 10:50 NW 26 25.0 27.8 15:58 21.7 05:05 0.0 6.7 0.0 5.6 20.9 12:16 W 27 25.5 28.1 12:38 22.4 04:47 0.0 7.2 0.3 5.4 22.5 06:21 SSW 28 25.3 27.3 12:13 22.2 05:00 0.0 7.0 0.0 7.0 32.2 12:54 SE 29 26.2 28.8 14:30 23.6 05:17 0.0 7.9 0.0 5.3 27.4 11:01 SE 30 27.1 30.3 15:06 23.4 05:27 0.0 8.8 0.0 4.2 19.3 15:41 WSW 31 29.1 31.9 13:21 25.2 03:50 0.0 10.8 0.0 3.3 24.1 04:51 SSW ---------------------------------------------------------------------------------- 24.9 31.9 31 19.9 1 0.0 198.7 51.8 5.8 41.8 16 SSW Max >= 27.0: 19 Max <= 5.0: 0 Min <= 20.0: 3 Min <= 0.0: 0 Max Rain: 19.5 on day 4 Days of Rain: 7 (>= 0.2 mm) 5 (>= 2.0 mm) 0 (>= 20.0 mm) Heat Base: 18.3 Cool Base: 18.3 Method: Integration