Rapporti Climatici in stile NOAA
Selezionare un Anno o un Mese
2024: Gen Feb Mar Apr Mag Giu Lug Ago Set Ott Nov Dic
2023: Gen Feb Mar Apr Mag Giu Lug Ago Set Ott Nov Dic
2022: Gen Feb Mar Apr Mag Giu Lug Ago Set Ott Nov Dic
2021: Gen Feb Mar Apr Mag Giu Lug Ago Set Ott Nov Dic
2020: Gen Feb Mar Apr Mag Giu Lug Ago Set Ott Nov Dic
2019: Gen Feb Mar Apr Mag Giu Lug Ago Set Ott Nov Dic
2018: Gen Feb Mar Apr Mag Giu Lug Ago Set Ott Nov Dic
2017: Gen Feb Mar Apr Mag Giu Lug Ago Set Ott Nov Dic
2016: Gen Feb Mar Apr Mag Giu Lug Ago Set Ott Nov Dic
2015: Gen Feb Mar Apr Mag Giu Lug Ago Set Ott Nov Dic
2014: Gen Feb Mar Apr Mag Giu Lug Ago Set Ott Nov Dic
2013: Gen Feb Mar Apr Mag Giu Lug Ago Set Ott Nov Dic
2012: Gen Feb Mar Apr Mag Giu Lug Ago Set Ott Nov Dic
2011: Gen Feb Mar Apr Mag Giu Lug Ago Set Ott Nov Dic
2010: Gen Feb Mar Apr Mag Giu Lug Ago Set Ott Nov Dic
2009: Gen Feb Mar Apr Mag Giu Lug Ago Set Ott Nov Dic
2008: Gen Feb Mar Apr Mag Giu Lug Ago Set Ott Nov Dic
2007: Gen Feb Mar Apr Mag Giu Lug Ago Set Ott Nov Dic
2006: Gen Feb Mar Apr Mag Giu Lug Ago Set Ott Nov Dic
2024: Gen Feb Mar Apr Mag Giu Lug Ago Set Ott Nov Dic
2023: Gen Feb Mar Apr Mag Giu Lug Ago Set Ott Nov Dic
2022: Gen Feb Mar Apr Mag Giu Lug Ago Set Ott Nov Dic
2021: Gen Feb Mar Apr Mag Giu Lug Ago Set Ott Nov Dic
2020: Gen Feb Mar Apr Mag Giu Lug Ago Set Ott Nov Dic
2019: Gen Feb Mar Apr Mag Giu Lug Ago Set Ott Nov Dic
2018: Gen Feb Mar Apr Mag Giu Lug Ago Set Ott Nov Dic
2017: Gen Feb Mar Apr Mag Giu Lug Ago Set Ott Nov Dic
2016: Gen Feb Mar Apr Mag Giu Lug Ago Set Ott Nov Dic
2015: Gen Feb Mar Apr Mag Giu Lug Ago Set Ott Nov Dic
2014: Gen Feb Mar Apr Mag Giu Lug Ago Set Ott Nov Dic
2013: Gen Feb Mar Apr Mag Giu Lug Ago Set Ott Nov Dic
2012: Gen Feb Mar Apr Mag Giu Lug Ago Set Ott Nov Dic
2011: Gen Feb Mar Apr Mag Giu Lug Ago Set Ott Nov Dic
2010: Gen Feb Mar Apr Mag Giu Lug Ago Set Ott Nov Dic
2009: Gen Feb Mar Apr Mag Giu Lug Ago Set Ott Nov Dic
2008: Gen Feb Mar Apr Mag Giu Lug Ago Set Ott Nov Dic
2007: Gen Feb Mar Apr Mag Giu Lug Ago Set Ott Nov Dic
2006: Gen Feb Mar Apr Mag Giu Lug Ago Set Ott Nov Dic
Archivio 2018 Maggio
Monthly Climatological Summary for mag 2018 Name: San Fruttuoso City: Genova State: Italy Elevation: 70 m Lat: N 44° 24' 00" Lon: E 008° 57' 60" Temperature (°C), Rain (mm), Wind Speed (km/h) Heat Cool Avg Mean Deg Deg Wind Dom Day Temp High Time Low Time Days Days Rain Speed High Time Dir ---------------------------------------------------------------------------------- 1 14.7 16.6 13:32 12.3 23:02 3.6 0.0 7.8 6.4 33.8 01:12 SSE 2 13.4 15.7 13:33 12.2 00:23 4.9 0.0 10.5 7.3 48.3 23:14 N 3 16.9 20.8 14:33 13.6 00:00 1.7 0.3 0.5 10.7 43.5 00:19 N 4 21.3 26.7 14:45 17.8 01:05 0.1 3.1 0.0 6.0 35.4 03:35 N 5 21.0 25.6 14:34 17.3 04:53 0.1 2.8 0.0 6.5 30.6 06:54 N 6 20.5 27.3 13:31 17.4 23:26 0.0 2.3 0.2 6.7 33.8 06:34 NNE 7 19.7 24.7 16:14 16.9 04:34 0.3 1.7 0.3 4.3 35.4 12:23 NNW 8 20.3 24.1 10:09 18.0 00:28 0.0 2.0 0.2 6.1 37.0 05:55 E 9 17.9 19.6 13:37 15.9 07:09 0.6 0.3 21.4 3.4 17.7 16:12 SSE 10 18.4 20.8 09:46 16.2 05:11 0.6 0.7 0.2 5.8 27.4 03:33 SW 11 17.7 20.6 12:56 14.8 04:01 1.0 0.3 0.0 6.1 22.5 13:33 WSW 12 17.6 20.1 16:01 15.3 03:34 0.9 0.2 0.0 6.1 20.9 23:57 SE 13 16.7 19.4 11:57 12.6 23:55 1.7 0.1 18.3 10.6 46.7 14:57 SSE 14 13.2 15.4 12:42 11.1 23:57 5.1 0.0 5.1 8.2 41.8 12:32 SE 15 13.5 16.4 17:12 10.9 00:37 4.8 0.0 0.5 6.9 29.0 10:16 SE 16 14.7 17.9 15:43 10.8 04:40 3.6 0.0 0.0 7.5 30.6 13:05 SE 17 16.0 19.0 15:58 14.2 03:49 2.4 0.0 4.1 5.9 19.3 13:06 W 18 17.6 21.2 13:58 12.9 04:25 1.6 0.9 0.7 6.6 19.3 11:23 NNW 19 19.3 22.9 09:08 14.6 04:24 0.9 1.9 0.0 6.4 38.6 23:06 NNW 20 20.4 23.9 16:23 17.3 05:39 0.1 2.2 0.0 9.7 45.1 13:29 N 21 19.8 23.9 14:54 16.8 03:09 0.2 1.7 0.0 9.1 51.5 17:47 N 22 18.1 20.0 14:58 16.3 06:27 0.5 0.4 2.3 2.8 17.7 12:44 ESE 23 19.7 22.9 10:53 16.6 04:22 0.4 1.8 0.0 5.4 29.0 09:51 WNW 24 18.4 20.4 16:49 15.9 04:31 0.5 0.6 0.0 5.3 19.3 11:40 SSW 25 19.3 22.6 17:42 15.3 05:16 0.5 1.6 0.0 5.1 19.3 09:56 SSW 26 23.1 27.4 17:55 17.7 03:15 0.1 4.9 0.0 4.3 29.0 23:34 WSW 27 24.8 27.9 11:07 22.6 23:56 0.0 6.5 0.0 5.3 24.1 00:01 ESE 28 22.4 24.8 10:10 20.3 23:58 0.0 4.0 0.0 5.0 37.0 05:33 NNE 29 22.3 25.7 16:12 19.3 05:12 0.0 3.9 0.0 7.7 22.5 11:16 SSE 30 23.3 27.9 13:11 20.3 01:59 0.0 5.0 0.0 6.7 33.8 13:41 ENE 31 20.6 22.9 10:56 18.8 05:12 0.0 2.3 0.0 7.3 33.8 10:06 SSW ---------------------------------------------------------------------------------- 18.8 27.9 27 10.8 16 36.2 51.5 72.1 6.5 51.5 21 ENE Max >= 27.0: 4 Max <= 5.0: 0 Min <= 20.0: 28 Min <= 0.0: 0 Max Rain: 21.4 on day 9 Days of Rain: 14 (>= 0.2 mm) 7 (>= 2.0 mm) 1 (>= 20.0 mm) Heat Base: 18.3 Cool Base: 18.3 Method: Integration