Rapporti Climatici in stile NOAA
Selezionare un Anno o un Mese
2024: Gen Feb Mar Apr Mag Giu Lug Ago Set Ott Nov Dic
2023: Gen Feb Mar Apr Mag Giu Lug Ago Set Ott Nov Dic
2022: Gen Feb Mar Apr Mag Giu Lug Ago Set Ott Nov Dic
2021: Gen Feb Mar Apr Mag Giu Lug Ago Set Ott Nov Dic
2020: Gen Feb Mar Apr Mag Giu Lug Ago Set Ott Nov Dic
2019: Gen Feb Mar Apr Mag Giu Lug Ago Set Ott Nov Dic
2018: Gen Feb Mar Apr Mag Giu Lug Ago Set Ott Nov Dic
2017: Gen Feb Mar Apr Mag Giu Lug Ago Set Ott Nov Dic
2016: Gen Feb Mar Apr Mag Giu Lug Ago Set Ott Nov Dic
2015: Gen Feb Mar Apr Mag Giu Lug Ago Set Ott Nov Dic
2014: Gen Feb Mar Apr Mag Giu Lug Ago Set Ott Nov Dic
2013: Gen Feb Mar Apr Mag Giu Lug Ago Set Ott Nov Dic
2012: Gen Feb Mar Apr Mag Giu Lug Ago Set Ott Nov Dic
2011: Gen Feb Mar Apr Mag Giu Lug Ago Set Ott Nov Dic
2010: Gen Feb Mar Apr Mag Giu Lug Ago Set Ott Nov Dic
2009: Gen Feb Mar Apr Mag Giu Lug Ago Set Ott Nov Dic
2008: Gen Feb Mar Apr Mag Giu Lug Ago Set Ott Nov Dic
2007: Gen Feb Mar Apr Mag Giu Lug Ago Set Ott Nov Dic
2006: Gen Feb Mar Apr Mag Giu Lug Ago Set Ott Nov Dic
2024: Gen Feb Mar Apr Mag Giu Lug Ago Set Ott Nov Dic
2023: Gen Feb Mar Apr Mag Giu Lug Ago Set Ott Nov Dic
2022: Gen Feb Mar Apr Mag Giu Lug Ago Set Ott Nov Dic
2021: Gen Feb Mar Apr Mag Giu Lug Ago Set Ott Nov Dic
2020: Gen Feb Mar Apr Mag Giu Lug Ago Set Ott Nov Dic
2019: Gen Feb Mar Apr Mag Giu Lug Ago Set Ott Nov Dic
2018: Gen Feb Mar Apr Mag Giu Lug Ago Set Ott Nov Dic
2017: Gen Feb Mar Apr Mag Giu Lug Ago Set Ott Nov Dic
2016: Gen Feb Mar Apr Mag Giu Lug Ago Set Ott Nov Dic
2015: Gen Feb Mar Apr Mag Giu Lug Ago Set Ott Nov Dic
2014: Gen Feb Mar Apr Mag Giu Lug Ago Set Ott Nov Dic
2013: Gen Feb Mar Apr Mag Giu Lug Ago Set Ott Nov Dic
2012: Gen Feb Mar Apr Mag Giu Lug Ago Set Ott Nov Dic
2011: Gen Feb Mar Apr Mag Giu Lug Ago Set Ott Nov Dic
2010: Gen Feb Mar Apr Mag Giu Lug Ago Set Ott Nov Dic
2009: Gen Feb Mar Apr Mag Giu Lug Ago Set Ott Nov Dic
2008: Gen Feb Mar Apr Mag Giu Lug Ago Set Ott Nov Dic
2007: Gen Feb Mar Apr Mag Giu Lug Ago Set Ott Nov Dic
2006: Gen Feb Mar Apr Mag Giu Lug Ago Set Ott Nov Dic
Archivio 2018 Aprile
Monthly Climatological Summary for apr 2018 Name: San Fruttuoso City: Genova State: Italy Elevation: 70 m Lat: N 44° 24' 00" Lon: E 008° 57' 60" Temperature (°C), Rain (mm), Wind Speed (km/h) Heat Cool Avg Mean Deg Deg Wind Dom Day Temp High Time Low Time Days Days Rain Speed High Time Dir ---------------------------------------------------------------------------------- 1 12.3 16.3 10:40 8.1 04:13 6.0 0.0 0.0 6.4 29.0 13:10 WSW 2 12.5 14.7 12:26 8.6 01:54 5.8 0.0 0.0 7.6 35.4 10:31 SE 3 12.5 14.3 15:57 10.8 06:12 5.8 0.0 10.9 2.9 30.6 00:15 NNE 4 12.1 13.7 12:47 10.1 06:38 6.2 0.0 28.2 7.4 33.8 15:15 ESE 5 13.6 16.1 13:26 11.3 23:50 4.7 0.0 0.2 4.2 24.1 14:15 SSE 6 13.2 16.5 16:00 9.6 06:01 5.1 0.0 0.0 6.0 17.7 05:57 W 7 16.5 19.0 16:31 12.4 07:03 1.8 0.0 0.0 4.8 22.5 04:57 S 8 16.7 20.8 14:27 12.2 03:23 2.0 0.4 3.3 4.7 27.4 21:33 ESE 9 12.8 14.1 00:00 11.4 09:24 5.5 0.0 12.5 5.3 30.6 03:25 NNE 10 12.1 13.3 07:39 10.0 23:41 6.2 0.0 16.7 6.9 45.1 10:12 SE 11 10.7 13.6 23:52 9.3 01:54 7.6 0.0 38.6 5.4 38.6 23:29 NNE 12 12.9 16.5 14:52 10.6 19:21 5.4 0.0 9.2 5.0 48.3 17:38 SE 13 13.1 15.6 17:55 11.3 00:45 5.2 0.0 1.0 7.8 29.0 11:01 SE 14 16.1 19.9 16:43 12.6 00:00 2.4 0.2 0.0 10.8 51.5 14:17 N 15 17.0 18.8 14:08 15.5 07:32 1.3 0.0 0.0 11.2 46.7 10:32 N 16 17.8 22.4 10:59 14.8 23:44 1.0 0.5 0.0 5.7 30.6 00:59 NNW 17 15.6 18.8 16:40 12.2 05:51 2.7 0.0 22.4 4.4 19.3 22:15 SSW 18 20.9 25.9 12:56 13.9 05:18 1.0 3.6 0.0 6.3 25.7 11:13 NNW 19 21.0 26.6 13:38 16.1 02:48 0.1 2.8 0.0 4.6 35.4 11:42 N 20 24.0 28.6 14:53 19.6 05:38 0.0 5.6 0.0 6.9 33.8 16:09 NNW 21 21.7 26.2 13:34 17.1 06:12 0.0 3.5 0.0 6.1 25.7 15:46 WNW 22 17.8 20.1 09:26 14.8 05:55 0.9 0.4 0.0 4.6 20.9 12:13 SSE 23 16.6 19.3 12:00 13.6 05:03 1.7 0.1 0.0 7.9 33.8 14:13 SSE 24 17.1 19.9 14:34 14.1 06:00 1.3 0.2 0.0 6.1 22.5 10:13 S 25 16.5 19.9 14:59 12.8 05:33 1.6 0.1 0.0 8.0 27.4 09:43 S 26 17.0 19.2 15:19 14.8 23:39 0.9 0.0 1.0 4.8 24.1 15:33 SSE 27 18.7 24.2 17:04 13.3 03:55 0.5 0.7 0.0 8.2 32.2 19:33 NNW 28 20.0 23.2 10:22 17.6 05:17 0.0 1.4 0.0 6.3 35.4 03:46 NE 29 18.9 22.6 14:44 14.9 22:54 0.6 1.2 0.0 10.1 57.9 21:59 SSE 30 16.1 17.4 12:05 14.8 04:34 2.2 0.0 0.0 14.7 43.5 05:45 S ---------------------------------------------------------------------------------- 16.1 28.6 20 8.1 1 85.5 20.7 144.0 6.7 57.9 29 SE Max >= 27.0: 1 Max <= 5.0: 0 Min <= 20.0: 30 Min <= 0.0: 0 Max Rain: 38.6 on day 11 Days of Rain: 11 (>= 0.2 mm) 8 (>= 2.0 mm) 3 (>= 20.0 mm) Heat Base: 18.3 Cool Base: 18.3 Method: Integration