Rapporti Climatici in stile NOAA
Selezionare un Anno o un Mese
2024: Gen Feb Mar Apr Mag Giu Lug Ago Set Ott Nov Dic
2023: Gen Feb Mar Apr Mag Giu Lug Ago Set Ott Nov Dic
2022: Gen Feb Mar Apr Mag Giu Lug Ago Set Ott Nov Dic
2021: Gen Feb Mar Apr Mag Giu Lug Ago Set Ott Nov Dic
2020: Gen Feb Mar Apr Mag Giu Lug Ago Set Ott Nov Dic
2019: Gen Feb Mar Apr Mag Giu Lug Ago Set Ott Nov Dic
2018: Gen Feb Mar Apr Mag Giu Lug Ago Set Ott Nov Dic
2017: Gen Feb Mar Apr Mag Giu Lug Ago Set Ott Nov Dic
2016: Gen Feb Mar Apr Mag Giu Lug Ago Set Ott Nov Dic
2015: Gen Feb Mar Apr Mag Giu Lug Ago Set Ott Nov Dic
2014: Gen Feb Mar Apr Mag Giu Lug Ago Set Ott Nov Dic
2013: Gen Feb Mar Apr Mag Giu Lug Ago Set Ott Nov Dic
2012: Gen Feb Mar Apr Mag Giu Lug Ago Set Ott Nov Dic
2011: Gen Feb Mar Apr Mag Giu Lug Ago Set Ott Nov Dic
2010: Gen Feb Mar Apr Mag Giu Lug Ago Set Ott Nov Dic
2009: Gen Feb Mar Apr Mag Giu Lug Ago Set Ott Nov Dic
2008: Gen Feb Mar Apr Mag Giu Lug Ago Set Ott Nov Dic
2007: Gen Feb Mar Apr Mag Giu Lug Ago Set Ott Nov Dic
2006: Gen Feb Mar Apr Mag Giu Lug Ago Set Ott Nov Dic
2024: Gen Feb Mar Apr Mag Giu Lug Ago Set Ott Nov Dic
2023: Gen Feb Mar Apr Mag Giu Lug Ago Set Ott Nov Dic
2022: Gen Feb Mar Apr Mag Giu Lug Ago Set Ott Nov Dic
2021: Gen Feb Mar Apr Mag Giu Lug Ago Set Ott Nov Dic
2020: Gen Feb Mar Apr Mag Giu Lug Ago Set Ott Nov Dic
2019: Gen Feb Mar Apr Mag Giu Lug Ago Set Ott Nov Dic
2018: Gen Feb Mar Apr Mag Giu Lug Ago Set Ott Nov Dic
2017: Gen Feb Mar Apr Mag Giu Lug Ago Set Ott Nov Dic
2016: Gen Feb Mar Apr Mag Giu Lug Ago Set Ott Nov Dic
2015: Gen Feb Mar Apr Mag Giu Lug Ago Set Ott Nov Dic
2014: Gen Feb Mar Apr Mag Giu Lug Ago Set Ott Nov Dic
2013: Gen Feb Mar Apr Mag Giu Lug Ago Set Ott Nov Dic
2012: Gen Feb Mar Apr Mag Giu Lug Ago Set Ott Nov Dic
2011: Gen Feb Mar Apr Mag Giu Lug Ago Set Ott Nov Dic
2010: Gen Feb Mar Apr Mag Giu Lug Ago Set Ott Nov Dic
2009: Gen Feb Mar Apr Mag Giu Lug Ago Set Ott Nov Dic
2008: Gen Feb Mar Apr Mag Giu Lug Ago Set Ott Nov Dic
2007: Gen Feb Mar Apr Mag Giu Lug Ago Set Ott Nov Dic
2006: Gen Feb Mar Apr Mag Giu Lug Ago Set Ott Nov Dic
Archivio 2018 Marzo
Monthly Climatological Summary for mar 2018 Name: San Fruttuoso City: Genova State: Italy Elevation: 70 m Lat: N 44° 24' 00" Lon: E 008° 57' 60" Temperature (°C), Rain (mm), Wind Speed (km/h) Heat Cool Avg Mean Deg Deg Wind Dom Day Temp High Time Low Time Days Days Rain Speed High Time Dir ---------------------------------------------------------------------------------- 1 -0.8 -0.1 19:53 -1.4 03:29 19.1 0.0 0.0 13.8 56.3 18:34 N 2 1.6 4.2 23:14 -0.2 00:00 16.7 0.0 21.6 8.4 51.5 01:40 N 3 5.0 9.5 08:31 2.9 00:00 13.3 0.0 34.2 10.1 69.2 14:06 N 4 7.3 11.0 11:29 3.9 05:49 11.0 0.0 9.4 7.2 30.6 18:33 N 5 6.5 8.3 15:33 5.0 06:49 11.8 0.0 1.8 8.9 35.4 13:19 NNE 6 9.0 11.8 12:56 6.1 03:14 9.3 0.0 3.3 5.0 22.5 00:24 ESE 7 11.6 13.4 10:23 7.5 23:57 6.7 0.0 0.0 6.7 32.2 13:30 SE 8 10.3 14.6 14:10 5.4 06:56 8.0 0.0 0.0 11.9 37.0 12:16 SSE 9 12.1 13.8 14:38 9.6 23:24 6.2 0.0 0.5 8.2 32.2 11:39 SE 10 11.8 12.6 22:56 9.7 00:00 6.5 0.0 18.1 6.8 32.2 07:23 ESE 11 11.7 12.8 13:43 9.8 15:58 6.6 0.0 68.0 8.7 45.1 06:44 ESE 12 13.0 15.1 12:42 11.1 00:00 5.3 0.0 1.6 6.4 38.6 03:24 SSE 13 12.1 15.3 16:55 9.4 06:53 6.2 0.0 0.0 6.0 19.3 14:34 WNW 14 12.0 14.8 13:04 8.5 06:05 6.3 0.0 0.0 9.5 33.8 14:26 SE 15 11.1 12.5 09:17 8.3 23:36 7.2 0.0 52.0 9.5 45.1 15:13 ESE 16 11.2 13.8 10:37 7.9 06:31 7.1 0.0 0.0 6.6 35.4 01:37 E 17 10.1 12.6 00:02 8.1 06:59 8.1 0.0 34.6 6.4 35.4 19:07 E 18 9.0 11.6 00:04 7.0 08:14 9.3 0.0 15.0 5.7 38.6 05:45 N 19 8.7 10.4 13:15 6.9 23:47 9.6 0.0 0.0 7.7 38.6 13:47 NNW 20 8.6 11.1 15:45 6.4 00:50 9.7 0.0 0.0 8.7 45.1 11:27 NNW 21 7.9 11.1 15:40 4.9 06:20 10.4 0.0 0.0 7.1 48.3 02:49 N 22 8.6 11.9 15:41 5.3 06:19 9.7 0.0 0.0 6.6 61.2 13:51 N 23 9.9 12.7 12:35 5.7 02:38 8.4 0.0 0.0 5.1 27.4 12:34 SE 24 9.6 12.4 16:19 7.1 03:27 8.7 0.0 0.0 5.4 27.4 10:48 NNE 25 10.7 14.8 14:38 6.9 06:20 7.6 0.0 0.0 5.7 25.7 11:07 NE 26 10.7 14.1 10:22 5.9 05:49 7.6 0.0 0.0 6.2 20.9 11:56 W 27 11.6 14.4 12:53 8.1 05:30 6.7 0.0 0.0 7.5 27.4 13:54 SE 28 12.3 14.0 10:10 9.9 03:44 6.0 0.0 0.0 8.3 32.2 11:10 ESE 29 13.5 14.8 12:01 12.2 00:00 4.8 0.0 0.0 10.8 46.7 17:29 SE 30 13.5 14.6 10:25 12.4 05:50 4.8 0.0 0.0 11.9 46.7 19:19 SE 31 11.2 13.1 03:26 8.8 23:24 7.1 0.0 8.9 8.4 41.8 08:03 SSE ---------------------------------------------------------------------------------- 9.7 15.3 13 -1.4 1 265.8 0.0 269.0 7.9 69.2 3 E Max >= 27.0: 0 Max <= 5.0: 2 Min <= 20.0: 31 Min <= 0.0: 2 Max Rain: 68.0 on day 11 Days of Rain: 13 (>= 0.2 mm) 10 (>= 2.0 mm) 5 (>= 20.0 mm) Heat Base: 18.3 Cool Base: 18.3 Method: Integration