Rapporti Climatici in stile NOAA
Selezionare un Anno o un Mese
2024: Gen Feb Mar Apr Mag Giu Lug Ago Set Ott Nov Dic
2023: Gen Feb Mar Apr Mag Giu Lug Ago Set Ott Nov Dic
2022: Gen Feb Mar Apr Mag Giu Lug Ago Set Ott Nov Dic
2021: Gen Feb Mar Apr Mag Giu Lug Ago Set Ott Nov Dic
2020: Gen Feb Mar Apr Mag Giu Lug Ago Set Ott Nov Dic
2019: Gen Feb Mar Apr Mag Giu Lug Ago Set Ott Nov Dic
2018: Gen Feb Mar Apr Mag Giu Lug Ago Set Ott Nov Dic
2017: Gen Feb Mar Apr Mag Giu Lug Ago Set Ott Nov Dic
2016: Gen Feb Mar Apr Mag Giu Lug Ago Set Ott Nov Dic
2015: Gen Feb Mar Apr Mag Giu Lug Ago Set Ott Nov Dic
2014: Gen Feb Mar Apr Mag Giu Lug Ago Set Ott Nov Dic
2013: Gen Feb Mar Apr Mag Giu Lug Ago Set Ott Nov Dic
2012: Gen Feb Mar Apr Mag Giu Lug Ago Set Ott Nov Dic
2011: Gen Feb Mar Apr Mag Giu Lug Ago Set Ott Nov Dic
2010: Gen Feb Mar Apr Mag Giu Lug Ago Set Ott Nov Dic
2009: Gen Feb Mar Apr Mag Giu Lug Ago Set Ott Nov Dic
2008: Gen Feb Mar Apr Mag Giu Lug Ago Set Ott Nov Dic
2007: Gen Feb Mar Apr Mag Giu Lug Ago Set Ott Nov Dic
2006: Gen Feb Mar Apr Mag Giu Lug Ago Set Ott Nov Dic
2024: Gen Feb Mar Apr Mag Giu Lug Ago Set Ott Nov Dic
2023: Gen Feb Mar Apr Mag Giu Lug Ago Set Ott Nov Dic
2022: Gen Feb Mar Apr Mag Giu Lug Ago Set Ott Nov Dic
2021: Gen Feb Mar Apr Mag Giu Lug Ago Set Ott Nov Dic
2020: Gen Feb Mar Apr Mag Giu Lug Ago Set Ott Nov Dic
2019: Gen Feb Mar Apr Mag Giu Lug Ago Set Ott Nov Dic
2018: Gen Feb Mar Apr Mag Giu Lug Ago Set Ott Nov Dic
2017: Gen Feb Mar Apr Mag Giu Lug Ago Set Ott Nov Dic
2016: Gen Feb Mar Apr Mag Giu Lug Ago Set Ott Nov Dic
2015: Gen Feb Mar Apr Mag Giu Lug Ago Set Ott Nov Dic
2014: Gen Feb Mar Apr Mag Giu Lug Ago Set Ott Nov Dic
2013: Gen Feb Mar Apr Mag Giu Lug Ago Set Ott Nov Dic
2012: Gen Feb Mar Apr Mag Giu Lug Ago Set Ott Nov Dic
2011: Gen Feb Mar Apr Mag Giu Lug Ago Set Ott Nov Dic
2010: Gen Feb Mar Apr Mag Giu Lug Ago Set Ott Nov Dic
2009: Gen Feb Mar Apr Mag Giu Lug Ago Set Ott Nov Dic
2008: Gen Feb Mar Apr Mag Giu Lug Ago Set Ott Nov Dic
2007: Gen Feb Mar Apr Mag Giu Lug Ago Set Ott Nov Dic
2006: Gen Feb Mar Apr Mag Giu Lug Ago Set Ott Nov Dic
Archivio 2018 Febbraio
Monthly Climatological Summary for feb 2018 Name: San Fruttuoso City: Genova State: Italy Elevation: 70 m Lat: N 44° 24' 00" Lon: E 008° 57' 60" Temperature (°C), Rain (mm), Wind Speed (km/h) Heat Cool Avg Mean Deg Deg Wind Dom Day Temp High Time Low Time Days Days Rain Speed High Time Dir ---------------------------------------------------------------------------------- 1 11.8 12.7 11:50 11.2 22:47 6.5 0.0 0.0 16.3 49.9 09:21 SSE 2 9.5 11.3 00:00 8.4 07:23 8.8 0.0 0.0 6.5 30.6 09:51 N 3 8.3 10.7 14:58 6.1 23:59 10.0 0.0 0.0 7.4 33.8 03:57 NNW 4 6.4 8.0 15:50 4.1 05:59 11.9 0.0 1.8 4.9 20.9 22:58 NNW 5 4.7 6.5 00:00 3.2 20:03 13.6 0.0 17.5 7.9 40.2 10:54 NNE 6 4.3 5.1 12:32 3.4 00:00 14.0 0.0 12.0 10.6 43.5 10:54 NNE 7 6.3 9.6 15:22 3.4 04:54 12.0 0.0 0.7 9.6 40.2 05:12 N 8 8.0 11.0 15:33 5.2 23:50 10.3 0.0 4.1 6.3 38.6 13:28 ENE 9 6.6 10.8 11:25 3.6 06:36 11.7 0.0 7.4 8.4 29.0 13:29 NNW 10 7.2 9.7 17:03 4.2 05:05 11.1 0.0 0.2 8.0 41.8 13:47 NNW 11 8.1 11.8 13:16 3.3 07:13 10.2 0.0 0.0 7.9 24.1 13:19 E 12 8.8 10.6 00:22 6.3 08:08 9.5 0.0 0.0 7.1 40.2 14:21 N 13 6.7 10.1 16:51 4.3 23:17 11.6 0.0 1.3 8.3 32.2 20:43 NW 14 5.8 9.7 15:42 3.6 02:53 12.5 0.0 0.8 7.3 30.6 10:26 NNW 15 5.6 7.7 12:37 2.8 04:30 12.7 0.0 0.0 6.5 20.9 00:04 NNW 16 9.4 11.3 15:49 7.2 00:10 8.9 0.0 0.0 4.6 22.5 16:25 NE 17 7.9 10.2 00:17 6.4 09:25 10.4 0.0 8.3 7.0 30.6 17:27 N 18 7.7 9.2 17:22 6.5 08:09 10.6 0.0 0.3 8.9 40.2 06:09 N 19 7.4 10.2 14:17 5.2 07:17 10.9 0.0 0.0 9.9 46.7 12:41 NNW 20 6.6 10.1 14:38 3.9 07:45 11.7 0.0 0.0 7.1 38.6 15:46 N 21 7.7 10.5 14:38 5.6 00:36 10.6 0.0 0.0 6.1 43.5 10:40 N 22 7.5 8.6 00:43 6.3 20:47 10.8 0.0 0.0 5.3 35.4 13:24 N 23 7.4 11.7 14:08 5.4 22:18 10.9 0.0 1.0 8.1 43.5 16:08 N 24 7.1 8.3 12:11 5.1 02:18 11.2 0.0 3.1 11.8 49.9 05:13 NNE 25 3.5 7.8 00:00 0.4 22:10 14.8 0.0 1.0 10.3 45.1 16:15 N 26 0.7 4.3 15:39 -1.3 23:50 17.6 0.0 0.0 6.5 41.8 12:30 N 27 -0.3 2.9 15:02 -2.9 03:42 18.6 0.0 0.0 9.4 41.8 17:25 NNW 28 0.1 2.8 14:25 -2.1 05:51 18.2 0.0 0.0 8.1 33.8 16:49 N ---------------------------------------------------------------------------------- 6.5 12.7 1 -2.9 27 331.6 0.0 59.5 8.1 49.9 1 N Max >= 27.0: 0 Max <= 5.0: 3 Min <= 20.0: 28 Min <= 0.0: 3 Max Rain: 17.5 on day 5 Days of Rain: 14 (>= 0.2 mm) 6 (>= 2.0 mm) 0 (>= 20.0 mm) Heat Base: 18.3 Cool Base: 18.3 Method: Integration