Rapporti Climatici in stile NOAA
Selezionare un Anno o un Mese
2024: Gen Feb Mar Apr Mag Giu Lug Ago Set Ott Nov Dic
2023: Gen Feb Mar Apr Mag Giu Lug Ago Set Ott Nov Dic
2022: Gen Feb Mar Apr Mag Giu Lug Ago Set Ott Nov Dic
2021: Gen Feb Mar Apr Mag Giu Lug Ago Set Ott Nov Dic
2020: Gen Feb Mar Apr Mag Giu Lug Ago Set Ott Nov Dic
2019: Gen Feb Mar Apr Mag Giu Lug Ago Set Ott Nov Dic
2018: Gen Feb Mar Apr Mag Giu Lug Ago Set Ott Nov Dic
2017: Gen Feb Mar Apr Mag Giu Lug Ago Set Ott Nov Dic
2016: Gen Feb Mar Apr Mag Giu Lug Ago Set Ott Nov Dic
2015: Gen Feb Mar Apr Mag Giu Lug Ago Set Ott Nov Dic
2014: Gen Feb Mar Apr Mag Giu Lug Ago Set Ott Nov Dic
2013: Gen Feb Mar Apr Mag Giu Lug Ago Set Ott Nov Dic
2012: Gen Feb Mar Apr Mag Giu Lug Ago Set Ott Nov Dic
2011: Gen Feb Mar Apr Mag Giu Lug Ago Set Ott Nov Dic
2010: Gen Feb Mar Apr Mag Giu Lug Ago Set Ott Nov Dic
2009: Gen Feb Mar Apr Mag Giu Lug Ago Set Ott Nov Dic
2008: Gen Feb Mar Apr Mag Giu Lug Ago Set Ott Nov Dic
2007: Gen Feb Mar Apr Mag Giu Lug Ago Set Ott Nov Dic
2006: Gen Feb Mar Apr Mag Giu Lug Ago Set Ott Nov Dic
2024: Gen Feb Mar Apr Mag Giu Lug Ago Set Ott Nov Dic
2023: Gen Feb Mar Apr Mag Giu Lug Ago Set Ott Nov Dic
2022: Gen Feb Mar Apr Mag Giu Lug Ago Set Ott Nov Dic
2021: Gen Feb Mar Apr Mag Giu Lug Ago Set Ott Nov Dic
2020: Gen Feb Mar Apr Mag Giu Lug Ago Set Ott Nov Dic
2019: Gen Feb Mar Apr Mag Giu Lug Ago Set Ott Nov Dic
2018: Gen Feb Mar Apr Mag Giu Lug Ago Set Ott Nov Dic
2017: Gen Feb Mar Apr Mag Giu Lug Ago Set Ott Nov Dic
2016: Gen Feb Mar Apr Mag Giu Lug Ago Set Ott Nov Dic
2015: Gen Feb Mar Apr Mag Giu Lug Ago Set Ott Nov Dic
2014: Gen Feb Mar Apr Mag Giu Lug Ago Set Ott Nov Dic
2013: Gen Feb Mar Apr Mag Giu Lug Ago Set Ott Nov Dic
2012: Gen Feb Mar Apr Mag Giu Lug Ago Set Ott Nov Dic
2011: Gen Feb Mar Apr Mag Giu Lug Ago Set Ott Nov Dic
2010: Gen Feb Mar Apr Mag Giu Lug Ago Set Ott Nov Dic
2009: Gen Feb Mar Apr Mag Giu Lug Ago Set Ott Nov Dic
2008: Gen Feb Mar Apr Mag Giu Lug Ago Set Ott Nov Dic
2007: Gen Feb Mar Apr Mag Giu Lug Ago Set Ott Nov Dic
2006: Gen Feb Mar Apr Mag Giu Lug Ago Set Ott Nov Dic
Archivio 2018 Gennaio
Monthly Climatological Summary for gen 2018 Name: San Fruttuoso City: Genova State: Italy Elevation: 70 m Lat: N 44° 24' 00" Lon: E 008° 57' 60" Temperature (°C), Rain (mm), Wind Speed (km/h) Heat Cool Avg Mean Deg Deg Wind Dom Day Temp High Time Low Time Days Days Rain Speed High Time Dir ---------------------------------------------------------------------------------- 1 10.4 13.3 00:00 4.9 07:00 7.9 0.0 40.6 7.1 40.2 07:31 NNE 2 10.6 15.4 16:19 6.2 02:48 7.7 0.0 0.0 7.8 33.8 11:40 NNW 3 10.5 13.8 11:59 5.9 03:28 7.8 0.0 0.0 7.5 38.6 13:15 NE 4 11.5 14.6 12:12 7.8 07:28 6.8 0.0 0.0 5.5 29.0 12:42 N 5 12.0 14.8 15:06 9.2 01:42 6.3 0.0 0.3 7.9 32.2 15:31 ESE 6 11.9 13.6 13:19 9.0 18:00 6.4 0.0 11.2 7.1 32.2 20:37 ENE 7 12.0 13.5 22:01 9.5 00:00 6.3 0.0 0.0 9.2 37.0 15:10 N 8 15.2 18.5 20:17 12.1 00:39 3.1 0.0 1.2 9.2 49.9 21:25 ENE 9 12.4 15.1 00:00 10.9 15:36 5.9 0.0 8.9 11.9 56.3 09:00 SSE 10 11.1 12.3 08:57 9.2 21:07 7.2 0.0 4.1 5.9 33.8 11:48 SE 11 9.1 10.9 13:02 8.2 06:31 9.2 0.0 1.3 7.9 37.0 20:53 N 12 9.9 11.9 12:16 8.1 23:29 8.4 0.0 0.0 7.2 35.4 02:22 N 13 9.0 12.6 14:59 6.4 23:51 9.3 0.0 0.0 8.0 35.4 12:23 N 14 8.2 11.6 13:55 5.1 05:17 10.1 0.0 0.0 5.8 24.1 23:36 NNW 15 7.9 10.1 23:27 6.2 11:08 10.4 0.0 3.0 5.8 27.4 21:47 NNE 16 10.5 13.6 15:47 7.4 07:08 7.8 0.0 0.3 6.1 33.8 12:35 ESE 17 10.9 14.4 10:03 7.4 05:05 7.4 0.0 0.0 11.7 67.6 10:23 NNW 18 9.6 12.6 11:18 4.2 06:34 8.7 0.0 0.0 7.8 41.8 14:44 E 19 11.2 14.3 15:13 6.9 23:26 6.9 0.0 0.0 5.8 27.4 10:13 ESE 20 10.1 13.2 12:43 5.8 02:22 7.9 0.0 0.0 5.8 29.0 07:13 NE 21 12.4 17.6 14:56 7.2 05:52 5.9 0.0 0.0 14.8 57.9 07:59 NNW 22 9.9 12.9 14:25 7.2 22:35 8.4 0.0 0.0 6.3 22.5 06:53 N 23 10.3 13.9 14:39 6.5 08:42 8.0 0.0 0.0 4.5 25.7 22:51 NNW 24 10.3 13.8 13:17 6.7 05:46 8.0 0.0 0.0 6.5 35.4 04:15 NE 25 12.5 12.9 11:24 11.9 05:49 5.8 0.0 0.0 9.0 30.6 13:38 SE 26 11.1 13.4 13:01 7.3 20:24 7.2 0.0 16.0 8.5 35.4 23:42 E 27 8.8 11.2 18:41 6.9 02:18 9.5 0.0 30.7 8.4 37.0 12:32 NNE 28 10.1 14.6 14:22 6.9 06:41 8.2 0.0 0.0 6.4 17.7 03:48 NW 29 10.5 13.3 11:40 7.1 02:12 7.8 0.0 0.0 7.0 19.3 11:52 E 30 11.8 12.3 15:15 11.4 05:18 6.5 0.0 0.0 4.8 19.3 01:16 SE 31 11.3 11.8 16:10 10.4 13:00 7.0 0.0 2.0 7.5 30.6 23:58 SSE ---------------------------------------------------------------------------------- 10.7 18.5 8 4.2 18 233.8 0.0 119.6 7.6 67.6 17 NE Max >= 27.0: 0 Max <= 5.0: 0 Min <= 20.0: 31 Min <= 0.0: 0 Max Rain: 40.6 on day 1 Days of Rain: 12 (>= 0.2 mm) 8 (>= 2.0 mm) 2 (>= 20.0 mm) Heat Base: 18.3 Cool Base: 18.3 Method: Integration