Rapporti Climatici in stile NOAA
Selezionare un Anno o un Mese
2024: Gen Feb Mar Apr Mag Giu Lug Ago Set Ott Nov Dic
2023: Gen Feb Mar Apr Mag Giu Lug Ago Set Ott Nov Dic
2022: Gen Feb Mar Apr Mag Giu Lug Ago Set Ott Nov Dic
2021: Gen Feb Mar Apr Mag Giu Lug Ago Set Ott Nov Dic
2020: Gen Feb Mar Apr Mag Giu Lug Ago Set Ott Nov Dic
2019: Gen Feb Mar Apr Mag Giu Lug Ago Set Ott Nov Dic
2018: Gen Feb Mar Apr Mag Giu Lug Ago Set Ott Nov Dic
2017: Gen Feb Mar Apr Mag Giu Lug Ago Set Ott Nov Dic
2016: Gen Feb Mar Apr Mag Giu Lug Ago Set Ott Nov Dic
2015: Gen Feb Mar Apr Mag Giu Lug Ago Set Ott Nov Dic
2014: Gen Feb Mar Apr Mag Giu Lug Ago Set Ott Nov Dic
2013: Gen Feb Mar Apr Mag Giu Lug Ago Set Ott Nov Dic
2012: Gen Feb Mar Apr Mag Giu Lug Ago Set Ott Nov Dic
2011: Gen Feb Mar Apr Mag Giu Lug Ago Set Ott Nov Dic
2010: Gen Feb Mar Apr Mag Giu Lug Ago Set Ott Nov Dic
2009: Gen Feb Mar Apr Mag Giu Lug Ago Set Ott Nov Dic
2008: Gen Feb Mar Apr Mag Giu Lug Ago Set Ott Nov Dic
2007: Gen Feb Mar Apr Mag Giu Lug Ago Set Ott Nov Dic
2006: Gen Feb Mar Apr Mag Giu Lug Ago Set Ott Nov Dic
2024: Gen Feb Mar Apr Mag Giu Lug Ago Set Ott Nov Dic
2023: Gen Feb Mar Apr Mag Giu Lug Ago Set Ott Nov Dic
2022: Gen Feb Mar Apr Mag Giu Lug Ago Set Ott Nov Dic
2021: Gen Feb Mar Apr Mag Giu Lug Ago Set Ott Nov Dic
2020: Gen Feb Mar Apr Mag Giu Lug Ago Set Ott Nov Dic
2019: Gen Feb Mar Apr Mag Giu Lug Ago Set Ott Nov Dic
2018: Gen Feb Mar Apr Mag Giu Lug Ago Set Ott Nov Dic
2017: Gen Feb Mar Apr Mag Giu Lug Ago Set Ott Nov Dic
2016: Gen Feb Mar Apr Mag Giu Lug Ago Set Ott Nov Dic
2015: Gen Feb Mar Apr Mag Giu Lug Ago Set Ott Nov Dic
2014: Gen Feb Mar Apr Mag Giu Lug Ago Set Ott Nov Dic
2013: Gen Feb Mar Apr Mag Giu Lug Ago Set Ott Nov Dic
2012: Gen Feb Mar Apr Mag Giu Lug Ago Set Ott Nov Dic
2011: Gen Feb Mar Apr Mag Giu Lug Ago Set Ott Nov Dic
2010: Gen Feb Mar Apr Mag Giu Lug Ago Set Ott Nov Dic
2009: Gen Feb Mar Apr Mag Giu Lug Ago Set Ott Nov Dic
2008: Gen Feb Mar Apr Mag Giu Lug Ago Set Ott Nov Dic
2007: Gen Feb Mar Apr Mag Giu Lug Ago Set Ott Nov Dic
2006: Gen Feb Mar Apr Mag Giu Lug Ago Set Ott Nov Dic
Archivio 2017 Dicembre
Monthly Climatological Summary for dic 2017 Name: San Fruttuoso City: Genova State: Italy Elevation: 70 m Lat: N 44° 24' 00" Lon: E 008° 57' 60" Temperature (°C), Rain (mm), Wind Speed (km/h) Heat Cool Avg Mean Deg Deg Wind Dom Day Temp High Time Low Time Days Days Rain Speed High Time Dir ---------------------------------------------------------------------------------- 1 4.7 7.4 11:11 2.3 14:40 13.6 0.0 4.6 8.4 35.4 16:06 N 2 7.0 9.2 11:46 4.0 02:34 11.3 0.0 0.0 10.1 45.1 08:42 NNE 3 6.8 10.1 12:36 4.8 08:05 11.5 0.0 0.0 8.2 43.5 01:35 N 4 7.6 12.6 16:21 3.4 08:10 10.7 0.0 0.0 7.6 30.6 03:43 NNW 5 8.5 14.0 13:53 4.7 05:03 9.7 0.0 0.0 9.3 22.5 15:28 NNW 6 11.2 13.3 13:14 7.8 01:02 7.1 0.0 0.0 7.3 25.7 12:00 S 7 12.9 14.2 20:28 10.9 01:49 5.4 0.0 0.0 12.4 45.1 19:18 SSE 8 12.7 14.3 12:06 9.7 19:48 5.6 0.0 0.0 10.8 48.3 23:13 SE 9 7.1 10.1 00:00 2.6 23:17 11.2 0.0 0.2 11.8 57.9 01:35 NNW 10 5.9 10.1 08:29 2.2 17:38 12.4 0.0 19.3 10.8 43.5 04:19 E 11 11.8 15.5 18:24 4.7 00:02 6.5 0.0 78.3 18.9 74.0 13:43 SE 12 12.9 14.1 00:00 11.4 23:50 5.4 0.0 0.0 11.9 48.3 00:50 SSE 13 11.0 13.7 13:42 8.1 08:04 7.3 0.0 0.0 9.4 41.8 22:22 SE 14 12.5 13.7 14:45 11.0 01:27 5.8 0.0 0.0 14.9 53.1 01:11 SE 15 12.0 13.8 06:46 8.6 23:58 6.2 0.0 0.0 14.1 59.5 05:37 SSW 16 7.3 9.2 06:05 4.7 17:36 11.0 0.0 0.0 7.1 32.2 07:33 N 17 8.7 11.8 14:53 6.8 23:07 9.6 0.0 0.0 6.5 33.8 04:46 NNE 18 6.1 9.4 12:04 3.9 07:58 12.2 0.0 1.2 6.2 30.6 02:59 N 19 5.5 9.1 14:56 3.4 22:10 12.8 0.0 0.0 8.9 29.0 01:30 N 20 5.8 8.2 15:04 3.6 00:00 12.5 0.0 0.0 8.2 41.8 11:58 N 21 6.6 11.2 16:08 3.6 02:02 11.7 0.0 0.0 7.5 22.5 03:50 NNW 22 8.7 12.6 14:05 4.8 05:29 9.6 0.0 0.0 7.2 24.1 14:54 NNW 23 8.7 13.4 12:48 5.3 07:20 9.6 0.0 0.0 6.8 20.9 04:16 NNW 24 10.0 12.7 11:43 6.6 01:37 8.3 0.0 0.0 9.4 29.0 14:56 ENE 25 12.2 12.9 15:55 10.9 12:09 6.1 0.0 7.4 10.1 30.6 16:30 SE 26 11.2 12.6 09:26 10.0 17:57 7.1 0.0 16.5 4.3 32.2 11:03 SE 27 8.4 11.1 04:19 5.7 17:37 9.9 0.0 43.4 5.8 37.0 09:03 E 28 9.0 11.2 15:36 6.9 00:00 9.3 0.0 0.0 11.5 66.0 06:06 NNW 29 8.1 10.4 14:07 5.7 08:12 10.2 0.0 0.0 6.3 51.5 05:19 NNW 30 8.5 11.8 12:39 5.8 05:31 9.8 0.0 0.0 6.4 25.7 06:02 N 31 11.3 13.4 23:13 7.6 00:13 7.0 0.0 1.3 7.2 35.4 11:14 SE ---------------------------------------------------------------------------------- 9.1 15.5 11 2.2 10 286.4 0.0 172.2 9.2 74.0 11 ENE Max >= 27.0: 0 Max <= 5.0: 0 Min <= 20.0: 31 Min <= 0.0: 0 Max Rain: 78.3 on day 11 Days of Rain: 9 (>= 0.2 mm) 6 (>= 2.0 mm) 2 (>= 20.0 mm) Heat Base: 18.3 Cool Base: 18.3 Method: Integration