Rapporti Climatici in stile NOAA
Selezionare un Anno o un Mese
2024: Gen Feb Mar Apr Mag Giu Lug Ago Set Ott Nov Dic
2023: Gen Feb Mar Apr Mag Giu Lug Ago Set Ott Nov Dic
2022: Gen Feb Mar Apr Mag Giu Lug Ago Set Ott Nov Dic
2021: Gen Feb Mar Apr Mag Giu Lug Ago Set Ott Nov Dic
2020: Gen Feb Mar Apr Mag Giu Lug Ago Set Ott Nov Dic
2019: Gen Feb Mar Apr Mag Giu Lug Ago Set Ott Nov Dic
2018: Gen Feb Mar Apr Mag Giu Lug Ago Set Ott Nov Dic
2017: Gen Feb Mar Apr Mag Giu Lug Ago Set Ott Nov Dic
2016: Gen Feb Mar Apr Mag Giu Lug Ago Set Ott Nov Dic
2015: Gen Feb Mar Apr Mag Giu Lug Ago Set Ott Nov Dic
2014: Gen Feb Mar Apr Mag Giu Lug Ago Set Ott Nov Dic
2013: Gen Feb Mar Apr Mag Giu Lug Ago Set Ott Nov Dic
2012: Gen Feb Mar Apr Mag Giu Lug Ago Set Ott Nov Dic
2011: Gen Feb Mar Apr Mag Giu Lug Ago Set Ott Nov Dic
2010: Gen Feb Mar Apr Mag Giu Lug Ago Set Ott Nov Dic
2009: Gen Feb Mar Apr Mag Giu Lug Ago Set Ott Nov Dic
2008: Gen Feb Mar Apr Mag Giu Lug Ago Set Ott Nov Dic
2007: Gen Feb Mar Apr Mag Giu Lug Ago Set Ott Nov Dic
2006: Gen Feb Mar Apr Mag Giu Lug Ago Set Ott Nov Dic
2024: Gen Feb Mar Apr Mag Giu Lug Ago Set Ott Nov Dic
2023: Gen Feb Mar Apr Mag Giu Lug Ago Set Ott Nov Dic
2022: Gen Feb Mar Apr Mag Giu Lug Ago Set Ott Nov Dic
2021: Gen Feb Mar Apr Mag Giu Lug Ago Set Ott Nov Dic
2020: Gen Feb Mar Apr Mag Giu Lug Ago Set Ott Nov Dic
2019: Gen Feb Mar Apr Mag Giu Lug Ago Set Ott Nov Dic
2018: Gen Feb Mar Apr Mag Giu Lug Ago Set Ott Nov Dic
2017: Gen Feb Mar Apr Mag Giu Lug Ago Set Ott Nov Dic
2016: Gen Feb Mar Apr Mag Giu Lug Ago Set Ott Nov Dic
2015: Gen Feb Mar Apr Mag Giu Lug Ago Set Ott Nov Dic
2014: Gen Feb Mar Apr Mag Giu Lug Ago Set Ott Nov Dic
2013: Gen Feb Mar Apr Mag Giu Lug Ago Set Ott Nov Dic
2012: Gen Feb Mar Apr Mag Giu Lug Ago Set Ott Nov Dic
2011: Gen Feb Mar Apr Mag Giu Lug Ago Set Ott Nov Dic
2010: Gen Feb Mar Apr Mag Giu Lug Ago Set Ott Nov Dic
2009: Gen Feb Mar Apr Mag Giu Lug Ago Set Ott Nov Dic
2008: Gen Feb Mar Apr Mag Giu Lug Ago Set Ott Nov Dic
2007: Gen Feb Mar Apr Mag Giu Lug Ago Set Ott Nov Dic
2006: Gen Feb Mar Apr Mag Giu Lug Ago Set Ott Nov Dic
Archivio 2017 Novembre
Monthly Climatological Summary for nov 2017 Name: San Fruttuoso City: Genova State: Italy Elevation: 70 m Lat: N 44° 24' 00" Lon: E 008° 57' 60" Temperature (°C), Rain (mm), Wind Speed (km/h) Heat Cool Avg Mean Deg Deg Wind Dom Day Temp High Time Low Time Days Days Rain Speed High Time Dir ---------------------------------------------------------------------------------- 1 14.7 18.3 14:22 12.1 07:40 3.6 0.0 0.0 7.4 24.1 03:59 NNW 2 15.6 18.1 20:08 11.3 01:35 2.7 0.0 0.3 10.0 35.4 17:35 SSE 3 16.9 19.4 14:16 14.7 07:20 1.5 0.1 0.0 5.8 27.4 13:17 E 4 15.3 17.7 23:51 14.1 15:08 2.9 0.0 11.9 4.4 38.6 23:56 NNE 5 14.0 17.8 03:15 10.3 21:55 4.3 0.0 49.5 9.8 70.8 06:38 NE 6 10.7 11.9 18:16 9.7 05:54 7.6 0.0 6.6 10.1 51.5 02:20 NNE 7 11.9 13.0 15:19 10.9 00:00 6.4 0.0 1.1 4.4 38.6 06:38 N 8 11.3 12.3 16:05 10.3 23:42 7.0 0.0 4.8 5.0 20.9 02:16 N 9 11.2 12.9 16:09 10.2 00:28 7.1 0.0 5.8 4.2 32.2 23:00 NNE 10 12.4 15.7 14:18 9.6 23:55 5.9 0.0 0.0 7.4 30.6 06:00 N 11 11.8 15.7 14:34 8.2 06:17 6.5 0.0 0.0 6.8 19.3 01:48 NNW 12 14.1 15.4 18:57 10.8 22:48 4.2 0.0 5.1 7.7 40.2 22:28 ESE 13 11.2 12.9 14:20 8.7 22:57 7.1 0.0 0.0 10.1 72.4 07:12 NNW 14 11.8 14.3 14:44 8.4 06:20 6.5 0.0 0.0 5.3 40.2 13:15 NNE 15 11.6 13.6 16:00 8.3 05:45 6.7 0.0 0.0 9.4 51.5 15:49 NNW 16 13.2 16.4 14:17 10.9 05:03 5.1 0.0 0.0 8.0 40.2 11:17 N 17 13.2 17.7 14:20 10.7 04:36 5.1 0.0 0.0 7.3 30.6 03:17 NNE 18 12.4 17.4 14:37 8.8 23:42 5.9 0.0 0.0 7.5 33.8 00:29 N 19 12.0 16.2 12:54 8.4 01:48 6.3 0.0 0.0 7.4 20.9 09:37 NW 20 11.3 15.6 13:36 7.1 06:49 7.0 0.0 0.0 8.0 29.0 12:22 N 21 13.8 16.7 12:36 10.9 00:29 4.5 0.0 0.0 4.1 24.1 13:50 ESE 22 14.6 15.3 11:45 12.4 01:10 3.7 0.0 0.0 5.1 29.0 13:43 SE 23 14.5 16.7 15:40 12.8 03:51 3.8 0.0 0.3 4.1 22.5 05:12 SSE 24 13.9 15.3 20:18 11.7 02:16 4.4 0.0 1.0 5.9 25.7 08:55 ESE 25 13.7 16.2 13:59 10.5 23:05 4.6 0.0 24.4 6.7 51.5 15:32 ESE 26 10.6 13.4 15:12 6.9 22:16 7.7 0.0 0.2 9.3 61.2 09:39 NNW 27 7.9 12.5 15:37 5.7 22:55 10.4 0.0 0.0 6.5 35.4 12:31 NNW 28 10.1 11.9 19:36 5.7 00:00 8.1 0.0 2.3 5.9 32.2 14:10 ESE 29 6.4 9.7 00:02 4.8 07:58 11.9 0.0 0.0 9.0 37.0 09:10 N 30 7.7 11.9 14:47 4.4 22:59 10.6 0.0 0.0 8.6 38.6 01:40 NNW ---------------------------------------------------------------------------------- 12.3 19.4 3 4.4 30 179.1 0.1 113.3 7.0 72.4 13 NNE Max >= 27.0: 0 Max <= 5.0: 0 Min <= 20.0: 30 Min <= 0.0: 0 Max Rain: 49.5 on day 5 Days of Rain: 13 (>= 0.2 mm) 8 (>= 2.0 mm) 2 (>= 20.0 mm) Heat Base: 18.3 Cool Base: 18.3 Method: Integration