Rapporti Climatici in stile NOAA
Selezionare un Anno o un Mese
2024: Gen Feb Mar Apr Mag Giu Lug Ago Set Ott Nov Dic
2023: Gen Feb Mar Apr Mag Giu Lug Ago Set Ott Nov Dic
2022: Gen Feb Mar Apr Mag Giu Lug Ago Set Ott Nov Dic
2021: Gen Feb Mar Apr Mag Giu Lug Ago Set Ott Nov Dic
2020: Gen Feb Mar Apr Mag Giu Lug Ago Set Ott Nov Dic
2019: Gen Feb Mar Apr Mag Giu Lug Ago Set Ott Nov Dic
2018: Gen Feb Mar Apr Mag Giu Lug Ago Set Ott Nov Dic
2017: Gen Feb Mar Apr Mag Giu Lug Ago Set Ott Nov Dic
2016: Gen Feb Mar Apr Mag Giu Lug Ago Set Ott Nov Dic
2015: Gen Feb Mar Apr Mag Giu Lug Ago Set Ott Nov Dic
2014: Gen Feb Mar Apr Mag Giu Lug Ago Set Ott Nov Dic
2013: Gen Feb Mar Apr Mag Giu Lug Ago Set Ott Nov Dic
2012: Gen Feb Mar Apr Mag Giu Lug Ago Set Ott Nov Dic
2011: Gen Feb Mar Apr Mag Giu Lug Ago Set Ott Nov Dic
2010: Gen Feb Mar Apr Mag Giu Lug Ago Set Ott Nov Dic
2009: Gen Feb Mar Apr Mag Giu Lug Ago Set Ott Nov Dic
2008: Gen Feb Mar Apr Mag Giu Lug Ago Set Ott Nov Dic
2007: Gen Feb Mar Apr Mag Giu Lug Ago Set Ott Nov Dic
2006: Gen Feb Mar Apr Mag Giu Lug Ago Set Ott Nov Dic
2024: Gen Feb Mar Apr Mag Giu Lug Ago Set Ott Nov Dic
2023: Gen Feb Mar Apr Mag Giu Lug Ago Set Ott Nov Dic
2022: Gen Feb Mar Apr Mag Giu Lug Ago Set Ott Nov Dic
2021: Gen Feb Mar Apr Mag Giu Lug Ago Set Ott Nov Dic
2020: Gen Feb Mar Apr Mag Giu Lug Ago Set Ott Nov Dic
2019: Gen Feb Mar Apr Mag Giu Lug Ago Set Ott Nov Dic
2018: Gen Feb Mar Apr Mag Giu Lug Ago Set Ott Nov Dic
2017: Gen Feb Mar Apr Mag Giu Lug Ago Set Ott Nov Dic
2016: Gen Feb Mar Apr Mag Giu Lug Ago Set Ott Nov Dic
2015: Gen Feb Mar Apr Mag Giu Lug Ago Set Ott Nov Dic
2014: Gen Feb Mar Apr Mag Giu Lug Ago Set Ott Nov Dic
2013: Gen Feb Mar Apr Mag Giu Lug Ago Set Ott Nov Dic
2012: Gen Feb Mar Apr Mag Giu Lug Ago Set Ott Nov Dic
2011: Gen Feb Mar Apr Mag Giu Lug Ago Set Ott Nov Dic
2010: Gen Feb Mar Apr Mag Giu Lug Ago Set Ott Nov Dic
2009: Gen Feb Mar Apr Mag Giu Lug Ago Set Ott Nov Dic
2008: Gen Feb Mar Apr Mag Giu Lug Ago Set Ott Nov Dic
2007: Gen Feb Mar Apr Mag Giu Lug Ago Set Ott Nov Dic
2006: Gen Feb Mar Apr Mag Giu Lug Ago Set Ott Nov Dic
Archivio 2017 Ottobre
Monthly Climatological Summary for ott 2017 Name: San Fruttuoso City: Genova State: Italy Elevation: 70 m Lat: N 44° 24' 00" Lon: E 008° 57' 60" Temperature (°C), Rain (mm), Wind Speed (km/h) Heat Cool Avg Mean Deg Deg Wind Dom Day Temp High Time Low Time Days Days Rain Speed High Time Dir ---------------------------------------------------------------------------------- 1 18.3 19.4 15:35 17.5 06:05 0.1 0.2 0.5 3.5 24.1 20:44 N 2 18.9 22.7 12:54 16.1 06:53 0.5 1.2 0.0 4.3 24.1 04:11 NE 3 18.0 19.4 15:25 16.3 02:45 0.6 0.3 1.8 5.9 30.6 09:59 N 4 19.7 22.6 12:42 16.9 00:00 0.3 1.6 0.0 4.9 19.3 12:48 NW 5 19.3 21.6 14:29 17.8 00:50 0.1 1.1 0.0 8.4 30.6 14:12 SE 6 19.9 22.9 17:59 17.2 23:55 0.1 1.7 0.0 6.0 43.5 20:17 WNW 7 17.5 20.9 12:09 14.8 21:46 1.4 0.6 0.0 6.3 35.4 00:03 NNE 8 18.4 20.8 14:46 15.1 23:50 0.6 0.7 0.0 8.1 30.6 11:03 SE 9 17.0 20.4 10:15 13.7 04:44 1.9 0.5 0.0 7.7 24.1 13:42 NW 10 17.3 20.9 10:39 14.2 06:37 1.7 0.6 0.0 7.4 24.1 13:30 NW 11 17.1 20.7 14:12 13.4 05:00 1.7 0.4 0.0 6.6 19.3 13:20 NW 12 18.3 21.3 12:35 15.7 23:55 0.8 0.8 1.3 6.3 24.1 12:36 WNW 13 18.1 21.7 15:50 15.2 23:59 1.1 0.9 0.0 7.8 22.5 12:26 NW 14 16.9 20.9 14:40 13.5 06:38 2.0 0.6 0.0 7.6 16.1 01:03 NW 15 16.3 20.5 15:15 12.1 07:08 2.5 0.5 0.0 6.9 16.1 03:48 NW 16 16.1 20.6 14:43 12.0 06:54 2.6 0.4 0.0 6.7 17.7 04:07 NW 17 16.1 20.6 13:24 12.1 06:26 2.6 0.4 0.0 5.5 16.1 07:03 NW 18 16.0 20.2 11:50 12.0 05:22 2.8 0.4 0.0 9.0 24.1 13:30 NNW 19 16.3 20.6 13:53 12.7 06:24 2.4 0.5 0.0 7.7 19.3 15:01 NNW 20 17.6 21.1 11:09 14.3 02:50 1.3 0.7 0.0 7.3 25.7 07:12 NW 21 19.0 20.1 14:25 16.4 00:00 0.2 1.0 2.0 9.3 38.6 21:06 SE 22 18.7 20.8 16:11 15.8 23:58 0.3 0.7 0.0 6.3 41.8 19:03 NNE 23 18.1 22.4 15:08 14.9 00:26 1.1 0.9 0.0 7.1 29.0 07:00 NNW 24 18.2 22.4 12:23 14.1 23:50 1.1 1.0 0.0 7.9 30.6 08:09 NNW 25 16.1 20.7 13:12 12.6 07:05 2.6 0.4 0.0 5.7 20.9 14:14 NNW 26 16.2 19.9 11:15 12.5 06:53 2.4 0.3 0.0 5.6 17.7 11:22 NNW 27 17.7 20.3 23:43 15.3 00:27 1.0 0.3 0.0 3.2 25.7 12:17 SE 28 16.7 20.2 10:47 13.0 23:23 1.9 0.3 0.0 6.2 27.4 06:17 N 29 15.2 18.4 12:05 12.3 04:34 3.1 0.0 0.0 7.3 20.9 13:34 NNW 30 15.8 20.3 14:16 11.1 06:00 2.8 0.3 0.0 6.7 29.0 15:59 N 31 15.5 19.6 13:58 12.6 06:51 2.9 0.1 0.0 7.5 30.6 15:38 N ---------------------------------------------------------------------------------- 17.4 22.9 6 11.1 30 46.5 19.4 5.6 6.7 43.5 6 NNW Max >= 27.0: 0 Max <= 5.0: 0 Min <= 20.0: 31 Min <= 0.0: 0 Max Rain: 2.0 on day 21 Days of Rain: 4 (>= 0.2 mm) 1 (>= 2.0 mm) 0 (>= 20.0 mm) Heat Base: 18.3 Cool Base: 18.3 Method: Integration