Rapporti Climatici in stile NOAA
Selezionare un Anno o un Mese
2024: Gen Feb Mar Apr Mag Giu Lug Ago Set Ott Nov Dic
2023: Gen Feb Mar Apr Mag Giu Lug Ago Set Ott Nov Dic
2022: Gen Feb Mar Apr Mag Giu Lug Ago Set Ott Nov Dic
2021: Gen Feb Mar Apr Mag Giu Lug Ago Set Ott Nov Dic
2020: Gen Feb Mar Apr Mag Giu Lug Ago Set Ott Nov Dic
2019: Gen Feb Mar Apr Mag Giu Lug Ago Set Ott Nov Dic
2018: Gen Feb Mar Apr Mag Giu Lug Ago Set Ott Nov Dic
2017: Gen Feb Mar Apr Mag Giu Lug Ago Set Ott Nov Dic
2016: Gen Feb Mar Apr Mag Giu Lug Ago Set Ott Nov Dic
2015: Gen Feb Mar Apr Mag Giu Lug Ago Set Ott Nov Dic
2014: Gen Feb Mar Apr Mag Giu Lug Ago Set Ott Nov Dic
2013: Gen Feb Mar Apr Mag Giu Lug Ago Set Ott Nov Dic
2012: Gen Feb Mar Apr Mag Giu Lug Ago Set Ott Nov Dic
2011: Gen Feb Mar Apr Mag Giu Lug Ago Set Ott Nov Dic
2010: Gen Feb Mar Apr Mag Giu Lug Ago Set Ott Nov Dic
2009: Gen Feb Mar Apr Mag Giu Lug Ago Set Ott Nov Dic
2008: Gen Feb Mar Apr Mag Giu Lug Ago Set Ott Nov Dic
2007: Gen Feb Mar Apr Mag Giu Lug Ago Set Ott Nov Dic
2006: Gen Feb Mar Apr Mag Giu Lug Ago Set Ott Nov Dic
2024: Gen Feb Mar Apr Mag Giu Lug Ago Set Ott Nov Dic
2023: Gen Feb Mar Apr Mag Giu Lug Ago Set Ott Nov Dic
2022: Gen Feb Mar Apr Mag Giu Lug Ago Set Ott Nov Dic
2021: Gen Feb Mar Apr Mag Giu Lug Ago Set Ott Nov Dic
2020: Gen Feb Mar Apr Mag Giu Lug Ago Set Ott Nov Dic
2019: Gen Feb Mar Apr Mag Giu Lug Ago Set Ott Nov Dic
2018: Gen Feb Mar Apr Mag Giu Lug Ago Set Ott Nov Dic
2017: Gen Feb Mar Apr Mag Giu Lug Ago Set Ott Nov Dic
2016: Gen Feb Mar Apr Mag Giu Lug Ago Set Ott Nov Dic
2015: Gen Feb Mar Apr Mag Giu Lug Ago Set Ott Nov Dic
2014: Gen Feb Mar Apr Mag Giu Lug Ago Set Ott Nov Dic
2013: Gen Feb Mar Apr Mag Giu Lug Ago Set Ott Nov Dic
2012: Gen Feb Mar Apr Mag Giu Lug Ago Set Ott Nov Dic
2011: Gen Feb Mar Apr Mag Giu Lug Ago Set Ott Nov Dic
2010: Gen Feb Mar Apr Mag Giu Lug Ago Set Ott Nov Dic
2009: Gen Feb Mar Apr Mag Giu Lug Ago Set Ott Nov Dic
2008: Gen Feb Mar Apr Mag Giu Lug Ago Set Ott Nov Dic
2007: Gen Feb Mar Apr Mag Giu Lug Ago Set Ott Nov Dic
2006: Gen Feb Mar Apr Mag Giu Lug Ago Set Ott Nov Dic
Archivio 2017 Settembre
Monthly Climatological Summary for set 2017 Name: San Fruttuoso City: Genova State: Italy Elevation: 70 m Lat: N 44° 24' 00" Lon: E 008° 57' 60" Temperature (°C), Rain (mm), Wind Speed (km/h) Heat Cool Avg Mean Deg Deg Wind Dom Day Temp High Time Low Time Days Days Rain Speed High Time Dir ---------------------------------------------------------------------------------- 1 24.3 26.4 14:31 22.8 21:22 0.0 6.0 1.3 12.0 38.6 17:11 SE 2 21.0 23.6 15:49 18.2 23:55 0.0 2.7 0.2 8.2 49.9 13:12 NNW 3 21.6 25.7 12:06 18.2 00:00 0.0 3.3 0.0 8.2 32.2 11:45 W 4 21.1 23.9 15:05 18.7 00:45 0.0 2.8 0.0 7.2 24.1 13:49 WSW 5 20.8 23.7 12:04 17.4 05:33 0.1 2.6 0.0 8.1 30.6 12:17 WSW 6 21.5 24.6 14:12 18.6 04:37 0.0 3.2 0.0 8.1 37.0 12:49 ESE 7 21.7 24.6 11:01 18.9 06:36 0.0 3.4 0.0 7.1 25.7 11:09 WSW 8 21.6 25.3 12:48 18.8 06:41 0.0 3.3 0.0 7.2 30.6 06:33 N 9 20.4 22.4 13:05 18.1 18:38 0.0 2.1 50.8 14.3 48.3 20:01 SE 10 19.7 21.4 11:42 18.2 23:30 0.0 1.4 0.3 7.5 48.3 00:13 NNE 11 20.4 25.2 13:08 17.7 04:35 0.1 2.2 0.0 8.8 38.6 03:44 NW 12 20.5 23.9 15:16 16.8 03:23 0.3 2.5 0.0 7.8 30.6 15:49 WNW 13 20.3 23.6 14:03 16.9 04:58 0.3 2.3 0.0 10.8 45.1 15:49 SE 14 21.1 22.8 10:57 19.1 01:52 0.0 2.8 0.2 9.3 41.8 16:52 SE 15 18.6 20.4 09:06 15.1 22:00 0.6 0.8 12.5 5.1 37.0 09:57 E 16 17.7 20.6 15:04 15.2 03:20 1.1 0.5 1.5 6.7 32.2 13:25 SE 17 19.4 21.7 14:17 16.9 06:58 0.1 1.3 0.0 7.9 41.8 15:49 SE 18 17.3 19.6 09:46 13.9 21:49 1.2 0.2 8.6 3.2 24.1 08:15 N 19 17.4 22.6 16:55 13.9 07:10 1.8 0.9 0.0 6.3 37.0 15:19 NW 20 18.8 22.5 15:24 14.3 00:00 0.8 1.3 0.0 6.4 30.6 14:21 N 21 16.8 20.6 13:38 12.8 05:35 2.0 0.5 0.0 9.0 24.1 12:15 NW 22 17.7 20.9 13:50 14.7 03:50 1.3 0.7 0.0 8.4 29.0 14:56 NNW 23 18.4 21.3 15:06 15.4 01:11 0.9 1.0 0.0 7.3 24.1 14:20 N 24 18.6 21.6 13:40 16.2 06:02 0.6 1.0 0.0 6.7 25.7 10:42 NW 25 19.2 22.7 13:12 15.7 05:19 0.6 1.5 0.0 4.9 19.3 07:45 NNW 26 20.0 23.6 13:15 16.6 06:53 0.2 1.9 0.0 4.7 27.4 03:42 NNE 27 20.7 24.8 13:23 17.3 07:09 0.1 2.4 0.0 5.0 20.9 02:45 N 28 21.0 25.4 13:03 18.2 22:56 0.0 2.7 0.0 7.6 27.4 07:31 N 29 20.6 23.5 16:50 17.5 06:42 0.1 2.4 0.0 5.2 29.0 05:02 N 30 19.6 21.8 14:13 17.2 06:20 0.1 1.4 0.0 4.7 29.0 01:31 E ---------------------------------------------------------------------------------- 19.9 26.4 1 12.8 21 12.3 61.1 75.4 7.5 49.9 2 N Max >= 27.0: 0 Max <= 5.0: 0 Min <= 20.0: 29 Min <= 0.0: 0 Max Rain: 50.8 on day 9 Days of Rain: 8 (>= 0.2 mm) 3 (>= 2.0 mm) 1 (>= 20.0 mm) Heat Base: 18.3 Cool Base: 18.3 Method: Integration