Rapporti Climatici in stile NOAA
Selezionare un Anno o un Mese
2024: Gen Feb Mar Apr Mag Giu Lug Ago Set Ott Nov Dic
2023: Gen Feb Mar Apr Mag Giu Lug Ago Set Ott Nov Dic
2022: Gen Feb Mar Apr Mag Giu Lug Ago Set Ott Nov Dic
2021: Gen Feb Mar Apr Mag Giu Lug Ago Set Ott Nov Dic
2020: Gen Feb Mar Apr Mag Giu Lug Ago Set Ott Nov Dic
2019: Gen Feb Mar Apr Mag Giu Lug Ago Set Ott Nov Dic
2018: Gen Feb Mar Apr Mag Giu Lug Ago Set Ott Nov Dic
2017: Gen Feb Mar Apr Mag Giu Lug Ago Set Ott Nov Dic
2016: Gen Feb Mar Apr Mag Giu Lug Ago Set Ott Nov Dic
2015: Gen Feb Mar Apr Mag Giu Lug Ago Set Ott Nov Dic
2014: Gen Feb Mar Apr Mag Giu Lug Ago Set Ott Nov Dic
2013: Gen Feb Mar Apr Mag Giu Lug Ago Set Ott Nov Dic
2012: Gen Feb Mar Apr Mag Giu Lug Ago Set Ott Nov Dic
2011: Gen Feb Mar Apr Mag Giu Lug Ago Set Ott Nov Dic
2010: Gen Feb Mar Apr Mag Giu Lug Ago Set Ott Nov Dic
2009: Gen Feb Mar Apr Mag Giu Lug Ago Set Ott Nov Dic
2008: Gen Feb Mar Apr Mag Giu Lug Ago Set Ott Nov Dic
2007: Gen Feb Mar Apr Mag Giu Lug Ago Set Ott Nov Dic
2006: Gen Feb Mar Apr Mag Giu Lug Ago Set Ott Nov Dic
2024: Gen Feb Mar Apr Mag Giu Lug Ago Set Ott Nov Dic
2023: Gen Feb Mar Apr Mag Giu Lug Ago Set Ott Nov Dic
2022: Gen Feb Mar Apr Mag Giu Lug Ago Set Ott Nov Dic
2021: Gen Feb Mar Apr Mag Giu Lug Ago Set Ott Nov Dic
2020: Gen Feb Mar Apr Mag Giu Lug Ago Set Ott Nov Dic
2019: Gen Feb Mar Apr Mag Giu Lug Ago Set Ott Nov Dic
2018: Gen Feb Mar Apr Mag Giu Lug Ago Set Ott Nov Dic
2017: Gen Feb Mar Apr Mag Giu Lug Ago Set Ott Nov Dic
2016: Gen Feb Mar Apr Mag Giu Lug Ago Set Ott Nov Dic
2015: Gen Feb Mar Apr Mag Giu Lug Ago Set Ott Nov Dic
2014: Gen Feb Mar Apr Mag Giu Lug Ago Set Ott Nov Dic
2013: Gen Feb Mar Apr Mag Giu Lug Ago Set Ott Nov Dic
2012: Gen Feb Mar Apr Mag Giu Lug Ago Set Ott Nov Dic
2011: Gen Feb Mar Apr Mag Giu Lug Ago Set Ott Nov Dic
2010: Gen Feb Mar Apr Mag Giu Lug Ago Set Ott Nov Dic
2009: Gen Feb Mar Apr Mag Giu Lug Ago Set Ott Nov Dic
2008: Gen Feb Mar Apr Mag Giu Lug Ago Set Ott Nov Dic
2007: Gen Feb Mar Apr Mag Giu Lug Ago Set Ott Nov Dic
2006: Gen Feb Mar Apr Mag Giu Lug Ago Set Ott Nov Dic
Archivio 2017 Luglio
Monthly Climatological Summary for lug 2017 Name: San Fruttuoso City: Genova State: Italy Elevation: 70 m Lat: N 44° 24' 00" Lon: E 008° 57' 60" Temperature (°C), Rain (mm), Wind Speed (km/h) Heat Cool Avg Mean Deg Deg Wind Dom Day Temp High Time Low Time Days Days Rain Speed High Time Dir ---------------------------------------------------------------------------------- 1 21.2 23.3 14:08 19.3 23:57 0.0 2.9 0.0 9.3 48.3 11:55 SE 2 21.2 24.6 19:17 17.1 05:32 0.1 3.0 0.0 5.4 24.1 15:18 SW 3 22.5 25.8 14:08 18.5 05:22 0.0 4.2 0.0 7.0 25.7 12:09 SSE 4 22.8 26.3 11:09 18.5 04:58 0.0 4.5 0.0 6.2 19.3 10:32 WSW 5 23.3 26.4 15:24 19.6 05:27 0.0 5.0 0.0 6.2 20.9 11:16 SW 6 23.3 26.8 14:56 19.4 04:06 0.0 5.0 0.0 6.9 22.5 13:31 WSW 7 23.9 26.8 14:15 20.0 05:39 0.0 5.6 0.0 7.1 24.1 14:47 SW 8 25.0 28.6 19:00 20.3 04:49 0.0 6.7 0.0 5.7 20.9 12:14 W 9 25.7 28.6 12:23 22.5 04:58 0.0 7.4 0.0 4.5 30.6 07:26 SSW 10 24.4 25.9 13:24 23.3 05:25 0.0 6.1 0.0 10.2 35.4 15:54 SE 11 24.0 26.2 11:41 20.9 14:32 0.0 5.7 14.8 9.9 49.9 14:00 SE 12 23.7 26.4 12:24 20.8 03:47 0.0 5.4 0.0 8.0 32.2 13:14 SSE 13 25.0 28.5 14:48 20.8 04:32 0.0 6.7 0.0 6.0 24.1 11:02 SW 14 26.3 29.9 12:35 23.1 04:46 0.0 8.0 0.0 6.6 38.6 10:49 WNW 15 27.9 33.1 16:46 24.6 05:47 0.0 9.6 0.0 7.6 43.5 15:27 NNW 16 25.0 27.7 13:41 21.9 03:28 0.0 6.7 0.0 7.0 27.4 11:02 SW 17 24.1 26.6 16:49 20.7 04:30 0.0 5.8 0.0 7.8 27.4 12:16 W 18 25.5 28.1 14:10 22.3 01:52 0.0 7.2 0.0 6.0 24.1 04:19 SSW 19 23.9 26.3 15:21 20.8 05:52 0.0 5.6 0.0 7.6 27.4 11:24 S 20 23.8 26.5 15:08 20.7 04:46 0.0 5.5 0.0 9.2 35.4 13:57 SE 21 24.5 28.1 15:33 20.4 05:07 0.0 6.2 0.0 6.6 22.5 11:52 SW 22 24.5 27.2 15:56 20.8 01:34 0.0 6.2 43.7 5.6 30.6 00:59 S 23 24.8 27.3 14:01 22.7 05:19 0.0 6.5 0.0 10.7 35.4 14:36 SE 24 25.3 27.1 15:46 23.9 22:53 0.0 7.0 0.0 10.8 41.8 05:16 SE 25 25.2 29.3 12:03 20.7 23:59 0.0 6.9 0.5 8.7 38.6 14:30 WNW 26 23.4 26.7 18:07 19.1 04:08 0.0 5.1 0.0 8.3 27.4 12:57 WNW 27 23.1 25.9 16:19 18.8 04:42 0.0 4.8 0.0 8.8 33.8 16:02 SSE 28 24.0 26.9 12:32 20.4 05:50 0.0 5.7 0.0 10.2 41.8 10:22 SE 29 25.0 27.6 16:03 21.6 05:00 0.0 6.7 0.5 5.8 25.7 11:36 SW 30 24.8 26.8 13:29 21.4 05:50 0.0 6.5 0.0 6.2 25.7 15:14 WSW 31 26.7 31.2 17:31 21.4 05:16 0.0 8.4 0.0 5.9 19.3 23:27 WNW ---------------------------------------------------------------------------------- 24.3 33.1 15 17.1 2 0.1 186.6 59.5 7.5 49.9 11 SSW Max >= 27.0: 14 Max <= 5.0: 0 Min <= 20.0: 9 Min <= 0.0: 0 Max Rain: 43.7 on day 22 Days of Rain: 4 (>= 0.2 mm) 2 (>= 2.0 mm) 1 (>= 20.0 mm) Heat Base: 18.3 Cool Base: 18.3 Method: Integration