Rapporti Climatici in stile NOAA
Selezionare un Anno o un Mese
2024: Gen Feb Mar Apr Mag Giu Lug Ago Set Ott Nov Dic
2023: Gen Feb Mar Apr Mag Giu Lug Ago Set Ott Nov Dic
2022: Gen Feb Mar Apr Mag Giu Lug Ago Set Ott Nov Dic
2021: Gen Feb Mar Apr Mag Giu Lug Ago Set Ott Nov Dic
2020: Gen Feb Mar Apr Mag Giu Lug Ago Set Ott Nov Dic
2019: Gen Feb Mar Apr Mag Giu Lug Ago Set Ott Nov Dic
2018: Gen Feb Mar Apr Mag Giu Lug Ago Set Ott Nov Dic
2017: Gen Feb Mar Apr Mag Giu Lug Ago Set Ott Nov Dic
2016: Gen Feb Mar Apr Mag Giu Lug Ago Set Ott Nov Dic
2015: Gen Feb Mar Apr Mag Giu Lug Ago Set Ott Nov Dic
2014: Gen Feb Mar Apr Mag Giu Lug Ago Set Ott Nov Dic
2013: Gen Feb Mar Apr Mag Giu Lug Ago Set Ott Nov Dic
2012: Gen Feb Mar Apr Mag Giu Lug Ago Set Ott Nov Dic
2011: Gen Feb Mar Apr Mag Giu Lug Ago Set Ott Nov Dic
2010: Gen Feb Mar Apr Mag Giu Lug Ago Set Ott Nov Dic
2009: Gen Feb Mar Apr Mag Giu Lug Ago Set Ott Nov Dic
2008: Gen Feb Mar Apr Mag Giu Lug Ago Set Ott Nov Dic
2007: Gen Feb Mar Apr Mag Giu Lug Ago Set Ott Nov Dic
2006: Gen Feb Mar Apr Mag Giu Lug Ago Set Ott Nov Dic
2024: Gen Feb Mar Apr Mag Giu Lug Ago Set Ott Nov Dic
2023: Gen Feb Mar Apr Mag Giu Lug Ago Set Ott Nov Dic
2022: Gen Feb Mar Apr Mag Giu Lug Ago Set Ott Nov Dic
2021: Gen Feb Mar Apr Mag Giu Lug Ago Set Ott Nov Dic
2020: Gen Feb Mar Apr Mag Giu Lug Ago Set Ott Nov Dic
2019: Gen Feb Mar Apr Mag Giu Lug Ago Set Ott Nov Dic
2018: Gen Feb Mar Apr Mag Giu Lug Ago Set Ott Nov Dic
2017: Gen Feb Mar Apr Mag Giu Lug Ago Set Ott Nov Dic
2016: Gen Feb Mar Apr Mag Giu Lug Ago Set Ott Nov Dic
2015: Gen Feb Mar Apr Mag Giu Lug Ago Set Ott Nov Dic
2014: Gen Feb Mar Apr Mag Giu Lug Ago Set Ott Nov Dic
2013: Gen Feb Mar Apr Mag Giu Lug Ago Set Ott Nov Dic
2012: Gen Feb Mar Apr Mag Giu Lug Ago Set Ott Nov Dic
2011: Gen Feb Mar Apr Mag Giu Lug Ago Set Ott Nov Dic
2010: Gen Feb Mar Apr Mag Giu Lug Ago Set Ott Nov Dic
2009: Gen Feb Mar Apr Mag Giu Lug Ago Set Ott Nov Dic
2008: Gen Feb Mar Apr Mag Giu Lug Ago Set Ott Nov Dic
2007: Gen Feb Mar Apr Mag Giu Lug Ago Set Ott Nov Dic
2006: Gen Feb Mar Apr Mag Giu Lug Ago Set Ott Nov Dic
Archivio 2017 Maggio
Monthly Climatological Summary for mag 2017 Name: San Fruttuoso City: Genova State: Italy Elevation: 70 m Lat: N 44° 24' 00" Lon: E 008° 57' 60" Temperature (°C), Rain (mm), Wind Speed (km/h) Heat Cool Avg Mean Deg Deg Wind Dom Day Temp High Time Low Time Days Days Rain Speed High Time Dir ---------------------------------------------------------------------------------- 1 11.2 14.4 10:09 8.3 23:55 2.1 0.0 20.1 12.9 51.3 10:09 SSE 2 11.9 16.7 14:24 7.2 04:51 2.8 0.0 1.7 ---- 42.1 15:56 SE 3 12.7 17.2 14:30 11.1 05:13 6.1 0.0 19.6 7.7 51.5 10:09 E 4 13.7 15.8 12:01 11.1 03:39 4.6 0.0 1.5 7.7 32.2 12:20 ESE 5 15.2 18.1 15:24 11.0 05:06 3.1 0.0 0.0 5.5 22.5 11:47 SW 6 14.7 18.1 10:51 12.8 22:41 3.6 0.0 24.1 6.9 37.0 18:59 N 7 14.9 18.2 15:24 10.3 05:40 3.4 0.0 0.0 6.0 32.2 02:07 NW 8 15.7 20.6 15:36 11.7 04:39 2.7 0.2 0.0 7.1 20.9 14:29 WNW 9 16.7 19.7 08:48 13.9 02:50 1.8 0.1 0.0 6.5 30.6 13:09 SSE 10 16.3 19.8 16:37 12.2 05:36 2.1 0.1 0.0 7.0 24.1 11:19 SW 11 17.8 21.1 15:08 13.7 05:05 1.2 0.7 0.0 7.6 32.2 23:42 SE 12 17.3 18.3 14:35 16.7 05:11 1.0 0.0 0.5 9.8 32.2 13:19 SE 13 17.4 19.6 13:38 16.1 05:59 1.0 0.1 0.0 10.2 32.2 16:03 SE 14 17.4 19.4 13:56 15.0 23:45 1.0 0.1 0.0 6.4 24.1 08:50 SSE 15 17.3 20.3 15:05 13.2 05:12 1.5 0.5 0.0 6.5 17.7 08:42 W 16 21.8 26.1 14:28 16.7 01:46 0.2 3.7 0.0 5.9 29.0 15:06 WNW 17 22.0 26.3 15:52 16.7 05:13 0.2 3.9 0.0 7.8 20.9 06:01 NW 18 21.5 24.6 11:57 16.6 05:19 0.2 3.4 0.0 7.0 19.3 00:04 WNW 19 19.1 21.1 00:22 16.5 22:45 0.3 1.1 5.4 9.9 46.7 12:44 SE 20 17.4 19.8 16:06 14.5 05:35 1.1 0.3 0.0 6.7 25.7 09:34 SW 21 20.1 24.6 11:59 14.6 02:14 0.6 2.4 0.0 7.3 29.0 09:53 NNW 22 19.8 23.3 13:52 15.5 05:34 0.6 2.0 0.0 6.8 17.7 00:20 W 23 18.7 22.1 16:06 14.6 05:03 0.9 1.3 0.0 6.9 20.9 12:03 W 24 19.0 22.0 14:21 15.3 04:18 0.6 1.4 0.0 6.1 20.9 13:40 WSW 25 20.7 25.9 16:11 16.2 04:36 0.4 2.8 0.0 6.7 20.9 11:47 WNW 26 21.4 24.0 13:01 17.7 05:46 0.0 3.1 0.0 6.8 24.1 02:28 SW 27 22.1 25.9 17:10 17.6 05:40 0.0 3.8 0.0 6.7 20.9 12:02 W 28 23.2 27.1 14:21 18.6 05:24 0.0 4.9 0.0 6.8 19.3 11:28 WNW 29 22.5 25.6 16:39 19.3 04:25 0.0 4.2 0.0 7.6 19.3 01:13 WSW 30 20.9 23.3 14:24 17.8 04:27 0.0 2.6 0.0 9.0 30.6 11:11 S 31 20.8 24.7 13:42 16.7 04:42 0.2 2.7 0.0 9.1 30.6 10:22 SSW ---------------------------------------------------------------------------------- 18.1 27.1 28 7.2 2 43.3 45.4 72.9 7.5 51.5 3 SW Max >= 27.0: 1 Max <= 5.0: 0 Min <= 20.0: 31 Min <= 0.0: 0 Max Rain: 24.1 on day 6 Days of Rain: 7 (>= 0.2 mm) 4 (>= 2.0 mm) 2 (>= 20.0 mm) Heat Base: 18.3 Cool Base: 18.3 Method: Integration