Rapporti Climatici in stile NOAA
Selezionare un Anno o un Mese
2024: Gen Feb Mar Apr Mag Giu Lug Ago Set Ott Nov Dic
2023: Gen Feb Mar Apr Mag Giu Lug Ago Set Ott Nov Dic
2022: Gen Feb Mar Apr Mag Giu Lug Ago Set Ott Nov Dic
2021: Gen Feb Mar Apr Mag Giu Lug Ago Set Ott Nov Dic
2020: Gen Feb Mar Apr Mag Giu Lug Ago Set Ott Nov Dic
2019: Gen Feb Mar Apr Mag Giu Lug Ago Set Ott Nov Dic
2018: Gen Feb Mar Apr Mag Giu Lug Ago Set Ott Nov Dic
2017: Gen Feb Mar Apr Mag Giu Lug Ago Set Ott Nov Dic
2016: Gen Feb Mar Apr Mag Giu Lug Ago Set Ott Nov Dic
2015: Gen Feb Mar Apr Mag Giu Lug Ago Set Ott Nov Dic
2014: Gen Feb Mar Apr Mag Giu Lug Ago Set Ott Nov Dic
2013: Gen Feb Mar Apr Mag Giu Lug Ago Set Ott Nov Dic
2012: Gen Feb Mar Apr Mag Giu Lug Ago Set Ott Nov Dic
2011: Gen Feb Mar Apr Mag Giu Lug Ago Set Ott Nov Dic
2010: Gen Feb Mar Apr Mag Giu Lug Ago Set Ott Nov Dic
2009: Gen Feb Mar Apr Mag Giu Lug Ago Set Ott Nov Dic
2008: Gen Feb Mar Apr Mag Giu Lug Ago Set Ott Nov Dic
2007: Gen Feb Mar Apr Mag Giu Lug Ago Set Ott Nov Dic
2006: Gen Feb Mar Apr Mag Giu Lug Ago Set Ott Nov Dic
2024: Gen Feb Mar Apr Mag Giu Lug Ago Set Ott Nov Dic
2023: Gen Feb Mar Apr Mag Giu Lug Ago Set Ott Nov Dic
2022: Gen Feb Mar Apr Mag Giu Lug Ago Set Ott Nov Dic
2021: Gen Feb Mar Apr Mag Giu Lug Ago Set Ott Nov Dic
2020: Gen Feb Mar Apr Mag Giu Lug Ago Set Ott Nov Dic
2019: Gen Feb Mar Apr Mag Giu Lug Ago Set Ott Nov Dic
2018: Gen Feb Mar Apr Mag Giu Lug Ago Set Ott Nov Dic
2017: Gen Feb Mar Apr Mag Giu Lug Ago Set Ott Nov Dic
2016: Gen Feb Mar Apr Mag Giu Lug Ago Set Ott Nov Dic
2015: Gen Feb Mar Apr Mag Giu Lug Ago Set Ott Nov Dic
2014: Gen Feb Mar Apr Mag Giu Lug Ago Set Ott Nov Dic
2013: Gen Feb Mar Apr Mag Giu Lug Ago Set Ott Nov Dic
2012: Gen Feb Mar Apr Mag Giu Lug Ago Set Ott Nov Dic
2011: Gen Feb Mar Apr Mag Giu Lug Ago Set Ott Nov Dic
2010: Gen Feb Mar Apr Mag Giu Lug Ago Set Ott Nov Dic
2009: Gen Feb Mar Apr Mag Giu Lug Ago Set Ott Nov Dic
2008: Gen Feb Mar Apr Mag Giu Lug Ago Set Ott Nov Dic
2007: Gen Feb Mar Apr Mag Giu Lug Ago Set Ott Nov Dic
2006: Gen Feb Mar Apr Mag Giu Lug Ago Set Ott Nov Dic
Archivio 2017 Marzo
Monthly Climatological Summary for mar 2017 Name: San Fruttuoso City: Genova State: Italy Elevation: 70 m Lat: N 44° 24' 00" Lon: E 008° 57' 60" Temperature (°C), Rain (mm), Wind Speed (km/h) Heat Cool Avg Mean Deg Deg Wind Dom Day Temp High Time Low Time Days Days Rain Speed High Time Dir ---------------------------------------------------------------------------------- 1 12.9 16.5 11:31 8.6 06:13 5.4 0.0 0.0 6.7 32.2 03:53 E 2 13.8 17.6 14:05 12.4 03:00 4.5 0.0 0.0 4.3 32.2 16:00 ESE 3 13.2 15.1 15:36 12.3 00:35 5.1 0.0 3.5 4.2 29.0 11:07 SE 4 12.2 13.3 08:07 11.4 11:06 6.1 0.0 19.3 11.9 66.0 13:01 SSE 5 12.0 13.3 14:59 10.6 23:51 6.3 0.0 0.3 9.0 37.0 08:06 SSE 6 11.5 14.9 14:33 7.3 06:09 6.8 0.0 0.0 7.8 38.6 15:21 NNE 7 13.7 17.4 16:09 10.6 02:09 4.6 0.0 0.0 12.5 54.7 16:36 NNW 8 13.1 18.0 13:12 9.6 06:23 5.2 0.0 0.0 6.9 32.2 05:45 NW 9 11.6 14.9 15:37 7.8 06:53 6.7 0.0 0.0 5.7 17.7 12:34 NW 10 18.5 24.4 13:39 9.1 02:34 1.9 2.2 0.0 7.3 45.1 12:45 NNW 11 12.8 17.7 00:00 8.7 06:51 5.5 0.0 0.0 6.9 25.7 14:39 W 12 11.2 14.2 14:16 7.9 06:21 7.1 0.0 0.0 5.7 20.9 12:58 NW 13 12.7 16.7 16:45 8.5 07:17 5.6 0.0 0.0 7.8 38.6 14:47 N 14 12.9 15.8 09:59 9.4 04:46 5.4 0.0 0.0 5.3 24.1 01:22 ESE 15 12.8 15.9 13:20 9.0 06:36 5.5 0.0 0.0 4.6 19.3 02:31 NW 16 13.5 17.2 17:46 9.6 06:34 4.8 0.0 0.0 5.5 17.7 06:34 NW 17 12.1 14.6 13:03 8.3 06:40 6.2 0.0 0.0 7.9 32.2 16:58 SE 18 14.0 15.8 10:51 11.6 23:40 4.3 0.0 0.0 7.2 38.6 11:07 SE 19 13.7 14.9 11:10 11.1 01:22 4.6 0.0 0.0 2.6 17.7 14:50 S 20 14.0 15.9 15:45 11.6 23:52 4.3 0.0 0.0 3.4 19.3 14:09 S 21 13.3 16.9 16:01 10.1 06:11 5.0 0.0 0.0 5.4 19.3 15:07 NW 22 13.8 15.0 14:10 13.0 01:11 4.5 0.0 0.0 10.8 38.6 17:13 SE 23 14.2 15.2 15:54 13.3 01:24 4.1 0.0 0.5 8.8 38.6 12:36 SE 24 13.9 15.6 13:13 13.0 07:10 4.4 0.0 6.1 6.0 37.0 16:22 NNE 25 15.1 20.8 12:10 10.1 23:21 3.5 0.4 7.3 7.8 53.1 18:41 ESE 26 12.5 14.7 11:21 10.4 00:00 5.8 0.0 0.0 8.1 33.8 05:28 SSE 27 13.6 18.0 16:28 9.4 01:20 4.7 0.0 0.0 9.8 46.7 13:01 NNW 28 13.7 16.2 16:00 10.4 23:50 4.6 0.0 0.0 6.0 25.7 00:59 SW 29 13.4 17.3 16:34 9.1 04:15 4.9 0.0 0.0 5.1 16.1 11:23 WNW 30 15.5 20.9 15:59 10.9 06:32 3.2 0.4 0.0 2.8 14.5 10:08 SW 31 13.5 15.8 16:18 10.6 06:58 4.8 0.0 0.0 2.7 16.1 11:08 S ---------------------------------------------------------------------------------- 13.4 24.4 10 7.3 6 155.4 3.0 37.0 6.7 66.0 4 E Max >= 27.0: 0 Max <= 5.0: 0 Min <= 20.0: 31 Min <= 0.0: 0 Max Rain: 19.3 on day 4 Days of Rain: 6 (>= 0.2 mm) 4 (>= 2.0 mm) 0 (>= 20.0 mm) Heat Base: 18.3 Cool Base: 18.3 Method: Integration