Rapporti Climatici in stile NOAA
Selezionare un Anno o un Mese
2024: Gen Feb Mar Apr Mag Giu Lug Ago Set Ott Nov Dic
2023: Gen Feb Mar Apr Mag Giu Lug Ago Set Ott Nov Dic
2022: Gen Feb Mar Apr Mag Giu Lug Ago Set Ott Nov Dic
2021: Gen Feb Mar Apr Mag Giu Lug Ago Set Ott Nov Dic
2020: Gen Feb Mar Apr Mag Giu Lug Ago Set Ott Nov Dic
2019: Gen Feb Mar Apr Mag Giu Lug Ago Set Ott Nov Dic
2018: Gen Feb Mar Apr Mag Giu Lug Ago Set Ott Nov Dic
2017: Gen Feb Mar Apr Mag Giu Lug Ago Set Ott Nov Dic
2016: Gen Feb Mar Apr Mag Giu Lug Ago Set Ott Nov Dic
2015: Gen Feb Mar Apr Mag Giu Lug Ago Set Ott Nov Dic
2014: Gen Feb Mar Apr Mag Giu Lug Ago Set Ott Nov Dic
2013: Gen Feb Mar Apr Mag Giu Lug Ago Set Ott Nov Dic
2012: Gen Feb Mar Apr Mag Giu Lug Ago Set Ott Nov Dic
2011: Gen Feb Mar Apr Mag Giu Lug Ago Set Ott Nov Dic
2010: Gen Feb Mar Apr Mag Giu Lug Ago Set Ott Nov Dic
2009: Gen Feb Mar Apr Mag Giu Lug Ago Set Ott Nov Dic
2008: Gen Feb Mar Apr Mag Giu Lug Ago Set Ott Nov Dic
2007: Gen Feb Mar Apr Mag Giu Lug Ago Set Ott Nov Dic
2006: Gen Feb Mar Apr Mag Giu Lug Ago Set Ott Nov Dic
2024: Gen Feb Mar Apr Mag Giu Lug Ago Set Ott Nov Dic
2023: Gen Feb Mar Apr Mag Giu Lug Ago Set Ott Nov Dic
2022: Gen Feb Mar Apr Mag Giu Lug Ago Set Ott Nov Dic
2021: Gen Feb Mar Apr Mag Giu Lug Ago Set Ott Nov Dic
2020: Gen Feb Mar Apr Mag Giu Lug Ago Set Ott Nov Dic
2019: Gen Feb Mar Apr Mag Giu Lug Ago Set Ott Nov Dic
2018: Gen Feb Mar Apr Mag Giu Lug Ago Set Ott Nov Dic
2017: Gen Feb Mar Apr Mag Giu Lug Ago Set Ott Nov Dic
2016: Gen Feb Mar Apr Mag Giu Lug Ago Set Ott Nov Dic
2015: Gen Feb Mar Apr Mag Giu Lug Ago Set Ott Nov Dic
2014: Gen Feb Mar Apr Mag Giu Lug Ago Set Ott Nov Dic
2013: Gen Feb Mar Apr Mag Giu Lug Ago Set Ott Nov Dic
2012: Gen Feb Mar Apr Mag Giu Lug Ago Set Ott Nov Dic
2011: Gen Feb Mar Apr Mag Giu Lug Ago Set Ott Nov Dic
2010: Gen Feb Mar Apr Mag Giu Lug Ago Set Ott Nov Dic
2009: Gen Feb Mar Apr Mag Giu Lug Ago Set Ott Nov Dic
2008: Gen Feb Mar Apr Mag Giu Lug Ago Set Ott Nov Dic
2007: Gen Feb Mar Apr Mag Giu Lug Ago Set Ott Nov Dic
2006: Gen Feb Mar Apr Mag Giu Lug Ago Set Ott Nov Dic
Archivio 2017 Febbraio
Monthly Climatological Summary for feb 2017 Name: San Fruttuoso City: Genova State: Italy Elevation: 70 m Lat: N 44° 24' 00" Lon: E 008° 57' 60" Temperature (°C), Rain (mm), Wind Speed (km/h) Heat Cool Avg Mean Deg Deg Wind Dom Day Temp High Time Low Time Days Days Rain Speed High Time Dir ---------------------------------------------------------------------------------- 1 12.6 13.1 18:43 12.0 07:20 5.7 0.0 16.3 11.9 40.2 02:38 SE 2 13.2 13.8 13:17 12.7 04:35 5.1 0.0 0.7 7.1 33.8 05:58 SE 3 12.6 14.3 12:40 10.2 23:59 5.7 0.0 11.2 11.0 43.5 17:30 SE 4 9.9 12.1 08:27 7.3 21:59 8.4 0.0 3.8 6.0 33.8 12:08 NNE 5 7.4 11.9 05:11 4.0 19:06 10.9 0.0 39.9 9.4 57.9 18:57 NNE 6 10.2 15.3 15:56 5.2 02:30 8.1 0.0 0.0 10.0 45.1 05:15 N 7 11.5 14.3 11:10 8.1 08:05 6.8 0.0 0.0 4.4 22.5 01:28 N 8 8.7 9.9 11:49 7.3 17:54 9.6 0.0 0.0 7.4 30.6 18:42 N 9 7.4 9.3 00:00 6.3 22:29 10.9 0.0 0.0 9.8 48.3 13:46 N 10 5.4 6.4 00:01 4.5 09:49 12.9 0.0 0.5 11.6 46.7 20:49 N 11 6.8 9.4 13:58 5.1 01:05 11.5 0.0 0.0 9.7 41.8 20:14 NNE 12 7.3 8.4 22:40 6.2 07:16 11.0 0.0 4.3 9.8 45.1 01:21 NNE 13 10.3 14.2 13:26 8.3 01:27 8.0 0.0 0.0 8.5 33.8 03:57 N 14 9.2 11.5 15:24 7.4 06:19 9.1 0.0 0.0 9.1 45.1 04:30 NNE 15 10.9 15.1 11:28 7.7 23:54 6.9 0.0 0.0 5.9 27.4 00:16 NNE 16 9.9 12.7 13:27 5.7 05:57 8.2 0.0 0.0 6.7 22.5 16:26 NNW 17 12.2 14.0 14:56 8.7 23:57 5.3 0.0 0.0 5.2 27.4 11:33 SE 21 9.5 10.8 04:03 8.2 01:14 2.7 0.0 0.0 5.5 17.7 04:00 N 22 11.3 12.3 18:29 9.3 00:38 7.0 0.0 0.5 5.5 22.5 07:37 ESE 23 12.0 13.1 20:45 9.3 00:54 6.2 0.0 0.8 12.9 40.2 23:17 SE 24 13.3 14.1 15:43 11.9 22:40 5.0 0.0 0.7 10.3 38.6 00:00 ESE 25 11.9 15.3 14:53 9.6 23:05 6.4 0.0 0.0 7.5 49.9 13:51 N 26 10.9 14.0 13:05 8.3 06:42 7.3 0.0 0.0 6.7 32.2 02:55 NNE 27 11.1 13.2 11:54 8.6 05:49 7.2 0.0 1.1 9.8 40.2 23:01 SE 28 12.8 13.7 20:10 11.2 00:17 5.5 0.0 3.3 19.1 56.3 04:30 SSE ---------------------------------------------------------------------------------- 10.3 15.3 6 4.0 5 191.4 0.0 83.1 9.0 57.9 5 NE Max >= 27.0: 0 Max <= 5.0: 0 Min <= 20.0: 25 Min <= 0.0: 0 Max Rain: 39.9 on day 5 Days of Rain: 12 (>= 0.2 mm) 6 (>= 2.0 mm) 1 (>= 20.0 mm) Heat Base: 18.3 Cool Base: 18.3 Method: Integration