Rapporti Climatici in stile NOAA
Selezionare un Anno o un Mese
2024: Gen Feb Mar Apr Mag Giu Lug Ago Set Ott Nov Dic
2023: Gen Feb Mar Apr Mag Giu Lug Ago Set Ott Nov Dic
2022: Gen Feb Mar Apr Mag Giu Lug Ago Set Ott Nov Dic
2021: Gen Feb Mar Apr Mag Giu Lug Ago Set Ott Nov Dic
2020: Gen Feb Mar Apr Mag Giu Lug Ago Set Ott Nov Dic
2019: Gen Feb Mar Apr Mag Giu Lug Ago Set Ott Nov Dic
2018: Gen Feb Mar Apr Mag Giu Lug Ago Set Ott Nov Dic
2017: Gen Feb Mar Apr Mag Giu Lug Ago Set Ott Nov Dic
2016: Gen Feb Mar Apr Mag Giu Lug Ago Set Ott Nov Dic
2015: Gen Feb Mar Apr Mag Giu Lug Ago Set Ott Nov Dic
2014: Gen Feb Mar Apr Mag Giu Lug Ago Set Ott Nov Dic
2013: Gen Feb Mar Apr Mag Giu Lug Ago Set Ott Nov Dic
2012: Gen Feb Mar Apr Mag Giu Lug Ago Set Ott Nov Dic
2011: Gen Feb Mar Apr Mag Giu Lug Ago Set Ott Nov Dic
2010: Gen Feb Mar Apr Mag Giu Lug Ago Set Ott Nov Dic
2009: Gen Feb Mar Apr Mag Giu Lug Ago Set Ott Nov Dic
2008: Gen Feb Mar Apr Mag Giu Lug Ago Set Ott Nov Dic
2007: Gen Feb Mar Apr Mag Giu Lug Ago Set Ott Nov Dic
2006: Gen Feb Mar Apr Mag Giu Lug Ago Set Ott Nov Dic
2024: Gen Feb Mar Apr Mag Giu Lug Ago Set Ott Nov Dic
2023: Gen Feb Mar Apr Mag Giu Lug Ago Set Ott Nov Dic
2022: Gen Feb Mar Apr Mag Giu Lug Ago Set Ott Nov Dic
2021: Gen Feb Mar Apr Mag Giu Lug Ago Set Ott Nov Dic
2020: Gen Feb Mar Apr Mag Giu Lug Ago Set Ott Nov Dic
2019: Gen Feb Mar Apr Mag Giu Lug Ago Set Ott Nov Dic
2018: Gen Feb Mar Apr Mag Giu Lug Ago Set Ott Nov Dic
2017: Gen Feb Mar Apr Mag Giu Lug Ago Set Ott Nov Dic
2016: Gen Feb Mar Apr Mag Giu Lug Ago Set Ott Nov Dic
2015: Gen Feb Mar Apr Mag Giu Lug Ago Set Ott Nov Dic
2014: Gen Feb Mar Apr Mag Giu Lug Ago Set Ott Nov Dic
2013: Gen Feb Mar Apr Mag Giu Lug Ago Set Ott Nov Dic
2012: Gen Feb Mar Apr Mag Giu Lug Ago Set Ott Nov Dic
2011: Gen Feb Mar Apr Mag Giu Lug Ago Set Ott Nov Dic
2010: Gen Feb Mar Apr Mag Giu Lug Ago Set Ott Nov Dic
2009: Gen Feb Mar Apr Mag Giu Lug Ago Set Ott Nov Dic
2008: Gen Feb Mar Apr Mag Giu Lug Ago Set Ott Nov Dic
2007: Gen Feb Mar Apr Mag Giu Lug Ago Set Ott Nov Dic
2006: Gen Feb Mar Apr Mag Giu Lug Ago Set Ott Nov Dic
Archivio 2017 Gennaio
Monthly Climatological Summary for gen 2017 Name: San Fruttuoso City: Genova State: Italy Elevation: 70 m Lat: S 00° 00' 00" Lon: W 000° 00' 00" Temperature (°C), Rain (mm), Wind Speed (km/h) Heat Cool Avg Mean Deg Deg Wind Dom Day Temp High Time Low Time Days Days Rain Speed High Time Dir ---------------------------------------------------------------------------------- 1 9.3 13.4 22:07 5.0 05:52 9.0 0.0 0.0 8.2 27.4 22:57 N 2 13.4 14.4 17:53 12.3 06:44 4.9 0.0 0.0 10.9 40.2 15:43 SE 3 9.4 14.1 13:42 6.0 23:29 8.9 0.0 0.0 6.3 37.0 11:32 NNE 4 8.4 13.3 12:26 4.1 06:46 9.9 0.0 0.0 6.3 29.0 14:04 N 5 8.6 10.9 02:06 4.0 23:58 9.7 0.0 0.0 8.2 57.9 13:31 N 6 3.6 7.5 15:19 0.2 04:37 14.7 0.0 0.0 5.7 33.8 13:30 NNW 7 3.8 5.3 12:04 1.4 07:06 14.4 0.0 0.0 3.0 22.5 05:16 NE 8 5.3 8.9 15:16 2.4 22:13 13.0 0.0 0.0 4.3 30.6 21:28 N 9 6.0 9.4 13:32 1.9 07:54 12.3 0.0 0.0 6.5 29.0 00:45 NNW 10 3.2 7.9 01:35 0.6 17:08 15.1 0.0 0.0 9.9 49.9 17:28 N 11 3.3 6.6 22:09 1.0 06:06 15.0 0.0 0.0 6.0 32.2 07:32 N 12 9.9 12.5 23:48 6.3 00:00 8.4 0.0 0.0 6.2 40.2 18:27 SE 13 8.5 12.6 00:07 3.7 07:24 9.8 0.0 0.0 7.2 41.8 12:51 N 14 7.2 11.8 14:46 1.8 06:35 11.1 0.0 0.0 5.9 40.2 22:55 NNW 15 7.2 9.8 12:29 5.1 23:49 11.1 0.0 0.0 9.1 43.5 14:14 N 16 4.7 7.3 13:53 1.8 08:39 13.6 0.0 0.0 7.1 45.1 23:04 N 17 5.4 7.1 14:33 3.2 08:22 12.9 0.0 0.0 11.6 54.7 20:17 NNE 18 7.6 10.8 15:09 5.4 06:12 10.7 0.0 0.0 9.1 53.1 03:59 NNE 19 7.3 9.7 14:10 5.5 05:45 11.0 0.0 0.0 5.4 33.8 06:59 N 20 5.7 7.9 16:04 3.8 05:44 12.6 0.0 0.0 9.2 40.2 12:49 N 21 5.5 8.1 14:20 3.6 08:38 12.8 0.0 0.0 11.6 41.8 12:47 N 22 5.1 6.2 17:31 3.7 05:32 13.2 0.0 0.0 11.4 41.8 15:23 N 23 6.9 9.9 14:42 4.3 07:05 11.4 0.0 0.0 11.0 43.5 12:36 N 24 9.5 12.6 16:31 7.2 00:32 8.8 0.0 0.0 8.3 35.4 07:01 NNE 25 8.3 10.8 14:16 6.3 08:03 10.0 0.0 0.0 9.8 37.0 08:36 NNE 26 7.1 12.3 13:20 4.8 07:15 11.2 0.0 0.0 7.4 38.6 21:18 NNE 27 6.1 8.8 14:01 3.6 05:22 12.2 0.0 3.3 10.3 35.4 06:01 NNE 28 5.0 6.8 23:56 3.7 08:53 13.3 0.0 3.0 11.1 41.8 11:01 NNE 29 9.6 13.8 12:18 6.8 00:00 8.7 0.0 0.0 7.5 32.2 00:55 N 30 10.2 12.8 15:12 6.4 00:58 8.1 0.0 5.6 7.6 25.7 21:58 SE 31 11.2 12.8 20:14 10.2 04:30 7.1 0.0 4.1 3.8 30.6 14:41 ESE ---------------------------------------------------------------------------------- 7.2 14.4 2 0.2 6 344.9 0.0 16.0 7.9 57.9 5 NNE Max >= 27.0: 0 Max <= 5.0: 0 Min <= 20.0: 31 Min <= 0.0: 0 Max Rain: 5.6 on day 30 Days of Rain: 4 (>= 0.2 mm) 4 (>= 2.0 mm) 0 (>= 20.0 mm) Heat Base: 18.3 Cool Base: 18.3 Method: Integration