Rapporti Climatici in stile NOAA
Selezionare un Anno o un Mese
2024: Gen Feb Mar Apr Mag Giu Lug Ago Set Ott Nov Dic
2023: Gen Feb Mar Apr Mag Giu Lug Ago Set Ott Nov Dic
2022: Gen Feb Mar Apr Mag Giu Lug Ago Set Ott Nov Dic
2021: Gen Feb Mar Apr Mag Giu Lug Ago Set Ott Nov Dic
2020: Gen Feb Mar Apr Mag Giu Lug Ago Set Ott Nov Dic
2019: Gen Feb Mar Apr Mag Giu Lug Ago Set Ott Nov Dic
2018: Gen Feb Mar Apr Mag Giu Lug Ago Set Ott Nov Dic
2017: Gen Feb Mar Apr Mag Giu Lug Ago Set Ott Nov Dic
2016: Gen Feb Mar Apr Mag Giu Lug Ago Set Ott Nov Dic
2015: Gen Feb Mar Apr Mag Giu Lug Ago Set Ott Nov Dic
2014: Gen Feb Mar Apr Mag Giu Lug Ago Set Ott Nov Dic
2013: Gen Feb Mar Apr Mag Giu Lug Ago Set Ott Nov Dic
2012: Gen Feb Mar Apr Mag Giu Lug Ago Set Ott Nov Dic
2011: Gen Feb Mar Apr Mag Giu Lug Ago Set Ott Nov Dic
2010: Gen Feb Mar Apr Mag Giu Lug Ago Set Ott Nov Dic
2009: Gen Feb Mar Apr Mag Giu Lug Ago Set Ott Nov Dic
2008: Gen Feb Mar Apr Mag Giu Lug Ago Set Ott Nov Dic
2007: Gen Feb Mar Apr Mag Giu Lug Ago Set Ott Nov Dic
2006: Gen Feb Mar Apr Mag Giu Lug Ago Set Ott Nov Dic
2024: Gen Feb Mar Apr Mag Giu Lug Ago Set Ott Nov Dic
2023: Gen Feb Mar Apr Mag Giu Lug Ago Set Ott Nov Dic
2022: Gen Feb Mar Apr Mag Giu Lug Ago Set Ott Nov Dic
2021: Gen Feb Mar Apr Mag Giu Lug Ago Set Ott Nov Dic
2020: Gen Feb Mar Apr Mag Giu Lug Ago Set Ott Nov Dic
2019: Gen Feb Mar Apr Mag Giu Lug Ago Set Ott Nov Dic
2018: Gen Feb Mar Apr Mag Giu Lug Ago Set Ott Nov Dic
2017: Gen Feb Mar Apr Mag Giu Lug Ago Set Ott Nov Dic
2016: Gen Feb Mar Apr Mag Giu Lug Ago Set Ott Nov Dic
2015: Gen Feb Mar Apr Mag Giu Lug Ago Set Ott Nov Dic
2014: Gen Feb Mar Apr Mag Giu Lug Ago Set Ott Nov Dic
2013: Gen Feb Mar Apr Mag Giu Lug Ago Set Ott Nov Dic
2012: Gen Feb Mar Apr Mag Giu Lug Ago Set Ott Nov Dic
2011: Gen Feb Mar Apr Mag Giu Lug Ago Set Ott Nov Dic
2010: Gen Feb Mar Apr Mag Giu Lug Ago Set Ott Nov Dic
2009: Gen Feb Mar Apr Mag Giu Lug Ago Set Ott Nov Dic
2008: Gen Feb Mar Apr Mag Giu Lug Ago Set Ott Nov Dic
2007: Gen Feb Mar Apr Mag Giu Lug Ago Set Ott Nov Dic
2006: Gen Feb Mar Apr Mag Giu Lug Ago Set Ott Nov Dic
Archivio 2016 Dicembre
Monthly Climatological Summary for dic 2016 Name: San Fruttuoso City: Genova State: Italy Elevation: 70 m Lat: S 00° 00' 00" Lon: W 000° 00' 00" Temperature (°C), Rain (mm), Wind Speed (km/h) Heat Cool Avg Mean Deg Deg Wind Dom Day Temp High Time Low Time Days Days Rain Speed High Time Dir ---------------------------------------------------------------------------------- 1 11.2 14.7 14:38 7.7 00:04 7.1 0.0 0.0 4.4 24.1 14:58 N 2 12.9 14.8 13:58 11.2 00:49 5.4 0.0 0.0 4.7 30.6 08:00 SE 3 9.5 12.8 00:16 8.3 20:46 8.8 0.0 1.0 6.5 32.2 19:50 N 4 9.3 11.7 13:07 8.1 04:30 9.0 0.0 0.0 7.3 35.4 19:05 NNE 5 9.7 11.1 15:24 8.5 03:37 8.6 0.0 13.4 7.0 35.4 03:21 NNE 6 11.3 14.9 13:31 9.6 00:00 7.0 0.0 0.0 7.4 30.6 18:09 NNE 7 11.3 15.6 13:42 9.5 05:46 7.0 0.0 0.0 8.8 33.8 06:03 NNE 8 10.7 15.7 13:07 7.6 09:13 7.6 0.0 0.0 8.6 33.8 03:51 N 9 10.9 14.4 16:18 6.9 04:59 7.4 0.0 0.0 5.9 22.5 12:17 NNW 10 13.2 15.2 14:17 9.9 02:17 5.1 0.0 0.0 4.5 22.5 15:26 ENE 11 13.8 15.1 14:54 10.3 23:29 4.5 0.0 0.0 6.1 27.4 01:24 SE 12 11.7 16.4 14:40 8.3 03:31 6.6 0.0 0.0 4.1 17.7 09:29 NNW 13 10.5 15.9 12:37 7.3 07:14 7.8 0.0 0.0 8.8 19.3 08:30 NNW 14 11.0 14.6 14:59 7.7 00:48 7.3 0.0 0.0 6.5 25.7 12:02 NNW 15 10.3 12.0 15:13 7.9 23:37 8.0 0.0 0.0 7.7 37.0 20:26 N 16 6.3 8.3 01:30 4.8 16:49 12.0 0.0 0.0 11.3 46.7 17:32 NNE 17 7.7 11.0 13:49 5.9 05:20 10.6 0.0 0.0 7.8 41.8 03:01 NNE 18 7.5 12.3 14:18 3.7 05:11 10.8 0.0 0.0 8.5 22.5 01:51 NNW 19 4.8 9.5 05:32 2.6 11:36 13.5 0.0 7.1 11.3 48.3 13:10 N 20 5.9 7.8 23:24 3.7 00:00 12.4 0.0 18.8 12.4 45.1 23:49 NNE 21 9.8 12.3 23:08 7.3 00:03 8.5 0.0 1.3 12.7 46.7 08:49 NNE 22 12.5 16.7 11:49 8.1 23:52 5.8 0.0 0.0 6.4 32.2 03:20 N 23 10.9 17.2 14:32 6.2 07:33 7.4 0.0 0.0 6.9 35.4 20:20 N 24 10.3 15.1 15:49 6.3 07:41 8.0 0.0 0.0 6.8 22.5 01:15 NNW 25 10.4 14.5 13:00 8.1 03:52 7.9 0.0 0.0 7.2 19.3 06:57 NNW 26 11.8 15.6 13:43 8.4 05:21 6.5 0.0 0.0 5.8 22.5 13:59 N 27 14.0 20.6 15:05 8.1 07:07 4.5 0.2 0.0 5.3 24.1 19:20 NNW 28 11.5 16.2 13:43 7.3 08:24 6.8 0.0 0.0 7.0 22.5 00:56 NNW ---------------------------------------------------------------------------------- 10.4 20.6 27 2.6 19 221.9 0.2 41.6 7.4 48.3 19 N Max >= 27.0: 0 Max <= 5.0: 0 Min <= 20.0: 28 Min <= 0.0: 0 Max Rain: 18.8 on day 20 Days of Rain: 5 (>= 0.2 mm) 3 (>= 2.0 mm) 0 (>= 20.0 mm) Heat Base: 18.3 Cool Base: 18.3 Method: Integration