Rapporti Climatici in stile NOAA
Selezionare un Anno o un Mese
2024: Gen Feb Mar Apr Mag Giu Lug Ago Set Ott Nov Dic
2023: Gen Feb Mar Apr Mag Giu Lug Ago Set Ott Nov Dic
2022: Gen Feb Mar Apr Mag Giu Lug Ago Set Ott Nov Dic
2021: Gen Feb Mar Apr Mag Giu Lug Ago Set Ott Nov Dic
2020: Gen Feb Mar Apr Mag Giu Lug Ago Set Ott Nov Dic
2019: Gen Feb Mar Apr Mag Giu Lug Ago Set Ott Nov Dic
2018: Gen Feb Mar Apr Mag Giu Lug Ago Set Ott Nov Dic
2017: Gen Feb Mar Apr Mag Giu Lug Ago Set Ott Nov Dic
2016: Gen Feb Mar Apr Mag Giu Lug Ago Set Ott Nov Dic
2015: Gen Feb Mar Apr Mag Giu Lug Ago Set Ott Nov Dic
2014: Gen Feb Mar Apr Mag Giu Lug Ago Set Ott Nov Dic
2013: Gen Feb Mar Apr Mag Giu Lug Ago Set Ott Nov Dic
2012: Gen Feb Mar Apr Mag Giu Lug Ago Set Ott Nov Dic
2011: Gen Feb Mar Apr Mag Giu Lug Ago Set Ott Nov Dic
2010: Gen Feb Mar Apr Mag Giu Lug Ago Set Ott Nov Dic
2009: Gen Feb Mar Apr Mag Giu Lug Ago Set Ott Nov Dic
2008: Gen Feb Mar Apr Mag Giu Lug Ago Set Ott Nov Dic
2007: Gen Feb Mar Apr Mag Giu Lug Ago Set Ott Nov Dic
2006: Gen Feb Mar Apr Mag Giu Lug Ago Set Ott Nov Dic
2024: Gen Feb Mar Apr Mag Giu Lug Ago Set Ott Nov Dic
2023: Gen Feb Mar Apr Mag Giu Lug Ago Set Ott Nov Dic
2022: Gen Feb Mar Apr Mag Giu Lug Ago Set Ott Nov Dic
2021: Gen Feb Mar Apr Mag Giu Lug Ago Set Ott Nov Dic
2020: Gen Feb Mar Apr Mag Giu Lug Ago Set Ott Nov Dic
2019: Gen Feb Mar Apr Mag Giu Lug Ago Set Ott Nov Dic
2018: Gen Feb Mar Apr Mag Giu Lug Ago Set Ott Nov Dic
2017: Gen Feb Mar Apr Mag Giu Lug Ago Set Ott Nov Dic
2016: Gen Feb Mar Apr Mag Giu Lug Ago Set Ott Nov Dic
2015: Gen Feb Mar Apr Mag Giu Lug Ago Set Ott Nov Dic
2014: Gen Feb Mar Apr Mag Giu Lug Ago Set Ott Nov Dic
2013: Gen Feb Mar Apr Mag Giu Lug Ago Set Ott Nov Dic
2012: Gen Feb Mar Apr Mag Giu Lug Ago Set Ott Nov Dic
2011: Gen Feb Mar Apr Mag Giu Lug Ago Set Ott Nov Dic
2010: Gen Feb Mar Apr Mag Giu Lug Ago Set Ott Nov Dic
2009: Gen Feb Mar Apr Mag Giu Lug Ago Set Ott Nov Dic
2008: Gen Feb Mar Apr Mag Giu Lug Ago Set Ott Nov Dic
2007: Gen Feb Mar Apr Mag Giu Lug Ago Set Ott Nov Dic
2006: Gen Feb Mar Apr Mag Giu Lug Ago Set Ott Nov Dic
Archivio 2016 Novembre
Monthly Climatological Summary for nov 2016 Name: San Fruttuoso City: Genova State: Italy Elevation: 70 m Lat: S 00° 00' 00" Lon: W 000° 00' 00" Temperature (°C), Rain (mm), Wind Speed (km/h) Heat Cool Avg Mean Deg Deg Wind Dom Day Temp High Time Low Time Days Days Rain Speed High Time Dir ---------------------------------------------------------------------------------- 1 17.0 18.0 12:53 12.1 00:45 0.4 0.0 0.3 15.0 27.4 21:37 SE 2 18.2 19.7 14:28 16.2 23:59 0.3 0.2 0.0 13.8 33.8 02:23 SE 3 16.5 20.8 12:12 14.5 22:56 2.0 0.2 0.0 7.0 35.4 22:41 N 4 15.0 17.2 13:05 12.9 07:20 3.3 0.0 0.2 4.7 37.0 00:04 N 5 13.8 16.8 20:14 10.9 11:29 4.5 0.0 52.9 5.6 37.0 07:37 NNE 6 16.2 17.9 03:37 11.3 23:56 2.1 0.0 2.0 13.0 48.3 05:41 SSE 7 12.5 16.4 12:59 7.8 07:10 5.8 0.0 0.0 7.0 32.2 13:50 NNE 8 11.3 13.8 13:45 9.1 07:36 7.0 0.0 0.0 7.7 32.2 13:10 N 9 9.1 13.6 12:13 6.8 07:40 9.2 0.0 2.3 6.3 41.8 12:48 N 10 9.6 14.7 14:37 5.4 06:45 8.6 0.0 0.0 8.3 25.7 01:56 NNW 11 9.9 11.6 12:44 8.2 00:51 8.4 0.0 0.0 8.9 46.7 10:49 N 12 12.2 17.4 15:23 8.3 23:36 6.1 0.0 0.0 8.2 37.0 04:15 N 13 11.9 15.1 11:56 8.1 02:00 6.4 0.0 0.0 4.0 30.6 12:33 NNE 14 10.4 12.8 00:00 8.7 06:52 7.9 0.0 0.0 9.7 41.8 03:57 N 15 9.1 11.4 14:38 7.6 07:20 9.2 0.0 0.0 8.4 40.2 13:12 N 16 10.1 14.6 14:25 6.1 06:32 8.2 0.0 0.0 8.1 24.1 00:08 NNW 17 13.6 16.4 10:55 10.1 00:06 4.7 0.0 0.0 4.6 32.2 16:01 ESE 18 13.1 15.3 19:23 10.0 07:01 5.2 0.0 0.0 5.5 29.0 01:50 NNE 19 15.5 16.3 10:46 13.6 01:32 2.8 0.0 1.0 8.5 35.4 21:39 SE 20 13.4 16.6 12:45 11.1 18:25 4.7 0.0 5.1 9.3 30.6 18:56 NNE 21 15.7 17.3 17:47 12.4 00:00 2.6 0.0 9.4 13.0 45.1 07:34 ESE 22 17.2 18.1 21:43 15.8 09:40 1.1 0.0 9.6 8.1 41.8 03:21 ESE 23 17.7 20.1 14:29 15.2 21:59 0.8 0.2 0.0 3.1 24.1 00:18 E 24 17.6 19.2 04:46 15.4 17:27 0.9 0.2 33.1 7.0 53.1 12:13 E 25 14.6 18.3 00:38 11.5 23:25 3.7 0.0 32.0 4.9 45.1 05:11 ESE 26 12.6 15.9 11:44 10.3 07:43 5.7 0.0 0.0 5.1 14.5 03:31 NNW 27 12.4 15.8 15:34 10.6 02:03 5.9 0.0 0.0 5.6 14.5 00:20 NNW 28 11.4 13.7 12:01 10.2 03:56 6.9 0.0 0.0 6.4 38.6 16:41 N 29 7.6 10.8 00:01 5.4 22:43 10.7 0.0 0.0 9.0 46.7 12:30 N 30 7.4 11.8 13:43 4.4 08:56 10.9 0.0 0.0 7.6 35.4 02:03 N ---------------------------------------------------------------------------------- 13.1 20.8 3 4.4 30 156.0 0.8 147.9 7.6 53.1 24 NE Max >= 27.0: 0 Max <= 5.0: 0 Min <= 20.0: 30 Min <= 0.0: 0 Max Rain: 52.9 on day 5 Days of Rain: 11 (>= 0.2 mm) 8 (>= 2.0 mm) 3 (>= 20.0 mm) Heat Base: 18.3 Cool Base: 18.3 Method: Integration