Rapporti Climatici in stile NOAA
Selezionare un Anno o un Mese
2024: Gen Feb Mar Apr Mag Giu Lug Ago Set Ott Nov Dic
2023: Gen Feb Mar Apr Mag Giu Lug Ago Set Ott Nov Dic
2022: Gen Feb Mar Apr Mag Giu Lug Ago Set Ott Nov Dic
2021: Gen Feb Mar Apr Mag Giu Lug Ago Set Ott Nov Dic
2020: Gen Feb Mar Apr Mag Giu Lug Ago Set Ott Nov Dic
2019: Gen Feb Mar Apr Mag Giu Lug Ago Set Ott Nov Dic
2018: Gen Feb Mar Apr Mag Giu Lug Ago Set Ott Nov Dic
2017: Gen Feb Mar Apr Mag Giu Lug Ago Set Ott Nov Dic
2016: Gen Feb Mar Apr Mag Giu Lug Ago Set Ott Nov Dic
2015: Gen Feb Mar Apr Mag Giu Lug Ago Set Ott Nov Dic
2014: Gen Feb Mar Apr Mag Giu Lug Ago Set Ott Nov Dic
2013: Gen Feb Mar Apr Mag Giu Lug Ago Set Ott Nov Dic
2012: Gen Feb Mar Apr Mag Giu Lug Ago Set Ott Nov Dic
2011: Gen Feb Mar Apr Mag Giu Lug Ago Set Ott Nov Dic
2010: Gen Feb Mar Apr Mag Giu Lug Ago Set Ott Nov Dic
2009: Gen Feb Mar Apr Mag Giu Lug Ago Set Ott Nov Dic
2008: Gen Feb Mar Apr Mag Giu Lug Ago Set Ott Nov Dic
2007: Gen Feb Mar Apr Mag Giu Lug Ago Set Ott Nov Dic
2006: Gen Feb Mar Apr Mag Giu Lug Ago Set Ott Nov Dic
2024: Gen Feb Mar Apr Mag Giu Lug Ago Set Ott Nov Dic
2023: Gen Feb Mar Apr Mag Giu Lug Ago Set Ott Nov Dic
2022: Gen Feb Mar Apr Mag Giu Lug Ago Set Ott Nov Dic
2021: Gen Feb Mar Apr Mag Giu Lug Ago Set Ott Nov Dic
2020: Gen Feb Mar Apr Mag Giu Lug Ago Set Ott Nov Dic
2019: Gen Feb Mar Apr Mag Giu Lug Ago Set Ott Nov Dic
2018: Gen Feb Mar Apr Mag Giu Lug Ago Set Ott Nov Dic
2017: Gen Feb Mar Apr Mag Giu Lug Ago Set Ott Nov Dic
2016: Gen Feb Mar Apr Mag Giu Lug Ago Set Ott Nov Dic
2015: Gen Feb Mar Apr Mag Giu Lug Ago Set Ott Nov Dic
2014: Gen Feb Mar Apr Mag Giu Lug Ago Set Ott Nov Dic
2013: Gen Feb Mar Apr Mag Giu Lug Ago Set Ott Nov Dic
2012: Gen Feb Mar Apr Mag Giu Lug Ago Set Ott Nov Dic
2011: Gen Feb Mar Apr Mag Giu Lug Ago Set Ott Nov Dic
2010: Gen Feb Mar Apr Mag Giu Lug Ago Set Ott Nov Dic
2009: Gen Feb Mar Apr Mag Giu Lug Ago Set Ott Nov Dic
2008: Gen Feb Mar Apr Mag Giu Lug Ago Set Ott Nov Dic
2007: Gen Feb Mar Apr Mag Giu Lug Ago Set Ott Nov Dic
2006: Gen Feb Mar Apr Mag Giu Lug Ago Set Ott Nov Dic
Archivio 2016 Ottobre
Monthly Climatological Summary for ott 2016 Name: San Fruttuoso City: Genova State: Italy Elevation: 70 m Lat: N 44° 24' 34" Lon: E 008° 57' 38" Temperature (°C), Rain (mm), Wind Speed (km/h) Heat Cool Avg Mean Deg Deg Wind Dom Day Temp High Time Low Time Days Days Rain Speed High Time Dir ---------------------------------------------------------------------------------- 1 20.4 22.8 09:55 17.8 22:58 0.0 2.2 14.5 6.5 40.2 14:01 SE 2 20.2 22.9 15:36 17.3 02:41 0.1 2.0 0.3 3.2 22.5 17:12 SSE 3 21.3 25.6 15:56 18.2 03:02 0.0 3.0 0.0 6.9 38.6 14:36 NNW 4 19.5 23.3 15:15 15.3 06:04 0.6 1.8 0.0 7.9 35.4 12:52 NNW 5 18.5 22.2 10:10 13.9 06:14 1.1 1.3 0.5 7.4 30.6 14:01 NNE 6 15.4 17.9 13:13 12.9 05:38 2.9 0.0 0.0 8.5 40.2 07:37 N 7 15.9 20.9 14:20 12.5 06:01 2.8 0.4 0.0 7.8 37.0 05:50 NNW 8 17.1 20.9 14:42 13.4 01:08 1.7 0.5 0.0 7.8 29.0 13:06 NNW 9 15.8 19.7 15:03 12.9 06:21 2.7 0.2 0.0 6.7 40.2 22:43 N 10 13.9 17.3 14:21 11.3 06:05 4.4 0.0 0.0 10.5 48.3 02:59 NNW 11 13.3 16.6 15:50 11.3 23:31 5.0 0.0 0.0 5.3 32.2 16:18 NNW 12 13.8 18.3 13:34 8.9 06:39 4.5 0.0 0.0 5.8 24.1 01:00 N 13 12.1 14.4 00:00 10.4 20:42 6.2 0.0 3.8 7.5 41.8 22:21 N 14 10.5 13.3 23:59 8.9 13:09 7.8 0.0 40.4 14.5 82.1 12:37 N 15 16.4 20.6 14:01 13.3 06:43 6.4 0.2 1.8 6.9 38.7 00:18 N 16 16.1 20.1 15:31 12.3 06:58 2.5 0.4 0.0 8.9 17.7 05:23 NW 17 17.0 19.8 13:19 14.7 01:19 1.5 0.2 0.0 3.4 14.5 02:11 NNW 18 17.3 20.6 13:14 14.3 03:15 1.5 0.5 0.0 4.6 19.3 13:45 NNW 19 17.6 20.9 11:21 15.1 05:06 1.1 0.4 0.7 4.3 25.7 14:30 SE 20 16.0 18.4 12:26 14.2 23:19 2.3 0.0 0.5 2.8 22.5 15:07 NNE 21 14.9 20.3 15:51 12.0 23:10 3.5 0.2 0.0 7.2 32.2 06:22 NNW 22 13.9 17.8 15:32 11.9 00:50 4.3 0.0 13.2 4.7 20.9 09:20 NNW 23 12.8 13.9 01:39 11.9 14:07 5.5 0.0 13.0 7.1 43.5 20:43 N 24 13.9 16.7 23:52 12.4 00:00 4.4 0.0 6.1 10.7 48.3 03:04 NNE 25 17.8 21.2 18:56 15.0 05:15 1.2 0.7 3.0 7.0 32.2 04:43 NNE 26 17.8 21.2 12:07 15.6 18:26 0.9 0.5 0.0 6.6 43.5 19:42 N 27 18.2 21.8 14:10 16.1 00:18 0.8 0.7 0.0 8.9 38.6 00:19 NNW 28 16.3 19.3 14:37 13.3 06:23 2.1 0.1 0.0 8.3 48.3 15:16 N 29 16.5 20.4 14:55 13.8 06:50 2.2 0.4 0.0 5.1 37.0 03:10 NE ---------------------------------------------------------------------------------- 16.2 25.6 3 8.9 12 80.0 15.7 97.8 6.9 82.1 14 N Max >= 27.0: 0 Max <= 5.0: 0 Min <= 20.0: 29 Min <= 0.0: 0 Max Rain: 40.4 on day 14 Days of Rain: 12 (>= 0.2 mm) 7 (>= 2.0 mm) 1 (>= 20.0 mm) Heat Base: 18.3 Cool Base: 18.3 Method: Integration