Rapporti Climatici in stile NOAA
Selezionare un Anno o un Mese
2024: Gen Feb Mar Apr Mag Giu Lug Ago Set Ott Nov Dic
2023: Gen Feb Mar Apr Mag Giu Lug Ago Set Ott Nov Dic
2022: Gen Feb Mar Apr Mag Giu Lug Ago Set Ott Nov Dic
2021: Gen Feb Mar Apr Mag Giu Lug Ago Set Ott Nov Dic
2020: Gen Feb Mar Apr Mag Giu Lug Ago Set Ott Nov Dic
2019: Gen Feb Mar Apr Mag Giu Lug Ago Set Ott Nov Dic
2018: Gen Feb Mar Apr Mag Giu Lug Ago Set Ott Nov Dic
2017: Gen Feb Mar Apr Mag Giu Lug Ago Set Ott Nov Dic
2016: Gen Feb Mar Apr Mag Giu Lug Ago Set Ott Nov Dic
2015: Gen Feb Mar Apr Mag Giu Lug Ago Set Ott Nov Dic
2014: Gen Feb Mar Apr Mag Giu Lug Ago Set Ott Nov Dic
2013: Gen Feb Mar Apr Mag Giu Lug Ago Set Ott Nov Dic
2012: Gen Feb Mar Apr Mag Giu Lug Ago Set Ott Nov Dic
2011: Gen Feb Mar Apr Mag Giu Lug Ago Set Ott Nov Dic
2010: Gen Feb Mar Apr Mag Giu Lug Ago Set Ott Nov Dic
2009: Gen Feb Mar Apr Mag Giu Lug Ago Set Ott Nov Dic
2008: Gen Feb Mar Apr Mag Giu Lug Ago Set Ott Nov Dic
2007: Gen Feb Mar Apr Mag Giu Lug Ago Set Ott Nov Dic
2006: Gen Feb Mar Apr Mag Giu Lug Ago Set Ott Nov Dic
2024: Gen Feb Mar Apr Mag Giu Lug Ago Set Ott Nov Dic
2023: Gen Feb Mar Apr Mag Giu Lug Ago Set Ott Nov Dic
2022: Gen Feb Mar Apr Mag Giu Lug Ago Set Ott Nov Dic
2021: Gen Feb Mar Apr Mag Giu Lug Ago Set Ott Nov Dic
2020: Gen Feb Mar Apr Mag Giu Lug Ago Set Ott Nov Dic
2019: Gen Feb Mar Apr Mag Giu Lug Ago Set Ott Nov Dic
2018: Gen Feb Mar Apr Mag Giu Lug Ago Set Ott Nov Dic
2017: Gen Feb Mar Apr Mag Giu Lug Ago Set Ott Nov Dic
2016: Gen Feb Mar Apr Mag Giu Lug Ago Set Ott Nov Dic
2015: Gen Feb Mar Apr Mag Giu Lug Ago Set Ott Nov Dic
2014: Gen Feb Mar Apr Mag Giu Lug Ago Set Ott Nov Dic
2013: Gen Feb Mar Apr Mag Giu Lug Ago Set Ott Nov Dic
2012: Gen Feb Mar Apr Mag Giu Lug Ago Set Ott Nov Dic
2011: Gen Feb Mar Apr Mag Giu Lug Ago Set Ott Nov Dic
2010: Gen Feb Mar Apr Mag Giu Lug Ago Set Ott Nov Dic
2009: Gen Feb Mar Apr Mag Giu Lug Ago Set Ott Nov Dic
2008: Gen Feb Mar Apr Mag Giu Lug Ago Set Ott Nov Dic
2007: Gen Feb Mar Apr Mag Giu Lug Ago Set Ott Nov Dic
2006: Gen Feb Mar Apr Mag Giu Lug Ago Set Ott Nov Dic
Archivio 2016 Settembre
Monthly Climatological Summary for set 2016 Name: San Fruttuoso City: Genova State: Italy Elevation: 70 m Lat: N 44° 24' 34" Lon: E 008° 57' 38" Temperature (°C), Rain (mm), Wind Speed (km/h) Heat Cool Avg Mean Deg Deg Wind Dom Day Temp High Time Low Time Days Days Rain Speed High Time Dir ---------------------------------------------------------------------------------- 1 24.3 28.1 09:17 20.5 05:07 0.0 6.0 0.0 5.6 20.9 11:19 NW 2 23.9 27.3 14:11 20.3 05:40 0.0 5.6 0.0 5.9 20.9 11:23 WNW 3 23.6 27.1 15:09 19.9 05:40 0.0 5.3 0.0 5.4 17.7 11:02 WNW 4 23.5 26.2 12:12 20.3 05:44 0.0 5.2 0.0 5.6 22.5 12:53 WSW 5 25.2 28.7 21:32 21.4 06:06 0.0 6.9 0.0 4.2 30.6 21:28 WSW 6 25.2 29.9 12:30 21.9 04:20 0.0 6.9 0.0 6.2 27.4 11:24 WNW 7 24.3 28.8 16:33 19.6 06:40 0.0 6.0 0.0 8.4 45.1 11:20 NNW 8 25.7 31.2 15:37 22.2 05:02 0.0 7.4 0.0 4.3 25.7 11:14 N 9 27.2 32.7 15:56 22.4 03:36 0.0 8.9 0.0 6.2 33.8 13:26 NNW 10 25.6 31.7 11:44 21.3 23:42 0.0 7.3 4.6 7.8 37.0 14:57 NNW 11 24.1 30.4 12:07 20.8 22:41 0.0 5.8 33.0 8.2 35.4 14:21 NNW 12 26.6 30.4 15:01 21.5 00:31 0.0 8.3 0.0 5.4 30.6 14:36 N 13 25.4 28.9 16:20 21.5 23:52 0.0 7.1 0.0 6.2 24.1 04:18 N 14 23.1 25.9 12:35 19.8 05:47 0.0 4.8 0.0 5.4 22.5 11:24 NW 15 22.3 25.2 15:52 18.3 08:21 0.0 4.0 101.6 4.9 41.8 08:46 SE 16 22.1 24.9 12:45 19.6 06:04 0.0 3.8 1.0 3.5 30.6 18:50 NW 17 20.5 24.6 13:45 17.0 06:41 0.2 2.4 5.6 11.8 35.4 12:41 ESE 18 18.7 22.8 11:56 15.9 23:52 0.6 1.0 1.0 8.0 30.6 13:35 N 19 20.2 25.5 15:06 15.3 03:23 0.9 2.8 0.0 6.9 29.0 11:03 NW 20 20.5 24.2 15:44 16.8 03:58 0.3 2.5 0.0 7.9 30.6 12:42 NNW 21 20.2 23.7 14:20 17.3 03:45 0.2 2.0 0.0 8.1 43.5 10:46 NNW 22 20.6 25.0 16:20 17.8 05:31 0.1 2.4 0.0 5.8 32.2 07:05 N 23 20.5 23.9 12:44 17.7 03:57 0.1 2.2 0.0 5.5 27.4 12:28 NW 24 21.0 24.8 15:08 17.2 03:21 0.1 2.7 0.0 5.0 20.9 06:22 NNW 25 20.9 25.4 12:43 17.6 23:40 0.0 2.7 0.0 6.3 27.4 13:48 NW 26 20.6 24.2 14:13 16.4 03:27 0.3 2.7 0.0 6.1 25.7 13:43 NW 27 21.7 24.7 11:48 19.3 00:44 0.0 3.4 0.0 2.7 24.1 12:37 E 28 21.2 25.2 11:34 17.8 23:56 0.0 2.9 0.0 6.7 25.7 06:47 NNW 29 20.2 23.9 14:43 15.8 05:14 0.6 2.5 0.0 8.5 29.0 16:14 NE 30 21.6 23.2 14:06 20.9 06:09 0.0 3.4 0.0 9.2 30.6 13:16 SSE ---------------------------------------------------------------------------------- 22.7 32.7 9 15.3 19 3.4 134.9 146.8 6.4 45.1 7 NNW Max >= 27.0: 12 Max <= 5.0: 0 Min <= 20.0: 18 Min <= 0.0: 0 Max Rain: 101.6 on day 15 Days of Rain: 6 (>= 0.2 mm) 4 (>= 2.0 mm) 2 (>= 20.0 mm) Heat Base: 18.3 Cool Base: 18.3 Method: Integration