Rapporti Climatici in stile NOAA
Selezionare un Anno o un Mese
2024: Gen Feb Mar Apr Mag Giu Lug Ago Set Ott Nov Dic
2023: Gen Feb Mar Apr Mag Giu Lug Ago Set Ott Nov Dic
2022: Gen Feb Mar Apr Mag Giu Lug Ago Set Ott Nov Dic
2021: Gen Feb Mar Apr Mag Giu Lug Ago Set Ott Nov Dic
2020: Gen Feb Mar Apr Mag Giu Lug Ago Set Ott Nov Dic
2019: Gen Feb Mar Apr Mag Giu Lug Ago Set Ott Nov Dic
2018: Gen Feb Mar Apr Mag Giu Lug Ago Set Ott Nov Dic
2017: Gen Feb Mar Apr Mag Giu Lug Ago Set Ott Nov Dic
2016: Gen Feb Mar Apr Mag Giu Lug Ago Set Ott Nov Dic
2015: Gen Feb Mar Apr Mag Giu Lug Ago Set Ott Nov Dic
2014: Gen Feb Mar Apr Mag Giu Lug Ago Set Ott Nov Dic
2013: Gen Feb Mar Apr Mag Giu Lug Ago Set Ott Nov Dic
2012: Gen Feb Mar Apr Mag Giu Lug Ago Set Ott Nov Dic
2011: Gen Feb Mar Apr Mag Giu Lug Ago Set Ott Nov Dic
2010: Gen Feb Mar Apr Mag Giu Lug Ago Set Ott Nov Dic
2009: Gen Feb Mar Apr Mag Giu Lug Ago Set Ott Nov Dic
2008: Gen Feb Mar Apr Mag Giu Lug Ago Set Ott Nov Dic
2007: Gen Feb Mar Apr Mag Giu Lug Ago Set Ott Nov Dic
2006: Gen Feb Mar Apr Mag Giu Lug Ago Set Ott Nov Dic
2024: Gen Feb Mar Apr Mag Giu Lug Ago Set Ott Nov Dic
2023: Gen Feb Mar Apr Mag Giu Lug Ago Set Ott Nov Dic
2022: Gen Feb Mar Apr Mag Giu Lug Ago Set Ott Nov Dic
2021: Gen Feb Mar Apr Mag Giu Lug Ago Set Ott Nov Dic
2020: Gen Feb Mar Apr Mag Giu Lug Ago Set Ott Nov Dic
2019: Gen Feb Mar Apr Mag Giu Lug Ago Set Ott Nov Dic
2018: Gen Feb Mar Apr Mag Giu Lug Ago Set Ott Nov Dic
2017: Gen Feb Mar Apr Mag Giu Lug Ago Set Ott Nov Dic
2016: Gen Feb Mar Apr Mag Giu Lug Ago Set Ott Nov Dic
2015: Gen Feb Mar Apr Mag Giu Lug Ago Set Ott Nov Dic
2014: Gen Feb Mar Apr Mag Giu Lug Ago Set Ott Nov Dic
2013: Gen Feb Mar Apr Mag Giu Lug Ago Set Ott Nov Dic
2012: Gen Feb Mar Apr Mag Giu Lug Ago Set Ott Nov Dic
2011: Gen Feb Mar Apr Mag Giu Lug Ago Set Ott Nov Dic
2010: Gen Feb Mar Apr Mag Giu Lug Ago Set Ott Nov Dic
2009: Gen Feb Mar Apr Mag Giu Lug Ago Set Ott Nov Dic
2008: Gen Feb Mar Apr Mag Giu Lug Ago Set Ott Nov Dic
2007: Gen Feb Mar Apr Mag Giu Lug Ago Set Ott Nov Dic
2006: Gen Feb Mar Apr Mag Giu Lug Ago Set Ott Nov Dic
Archivio 2016 Agosto
Monthly Climatological Summary for ago 2016 Name: San Fruttuoso City: Genova State: Italy Elevation: 70 m Lat: N 44° 24' 34" Lon: E 008° 57' 38" Temperature (°C), Rain (mm), Wind Speed (km/h) Heat Cool Avg Mean Deg Deg Wind Dom Day Temp High Time Low Time Days Days Rain Speed High Time Dir ---------------------------------------------------------------------------------- 1 25.3 28.1 09:19 22.3 03:52 0.0 7.0 0.0 4.8 22.5 04:20 SW 2 25.3 28.2 14:11 22.2 03:45 0.0 7.0 0.0 5.1 22.5 12:17 W 3 25.4 28.1 16:04 22.2 05:07 0.0 7.1 0.0 5.8 25.7 15:01 WSW 4 24.8 27.1 13:48 21.8 04:40 0.0 6.5 0.0 7.8 30.6 21:23 S 5 24.8 27.8 16:27 20.8 11:58 0.0 6.5 2.0 8.8 40.2 11:06 ESE 6 25.7 31.1 15:44 21.9 06:19 0.0 7.4 0.0 8.7 38.6 12:42 NNW 7 26.9 32.4 16:31 21.8 03:57 0.0 8.6 0.0 5.5 40.2 12:01 NNW 8 26.6 31.5 12:50 22.4 03:36 0.0 8.3 0.0 6.9 29.0 15:44 NNW 9 24.1 26.4 15:01 21.2 05:59 0.0 5.8 0.0 5.6 24.1 11:40 W 10 23.3 27.2 13:07 18.8 06:45 0.0 5.0 18.6 7.6 43.5 10:00 NNW 11 23.3 27.0 13:29 19.9 05:30 0.0 5.0 0.0 6.4 33.8 10:41 NNW 12 22.0 25.4 16:05 17.9 06:07 0.0 3.7 0.0 6.8 22.5 10:12 W 13 23.0 25.8 17:54 19.2 06:09 0.0 4.7 0.0 5.8 22.5 10:09 W 14 24.2 26.7 11:01 20.9 06:16 0.0 5.9 0.0 4.8 22.5 11:41 SSW 15 23.5 27.2 12:34 19.4 05:21 0.0 5.2 0.0 6.8 17.7 11:04 WNW 16 23.2 26.1 14:19 20.1 05:23 0.0 4.9 0.0 7.5 27.4 14:41 SE 17 24.3 26.8 13:53 22.2 06:06 0.0 6.0 0.0 6.2 33.8 13:27 SE 18 24.1 26.3 12:40 22.3 04:57 0.0 5.8 0.0 5.4 29.0 11:24 SE 19 24.8 26.9 11:07 23.1 23:56 0.0 6.5 0.0 5.3 33.8 10:43 SE 20 23.8 26.5 13:40 21.2 06:01 0.0 5.5 0.5 4.3 22.5 10:27 W 21 24.0 26.8 12:55 21.3 02:13 0.0 5.7 0.0 6.2 27.4 13:10 SSW 22 25.9 30.6 16:43 21.8 06:16 0.0 7.6 0.0 8.3 40.2 15:28 NNW 23 24.2 26.9 15:54 19.9 04:41 0.0 5.9 0.0 6.7 24.1 10:28 W 24 28.1 33.3 17:26 22.9 05:59 0.0 9.8 0.0 6.7 35.4 15:09 N 25 27.7 32.1 15:48 23.5 06:11 0.0 9.4 0.0 5.9 32.2 11:35 NNE 26 26.0 29.2 09:37 22.3 06:10 0.0 7.7 0.0 4.8 29.0 04:31 SE 27 25.9 28.8 14:18 23.0 23:59 0.0 7.6 0.0 5.2 25.7 03:43 SSW 28 23.7 26.7 15:28 20.3 05:35 0.0 5.4 0.0 6.7 20.9 11:40 WSW 29 23.7 26.2 11:57 20.8 04:51 0.0 5.4 0.0 6.5 30.6 13:36 SE 30 24.2 27.2 16:14 23.0 08:38 0.0 5.9 1.5 6.7 35.4 12:57 N 31 25.6 30.4 17:46 22.5 06:28 0.0 7.3 1.0 5.4 30.6 12:08 N ---------------------------------------------------------------------------------- 24.8 33.3 24 17.9 12 0.0 200.1 23.6 6.3 43.5 10 W Max >= 27.0: 18 Max <= 5.0: 0 Min <= 20.0: 6 Min <= 0.0: 0 Max Rain: 18.6 on day 10 Days of Rain: 5 (>= 0.2 mm) 2 (>= 2.0 mm) 0 (>= 20.0 mm) Heat Base: 18.3 Cool Base: 18.3 Method: Integration