Rapporti Climatici in stile NOAA
Selezionare un Anno o un Mese
2024: Gen Feb Mar Apr Mag Giu Lug Ago Set Ott Nov Dic
2023: Gen Feb Mar Apr Mag Giu Lug Ago Set Ott Nov Dic
2022: Gen Feb Mar Apr Mag Giu Lug Ago Set Ott Nov Dic
2021: Gen Feb Mar Apr Mag Giu Lug Ago Set Ott Nov Dic
2020: Gen Feb Mar Apr Mag Giu Lug Ago Set Ott Nov Dic
2019: Gen Feb Mar Apr Mag Giu Lug Ago Set Ott Nov Dic
2018: Gen Feb Mar Apr Mag Giu Lug Ago Set Ott Nov Dic
2017: Gen Feb Mar Apr Mag Giu Lug Ago Set Ott Nov Dic
2016: Gen Feb Mar Apr Mag Giu Lug Ago Set Ott Nov Dic
2015: Gen Feb Mar Apr Mag Giu Lug Ago Set Ott Nov Dic
2014: Gen Feb Mar Apr Mag Giu Lug Ago Set Ott Nov Dic
2013: Gen Feb Mar Apr Mag Giu Lug Ago Set Ott Nov Dic
2012: Gen Feb Mar Apr Mag Giu Lug Ago Set Ott Nov Dic
2011: Gen Feb Mar Apr Mag Giu Lug Ago Set Ott Nov Dic
2010: Gen Feb Mar Apr Mag Giu Lug Ago Set Ott Nov Dic
2009: Gen Feb Mar Apr Mag Giu Lug Ago Set Ott Nov Dic
2008: Gen Feb Mar Apr Mag Giu Lug Ago Set Ott Nov Dic
2007: Gen Feb Mar Apr Mag Giu Lug Ago Set Ott Nov Dic
2006: Gen Feb Mar Apr Mag Giu Lug Ago Set Ott Nov Dic
2024: Gen Feb Mar Apr Mag Giu Lug Ago Set Ott Nov Dic
2023: Gen Feb Mar Apr Mag Giu Lug Ago Set Ott Nov Dic
2022: Gen Feb Mar Apr Mag Giu Lug Ago Set Ott Nov Dic
2021: Gen Feb Mar Apr Mag Giu Lug Ago Set Ott Nov Dic
2020: Gen Feb Mar Apr Mag Giu Lug Ago Set Ott Nov Dic
2019: Gen Feb Mar Apr Mag Giu Lug Ago Set Ott Nov Dic
2018: Gen Feb Mar Apr Mag Giu Lug Ago Set Ott Nov Dic
2017: Gen Feb Mar Apr Mag Giu Lug Ago Set Ott Nov Dic
2016: Gen Feb Mar Apr Mag Giu Lug Ago Set Ott Nov Dic
2015: Gen Feb Mar Apr Mag Giu Lug Ago Set Ott Nov Dic
2014: Gen Feb Mar Apr Mag Giu Lug Ago Set Ott Nov Dic
2013: Gen Feb Mar Apr Mag Giu Lug Ago Set Ott Nov Dic
2012: Gen Feb Mar Apr Mag Giu Lug Ago Set Ott Nov Dic
2011: Gen Feb Mar Apr Mag Giu Lug Ago Set Ott Nov Dic
2010: Gen Feb Mar Apr Mag Giu Lug Ago Set Ott Nov Dic
2009: Gen Feb Mar Apr Mag Giu Lug Ago Set Ott Nov Dic
2008: Gen Feb Mar Apr Mag Giu Lug Ago Set Ott Nov Dic
2007: Gen Feb Mar Apr Mag Giu Lug Ago Set Ott Nov Dic
2006: Gen Feb Mar Apr Mag Giu Lug Ago Set Ott Nov Dic
Archivio 2016 Giugnio
Monthly Climatological Summary for giu 2016 Name: San Fruttuoso City: Genova State: Italy Elevation: 70 m Lat: N 44° 24' 34" Lon: E 008° 57' 38" Temperature (°C), Rain (mm), Wind Speed (km/h) Heat Cool Avg Mean Deg Deg Wind Dom Day Temp High Time Low Time Days Days Rain Speed High Time Dir ---------------------------------------------------------------------------------- 1 17.1 19.1 16:13 14.9 23:57 1.2 0.0 1.5 5.5 27.4 09:33 N 2 16.7 19.4 14:22 13.4 04:37 1.7 0.1 0.5 6.5 24.1 12:03 N 3 18.0 20.1 13:25 15.6 05:26 0.7 0.4 2.0 6.7 29.0 15:54 N 4 17.1 17.7 00:00 16.6 13:30 1.2 0.0 13.2 3.0 24.1 07:10 N 5 18.2 20.7 14:32 16.1 03:42 0.7 0.6 0.0 4.2 22.5 10:32 N 6 18.8 21.5 18:25 15.8 04:53 0.7 1.2 0.0 5.5 22.5 13:26 N 7 20.0 23.2 18:31 16.3 04:54 0.4 2.1 0.0 4.7 17.7 11:41 N 8 19.9 21.7 11:01 17.9 04:22 0.0 1.6 0.0 5.7 22.5 15:59 N 9 19.7 23.7 09:04 16.9 19:47 0.2 1.6 27.5 4.2 24.1 13:03 N 10 20.7 24.0 10:39 17.1 03:58 0.2 2.6 0.0 5.8 27.4 05:22 N 11 20.4 22.9 15:24 18.0 05:34 0.0 2.1 0.0 8.4 32.2 12:20 N 12 20.7 22.9 12:05 17.7 07:34 0.0 2.4 1.7 5.4 25.7 12:26 N 13 19.9 22.2 13:45 16.8 05:00 0.2 1.8 0.0 7.6 27.4 11:10 N 14 20.4 22.6 11:19 18.6 05:14 0.0 2.1 0.0 7.6 35.4 20:54 N 15 19.8 22.1 09:30 17.6 05:48 0.0 1.5 0.0 7.8 40.2 11:41 N 16 21.4 23.8 12:06 18.7 23:16 0.0 3.1 1.3 12.1 41.8 21:35 N 17 19.3 21.1 16:11 18.4 02:45 0.0 1.0 0.0 12.1 43.5 09:19 N 18 18.9 21.1 13:34 15.3 05:16 0.4 1.1 0.0 7.3 30.6 11:05 N 19 18.3 21.8 09:41 15.9 04:43 0.8 0.8 14.2 4.7 25.7 13:15 N 20 21.7 25.3 10:13 17.3 00:03 0.0 3.5 0.0 5.8 25.7 03:58 N 21 21.5 24.2 10:22 17.9 04:18 0.0 3.2 0.0 5.8 19.3 12:48 N 22 23.4 26.9 08:55 19.2 03:02 0.0 5.1 0.0 4.4 17.7 07:40 N 23 27.4 32.4 13:10 22.5 00:00 0.0 9.1 0.0 4.5 25.7 12:53 N 24 26.8 30.2 16:37 23.5 03:03 0.0 8.5 0.0 5.1 24.1 05:48 N 25 23.3 24.8 15:43 21.8 05:36 0.0 5.0 0.0 5.0 25.7 12:00 N 26 22.6 24.7 15:12 19.8 04:54 0.0 4.3 0.0 8.2 37.0 11:14 N 27 22.6 24.8 14:44 20.1 23:59 0.0 4.3 0.0 5.5 27.4 10:08 N 28 22.0 24.8 18:15 17.9 05:33 0.0 3.7 0.0 5.6 22.5 10:58 N 29 22.6 26.1 16:50 18.9 04:43 0.0 4.3 0.0 5.9 20.9 13:34 N 30 22.3 24.4 12:16 19.5 05:36 0.0 4.0 0.0 6.4 25.7 11:52 N ---------------------------------------------------------------------------------- 20.7 32.4 23 13.4 2 8.4 81.1 61.9 6.2 43.5 17 N Max >= 27.0: 2 Max <= 5.0: 0 Min <= 20.0: 26 Min <= 0.0: 0 Max Rain: 27.5 on day 9 Days of Rain: 8 (>= 0.2 mm) 4 (>= 2.0 mm) 1 (>= 20.0 mm) Heat Base: 18.3 Cool Base: 18.3 Method: Integration